2a03:2880:f800:: - - [12/Mar/2026:00:03:45 +0000] "GET /shop/item/rhigolene171273914634 HTTP/1.1" 200 53807 kaminibeauty.com "-" "meta-externalagent/1.1 (+https://developers.facebook.com/docs/sharing/webmasters/crawler)" "-"
74.7.242.0 - - [12/Mar/2026:00:03:46 +0000] "GET /shop/item/wickedly15703950426?path=//var/tmp HTTP/1.1" 200 961630 kaminibeauty.com "https://kaminibeauty.com/shop/item/wickedly15703950426?path=//var" "Mozilla/5.0 AppleWebKit/537.36 (KHTML, like Gecko; compatible; GPTBot/1.3; +https://openai.com/gptbot)" "-"
2a03:2880:f800:: - - [12/Mar/2026:00:03:46 +0000] "GET /shop/item/xylopia133251736951 HTTP/1.1" 200 53807 kaminibeauty.com "-" "meta-externalagent/1.1 (+https://developers.facebook.com/docs/sharing/webmasters/crawler)" "-"
207.46.13.0 - - [12/Mar/2026:00:03:46 +0000] "GET /shop/item/stadtholdership121406303508 HTTP/1.1" 200 202116 kaminibeauty.com "-" "Mozilla/5.0 AppleWebKit/537.36 (KHTML, like Gecko; compatible; bingbot/2.0; +http://www.bing.com/bingbot.htm) Chrome/116.0.1938.76 Safari/537.36" "-"
2a03:2880:f800:: - - [12/Mar/2026:00:03:46 +0000] "GET /shop/item/devocalization161731482695 HTTP/1.1" 200 53807 kaminibeauty.com "-" "meta-externalagent/1.1 (+https://developers.facebook.com/docs/sharing/webmasters/crawler)" "-"
2a03:2880:f800:: - - [12/Mar/2026:00:03:47 +0000] "GET /shop/item/appareling13884564982 HTTP/1.1" 200 53807 kaminibeauty.com "-" "meta-externalagent/1.1 (+https://developers.facebook.com/docs/sharing/webmasters/crawler)" "-"
2a03:2880:f800:: - - [12/Mar/2026:00:03:47 +0000] "GET /shop/item/tinta113252519850 HTTP/1.1" 200 53807 kaminibeauty.com "-" "meta-externalagent/1.1 (+https://developers.facebook.com/docs/sharing/webmasters/crawler)" "-"
2a03:2880:f800:: - - [12/Mar/2026:00:03:48 +0000] "GET /shop/item/misgovern13924279192 HTTP/1.1" 200 53807 kaminibeauty.com "-" "meta-externalagent/1.1 (+https://developers.facebook.com/docs/sharing/webmasters/crawler)" "-"
216.73.216.0 - - [12/Mar/2026:00:03:48 +0000] "GET /?fileloc=%2Fhomepages%2F4%2Fd4297730999%2Fhtdocs%2Fwordpress%2Fwp-admin%2Fcss%2Frevisions.min.css&path=%2Fhomepages%2F4%2Fd4297730999%2Fhtdocs%2Fwordpress%2Fwp-admin%2Fcss HTTP/1.1" 200 21455 www.kaminibeauty.com "-" "Mozilla/5.0 AppleWebKit/537.36 (KHTML, like Gecko; compatible; ClaudeBot/1.0; +claudebot@anthropic.com)" "-"
2a03:2880:f800:: - - [12/Mar/2026:00:03:48 +0000] "GET /shop/item/amphibiotica124034190418 HTTP/1.1" 200 53807 kaminibeauty.com "-" "meta-externalagent/1.1 (+https://developers.facebook.com/docs/sharing/webmasters/crawler)" "-"
74.7.242.0 - - [12/Mar/2026:00:03:49 +0000] "GET /shop/item/excur152031946753?path=//srv HTTP/1.1" 200 12605 kaminibeauty.com "https://kaminibeauty.com/shop/item/excur152031946753?path=/" "Mozilla/5.0 AppleWebKit/537.36 (KHTML, like Gecko; compatible; GPTBot/1.3; +https://openai.com/gptbot)" "-"
2a03:2880:f800:: - - [12/Mar/2026:00:03:49 +0000] "GET /shop/item/masseteric16106501050 HTTP/1.1" 200 53807 kaminibeauty.com "-" "meta-externalagent/1.1 (+https://developers.facebook.com/docs/sharing/webmasters/crawler)" "-"
207.46.13.0 - - [12/Mar/2026:00:03:49 +0000] "GET /shop/item/plagium171667473098 HTTP/1.1" 200 210365 kaminibeauty.com "-" "Mozilla/5.0 AppleWebKit/537.36 (KHTML, like Gecko; compatible; bingbot/2.0; +http://www.bing.com/bingbot.htm) Chrome/116.0.1938.76 Safari/537.36" "-"
2a03:2880:f800:: - - [12/Mar/2026:00:03:49 +0000] "GET /shop/item/assapan131809804955 HTTP/1.1" 200 53807 kaminibeauty.com "-" "meta-externalagent/1.1 (+https://developers.facebook.com/docs/sharing/webmasters/crawler)" "-"
2a03:2880:f800:: - - [12/Mar/2026:00:03:50 +0000] "GET /shop/item/pistillidium141224764524 HTTP/1.1" 200 53807 kaminibeauty.com "-" "meta-externalagent/1.1 (+https://developers.facebook.com/docs/sharing/webmasters/crawler)" "-"
2a03:2880:f800:: - - [12/Mar/2026:00:03:50 +0000] "GET /shop/item/manumission13540987980 HTTP/1.1" 200 53807 kaminibeauty.com "-" "meta-externalagent/1.1 (+https://developers.facebook.com/docs/sharing/webmasters/crawler)" "-"
66.249.66.0 - - [12/Mar/2026:00:03:50 +0000] "GET /shop/item/fabulously122487972603 HTTP/1.1" 200 212624 kaminibeauty.com "-" "Mozilla/5.0 (Linux; Android 6.0.1; Nexus 5X Build/MMB29P) AppleWebKit/537.36 (KHTML, like Gecko) Chrome/145.0.7632.116 Mobile Safari/537.36 (compatible; Googlebot/2.1; +http://www.google.com/bot.html)" "-"
66.249.76.0 - - [12/Mar/2026:00:03:51 +0000] "GET /shop/item/lordless12574067570 HTTP/1.1" 200 207749 kaminibeauty.com "-" "Mozilla/5.0 (Linux; Android 6.0.1; Nexus 5X Build/MMB29P) AppleWebKit/537.36 (KHTML, like Gecko) Chrome/145.0.7632.116 Mobile Safari/537.36 (compatible; Googlebot/2.1; +http://www.google.com/bot.html)" "-"
2a03:2880:f800:: - - [12/Mar/2026:00:03:51 +0000] "GET /shop/item/perilymphangial17927612744 HTTP/1.1" 200 53807 kaminibeauty.com "-" "meta-externalagent/1.1 (+https://developers.facebook.com/docs/sharing/webmasters/crawler)" "-"
2a03:2880:f800:: - - [12/Mar/2026:00:03:51 +0000] "GET /shop/item/discriminatingly111333840744 HTTP/1.1" 200 53807 kaminibeauty.com "-" "meta-externalagent/1.1 (+https://developers.facebook.com/docs/sharing/webmasters/crawler)" "-"
216.73.216.0 - - [12/Mar/2026:00:03:51 +0000] "GET /?fileloc=%2F%2Fbin%2Fmacptopbm&path=%2F%2Fbin HTTP/1.1" 200 12191 www.kaminibeauty.com "-" "Mozilla/5.0 AppleWebKit/537.36 (KHTML, like Gecko; compatible; ClaudeBot/1.0; +claudebot@anthropic.com)" "-"
2a03:2880:f800:: - - [12/Mar/2026:00:03:52 +0000] "GET /shop/item/gafftopsail142589974307 HTTP/1.1" 200 53807 kaminibeauty.com "-" "meta-externalagent/1.1 (+https://developers.facebook.com/docs/sharing/webmasters/crawler)" "-"
66.249.66.0 - - [12/Mar/2026:00:03:52 +0000] "GET /shop/item/sereneness123755011051 HTTP/1.1" 200 203481 kaminibeauty.com "-" "Mozilla/5.0 (Linux; Android 6.0.1; Nexus 5X Build/MMB29P) AppleWebKit/537.36 (KHTML, like Gecko) Chrome/145.0.7632.116 Mobile Safari/537.36 (compatible; Googlebot/2.1; +http://www.google.com/bot.html)" "-"
207.46.13.0 - - [12/Mar/2026:00:03:52 +0000] "GET /shop/item/tripe162260295943 HTTP/1.1" 200 200473 kaminibeauty.com "-" "Mozilla/5.0 AppleWebKit/537.36 (KHTML, like Gecko; compatible; bingbot/2.0; +http://www.bing.com/bingbot.htm) Chrome/116.0.1938.76 Safari/537.36" "-"
74.7.242.0 - - [12/Mar/2026:00:03:52 +0000] "GET /shop/item/excur152031946753?path=//sys HTTP/1.1" 200 12605 kaminibeauty.com "https://kaminibeauty.com/shop/item/excur152031946753?path=/" "Mozilla/5.0 AppleWebKit/537.36 (KHTML, like Gecko; compatible; GPTBot/1.3; +https://openai.com/gptbot)" "-"
2a03:2880:f800:: - - [12/Mar/2026:00:03:52 +0000] "GET /shop/item/laserwort171279064829 HTTP/1.1" 200 53807 kaminibeauty.com "-" "meta-externalagent/1.1 (+https://developers.facebook.com/docs/sharing/webmasters/crawler)" "-"
2a03:2880:f800:: - - [12/Mar/2026:00:03:53 +0000] "GET /shop/item/teazling12846193635 HTTP/1.1" 200 53807 kaminibeauty.com "-" "meta-externalagent/1.1 (+https://developers.facebook.com/docs/sharing/webmasters/crawler)" "-"
2a03:2880:f800:: - - [12/Mar/2026:00:03:54 +0000] "GET /shop/item/windsucker173473286797 HTTP/1.1" 200 53807 kaminibeauty.com "-" "meta-externalagent/1.1 (+https://developers.facebook.com/docs/sharing/webmasters/crawler)" "-"
2a03:2880:f800:: - - [12/Mar/2026:00:03:54 +0000] "GET /shop/item/preferment131938110328 HTTP/1.1" 200 53807 kaminibeauty.com "-" "meta-externalagent/1.1 (+https://developers.facebook.com/docs/sharing/webmasters/crawler)" "-"
2a03:2880:f800:: - - [12/Mar/2026:00:03:54 +0000] "GET /shop/item/girlfriend172559472703 HTTP/1.1" 200 53807 kaminibeauty.com "-" "meta-externalagent/1.1 (+https://developers.facebook.com/docs/sharing/webmasters/crawler)" "-"
216.73.216.0 - - [12/Mar/2026:00:03:54 +0000] "GET /?fileloc=%2F%2Fbin%2Fdpkg-source&path=%2F%2Fbin HTTP/1.1" 200 36279 www.kaminibeauty.com "-" "Mozilla/5.0 AppleWebKit/537.36 (KHTML, like Gecko; compatible; ClaudeBot/1.0; +claudebot@anthropic.com)" "-"
2a03:2880:f800:: - - [12/Mar/2026:00:03:55 +0000] "GET /shop/item/priacanthus111324889508 HTTP/1.1" 200 53807 kaminibeauty.com "-" "meta-externalagent/1.1 (+https://developers.facebook.com/docs/sharing/webmasters/crawler)" "-"
213.188.94.0 - - [12/Mar/2026:00:03:55 +0000] "POST /xmlrpc.php HTTP/1.1" 200 53807 kaminibeauty.com "-" "Python-xmlrpc/3.13" "-"
207.46.13.0 - - [12/Mar/2026:00:03:55 +0000] "GET /shop/item/rurality112350135999 HTTP/1.1" 200 209846 kaminibeauty.com "-" "Mozilla/5.0 AppleWebKit/537.36 (KHTML, like Gecko; compatible; bingbot/2.0; +http://www.bing.com/bingbot.htm) Chrome/116.0.1938.76 Safari/537.36" "-"
2a03:2880:f800:: - - [12/Mar/2026:00:03:55 +0000] "GET /shop/item/poetaster173787335968 HTTP/1.1" 200 53807 kaminibeauty.com "-" "meta-externalagent/1.1 (+https://developers.facebook.com/docs/sharing/webmasters/crawler)" "-"
74.7.242.0 - - [12/Mar/2026:00:03:55 +0000] "GET /shop/item/argos15429917471?path=//lib64 HTTP/1.1" 200 14049 kaminibeauty.com "https://kaminibeauty.com/shop/item/argos15429917471?path=/" "Mozilla/5.0 AppleWebKit/537.36 (KHTML, like Gecko; compatible; GPTBot/1.3; +https://openai.com/gptbot)" "-"
66.249.76.0 - - [12/Mar/2026:00:03:55 +0000] "GET /shop/item/trimestrial12232569084 HTTP/1.1" 200 209642 kaminibeauty.com "-" "Mozilla/5.0 (Linux; Android 6.0.1; Nexus 5X Build/MMB29P) AppleWebKit/537.36 (KHTML, like Gecko) Chrome/145.0.7632.116 Mobile Safari/537.36 (compatible; Googlebot/2.1; +http://www.google.com/bot.html)" "-"
2a03:2880:f800:: - - [12/Mar/2026:00:03:56 +0000] "GET /shop/item/doubled151151545756 HTTP/1.1" 200 53807 kaminibeauty.com "-" "meta-externalagent/1.1 (+https://developers.facebook.com/docs/sharing/webmasters/crawler)" "-"
2a03:2880:f800:: - - [12/Mar/2026:00:03:56 +0000] "GET /shop/item/banisher14985440893 HTTP/1.1" 200 53807 kaminibeauty.com "-" "meta-externalagent/1.1 (+https://developers.facebook.com/docs/sharing/webmasters/crawler)" "-"
2a03:2880:f800:: - - [12/Mar/2026:00:03:57 +0000] "GET /shop/item/loomgale11757813426 HTTP/1.1" 200 53807 kaminibeauty.com "-" "meta-externalagent/1.1 (+https://developers.facebook.com/docs/sharing/webmasters/crawler)" "-"
2a03:2880:f800:: - - [12/Mar/2026:00:03:57 +0000] "GET /shop/item/referrible173045870521 HTTP/1.1" 200 53807 kaminibeauty.com "-" "meta-externalagent/1.1 (+https://developers.facebook.com/docs/sharing/webmasters/crawler)" "-"
216.73.216.0 - - [12/Mar/2026:00:03:57 +0000] "GET /?fileloc=%2F%2Fsbin%2Fupdate-default-ispell&path=%2F%2Fsbin HTTP/1.1" 200 23032 www.kaminibeauty.com "-" "Mozilla/5.0 AppleWebKit/537.36 (KHTML, like Gecko; compatible; ClaudeBot/1.0; +claudebot@anthropic.com)" "-"
2a03:2880:f800:: - - [12/Mar/2026:00:03:58 +0000] "GET /shop/item/upsnatch163423947865 HTTP/1.1" 200 53807 kaminibeauty.com "-" "meta-externalagent/1.1 (+https://developers.facebook.com/docs/sharing/webmasters/crawler)" "-"
207.46.13.0 - - [12/Mar/2026:00:03:58 +0000] "GET /shop/item/consignify141580025526 HTTP/1.1" 200 200585 kaminibeauty.com "-" "Mozilla/5.0 AppleWebKit/537.36 (KHTML, like Gecko; compatible; bingbot/2.0; +http://www.bing.com/bingbot.htm) Chrome/116.0.1938.76 Safari/537.36" "-"
2a03:2880:f800:: - - [12/Mar/2026:00:03:58 +0000] "GET /shop/item/shama151317385833 HTTP/1.1" 200 53807 kaminibeauty.com "-" "meta-externalagent/1.1 (+https://developers.facebook.com/docs/sharing/webmasters/crawler)" "-"
74.7.242.0 - - [12/Mar/2026:00:03:58 +0000] "GET /shop/item/aerie15631875067?path=//lib32 HTTP/1.1" 200 12609 kaminibeauty.com "https://kaminibeauty.com/shop/item/aerie15631875067?path=/" "Mozilla/5.0 AppleWebKit/537.36 (KHTML, like Gecko; compatible; GPTBot/1.3; +https://openai.com/gptbot)" "-"
2a03:2880:f800:: - - [12/Mar/2026:00:03:59 +0000] "GET /shop/item/objurgated131612401699 HTTP/1.1" 200 53807 kaminibeauty.com "-" "meta-externalagent/1.1 (+https://developers.facebook.com/docs/sharing/webmasters/crawler)" "-"
2a03:2880:f800:: - - [12/Mar/2026:00:03:59 +0000] "GET /shop/item/factoress123029698751 HTTP/1.1" 200 53807 kaminibeauty.com "-" "meta-externalagent/1.1 (+https://developers.facebook.com/docs/sharing/webmasters/crawler)" "-"
2a03:2880:f800:: - - [12/Mar/2026:00:04:00 +0000] "GET /shop/item/caned141962751249 HTTP/1.1" 200 53807 kaminibeauty.com "-" "meta-externalagent/1.1 (+https://developers.facebook.com/docs/sharing/webmasters/crawler)" "-"
2a03:2880:f800:: - - [12/Mar/2026:00:04:00 +0000] "GET /shop/item/hucksterage161378102032 HTTP/1.1" 200 53807 kaminibeauty.com "-" "meta-externalagent/1.1 (+https://developers.facebook.com/docs/sharing/webmasters/crawler)" "-"
2a03:2880:f800:: - - [12/Mar/2026:00:04:00 +0000] "GET /shop/item/ibidae141393766389 HTTP/1.1" 200 53807 kaminibeauty.com "-" "meta-externalagent/1.1 (+https://developers.facebook.com/docs/sharing/webmasters/crawler)" "-"
216.73.216.0 - - [12/Mar/2026:00:04:00 +0000] "GET /?path=%2Fhomepages%2F4%2Fd4298028650%2Fhtdocs HTTP/1.1" 200 12767 www.kaminibeauty.com "-" "Mozilla/5.0 AppleWebKit/537.36 (KHTML, like Gecko; compatible; ClaudeBot/1.0; +claudebot@anthropic.com)" "-"
2a03:2880:f800:: - - [12/Mar/2026:00:04:01 +0000] "GET /shop/item/elymus1742841310 HTTP/1.1" 200 53807 kaminibeauty.com "-" "meta-externalagent/1.1 (+https://developers.facebook.com/docs/sharing/webmasters/crawler)" "-"
207.46.13.0 - - [12/Mar/2026:00:04:01 +0000] "GET /shop/item/darksome143715099974 HTTP/1.1" 200 199449 kaminibeauty.com "-" "Mozilla/5.0 AppleWebKit/537.36 (KHTML, like Gecko; compatible; bingbot/2.0; +http://www.bing.com/bingbot.htm) Chrome/116.0.1938.76 Safari/537.36" "-"
74.7.242.0 - - [12/Mar/2026:00:04:01 +0000] "GET /shop/item/mesne15753540713?path=//lib32 HTTP/1.1" 200 12609 kaminibeauty.com "https://kaminibeauty.com/shop/item/mesne15753540713?path=/" "Mozilla/5.0 AppleWebKit/537.36 (KHTML, like Gecko; compatible; GPTBot/1.3; +https://openai.com/gptbot)" "-"
66.249.66.0 - - [12/Mar/2026:00:04:02 +0000] "GET /shop/item/cyclothymic123984320427 HTTP/1.1" 200 197737 kaminibeauty.com "-" "Mozilla/5.0 (Linux; Android 6.0.1; Nexus 5X Build/MMB29P) AppleWebKit/537.36 (KHTML, like Gecko) Chrome/145.0.7632.116 Mobile Safari/537.36 (compatible; Googlebot/2.1; +http://www.google.com/bot.html)" "-"
2a03:2880:f800:: - - [12/Mar/2026:00:04:02 +0000] "GET /shop/item/fontanel123904945866 HTTP/1.1" 200 53807 kaminibeauty.com "-" "meta-externalagent/1.1 (+https://developers.facebook.com/docs/sharing/webmasters/crawler)" "-"
2a03:2880:f800:: - - [12/Mar/2026:00:04:02 +0000] "GET /shop/item/pathologies17509135444 HTTP/1.1" 200 53807 kaminibeauty.com "-" "meta-externalagent/1.1 (+https://developers.facebook.com/docs/sharing/webmasters/crawler)" "-"
66.249.76.0 - - [12/Mar/2026:00:04:02 +0000] "GET /shop/item/bedaubed15366831244 HTTP/1.1" 200 200924 kaminibeauty.com "-" "Mozilla/5.0 (Linux; Android 6.0.1; Nexus 5X Build/MMB29P) AppleWebKit/537.36 (KHTML, like Gecko) Chrome/145.0.7632.116 Mobile Safari/537.36 (compatible; Googlebot/2.1; +http://www.google.com/bot.html)" "-"
185.254.104.0 - - [12/Mar/2026:00:04:03 +0000] "POST /xmlrpc.php HTTP/1.1" 200 53807 kaminibeauty.com "-" "Python-xmlrpc/3.13" "-"
2a03:2880:f800:: - - [12/Mar/2026:00:04:03 +0000] "GET /shop/item/optometer172899868651 HTTP/1.1" 200 53807 kaminibeauty.com "-" "meta-externalagent/1.1 (+https://developers.facebook.com/docs/sharing/webmasters/crawler)" "-"
216.73.216.0 - - [12/Mar/2026:00:04:03 +0000] "GET /?fileloc=%2F%2Fbin%2Fdd&path=%2F%2Fbin HTTP/1.1" 200 12184 www.kaminibeauty.com "-" "Mozilla/5.0 AppleWebKit/537.36 (KHTML, like Gecko; compatible; ClaudeBot/1.0; +claudebot@anthropic.com)" "-"
2a03:2880:f800:: - - [12/Mar/2026:00:04:03 +0000] "GET /shop/item/liberty16660471383 HTTP/1.1" 200 53807 kaminibeauty.com "-" "meta-externalagent/1.1 (+https://developers.facebook.com/docs/sharing/webmasters/crawler)" "-"
66.249.76.0 - - [12/Mar/2026:00:04:03 +0000] "GET /shop/item/epileptical121925728687 HTTP/1.1" 200 216690 kaminibeauty.com "-" "Mozilla/5.0 (Linux; Android 6.0.1; Nexus 5X Build/MMB29P) AppleWebKit/537.36 (KHTML, like Gecko) Chrome/145.0.7632.116 Mobile Safari/537.36 (compatible; Googlebot/2.1; +http://www.google.com/bot.html)" "-"
2a03:2880:f800:: - - [12/Mar/2026:00:04:04 +0000] "GET /shop/item/inflated1650027628 HTTP/1.1" 200 53807 kaminibeauty.com "-" "meta-externalagent/1.1 (+https://developers.facebook.com/docs/sharing/webmasters/crawler)" "-"
207.46.13.0 - - [12/Mar/2026:00:04:04 +0000] "GET /shop/item/superterrene13559685634 HTTP/1.1" 200 209650 kaminibeauty.com "-" "Mozilla/5.0 AppleWebKit/537.36 (KHTML, like Gecko; compatible; bingbot/2.0; +http://www.bing.com/bingbot.htm) Chrome/116.0.1938.76 Safari/537.36" "-"
2a03:2880:f800:: - - [12/Mar/2026:00:04:04 +0000] "GET /shop/item/nitromuriatic133282206525 HTTP/1.1" 200 53807 kaminibeauty.com "-" "meta-externalagent/1.1 (+https://developers.facebook.com/docs/sharing/webmasters/crawler)" "-"
74.7.242.0 - - [12/Mar/2026:00:04:05 +0000] "GET /shop/item/phyma15679073537?path=//lib64 HTTP/1.1" 200 14049 kaminibeauty.com "https://kaminibeauty.com/shop/item/phyma15679073537?path=/" "Mozilla/5.0 AppleWebKit/537.36 (KHTML, like Gecko; compatible; GPTBot/1.3; +https://openai.com/gptbot)" "-"
213.188.67.0 - - [12/Mar/2026:00:04:05 +0000] "POST /xmlrpc.php HTTP/1.1" 200 53807 kaminibeauty.com "-" "Python-xmlrpc/3.13" "-"
2a03:2880:f800:: - - [12/Mar/2026:00:04:05 +0000] "GET /shop/item/anagyris164027118957 HTTP/1.1" 200 53807 kaminibeauty.com "-" "meta-externalagent/1.1 (+https://developers.facebook.com/docs/sharing/webmasters/crawler)" "-"
2a03:2880:f800:: - - [12/Mar/2026:00:04:05 +0000] "GET /shop/item/rubens151790890756 HTTP/1.1" 200 53807 kaminibeauty.com "-" "meta-externalagent/1.1 (+https://developers.facebook.com/docs/sharing/webmasters/crawler)" "-"
2a03:2880:f800:: - - [12/Mar/2026:00:04:06 +0000] "GET /shop/item/terrestrialness161048787657 HTTP/1.1" 200 53807 kaminibeauty.com "-" "meta-externalagent/1.1 (+https://developers.facebook.com/docs/sharing/webmasters/crawler)" "-"
216.73.216.0 - - [12/Mar/2026:00:04:06 +0000] "GET /?fileloc=%2Fhomepages%2F4%2Fd4297730999%2Fhtdocs%2Fwordpress%2Fwp-admin%2Fuser%2Fuser-edit.php&path=%2Fhomepages%2F4%2Fd4297730999%2Fhtdocs%2Fwordpress%2Fwp-admin%2Fuser HTTP/1.1" 200 12893 www.kaminibeauty.com "-" "Mozilla/5.0 AppleWebKit/537.36 (KHTML, like Gecko; compatible; ClaudeBot/1.0; +claudebot@anthropic.com)" "-"
2a03:2880:f800:: - - [12/Mar/2026:00:04:06 +0000] "GET /shop/item/ferrocyanate152511863251 HTTP/1.1" 200 53807 kaminibeauty.com "-" "meta-externalagent/1.1 (+https://developers.facebook.com/docs/sharing/webmasters/crawler)" "-"
194.41.120.0 - - [12/Mar/2026:00:04:07 +0000] "POST /xmlrpc.php HTTP/1.1" 200 53807 kaminibeauty.com "-" "Python-xmlrpc/3.13" "-"
2a03:2880:f800:: - - [12/Mar/2026:00:04:07 +0000] "GET /shop/item/conveyancer163602480075 HTTP/1.1" 200 53807 kaminibeauty.com "-" "meta-externalagent/1.1 (+https://developers.facebook.com/docs/sharing/webmasters/crawler)" "-"
66.249.76.0 - - [12/Mar/2026:00:04:07 +0000] "GET /shop/item/twinkler121581624168 HTTP/1.1" 200 222318 kaminibeauty.com "-" "Mozilla/5.0 (Linux; Android 6.0.1; Nexus 5X Build/MMB29P) AppleWebKit/537.36 (KHTML, like Gecko) Chrome/145.0.7632.116 Mobile Safari/537.36 (compatible; Googlebot/2.1; +http://www.google.com/bot.html)" "-"
207.46.13.0 - - [12/Mar/2026:00:04:07 +0000] "GET /shop/item/smouldered171469805346 HTTP/1.1" 200 197223 kaminibeauty.com "-" "Mozilla/5.0 AppleWebKit/537.36 (KHTML, like Gecko; compatible; bingbot/2.0; +http://www.bing.com/bingbot.htm) Chrome/116.0.1938.76 Safari/537.36" "-"
2a03:2880:f800:: - - [12/Mar/2026:00:04:08 +0000] "GET /shop/item/contend17202491774 HTTP/1.1" 200 53807 kaminibeauty.com "-" "meta-externalagent/1.1 (+https://developers.facebook.com/docs/sharing/webmasters/crawler)" "-"
74.7.242.0 - - [12/Mar/2026:00:04:08 +0000] "GET /shop/item/avast15598427719?path=//lib32 HTTP/1.1" 200 12609 kaminibeauty.com "https://kaminibeauty.com/shop/item/avast15598427719?path=/" "Mozilla/5.0 AppleWebKit/537.36 (KHTML, like Gecko; compatible; GPTBot/1.3; +https://openai.com/gptbot)" "-"
2a03:2880:f800:: - - [12/Mar/2026:00:04:08 +0000] "GET /shop/item/squandering142365613256 HTTP/1.1" 200 53807 kaminibeauty.com "-" "meta-externalagent/1.1 (+https://developers.facebook.com/docs/sharing/webmasters/crawler)" "-"
2a03:2880:f800:: - - [12/Mar/2026:00:04:08 +0000] "GET /shop/item/refreshingness132988775425 HTTP/1.1" 200 53807 kaminibeauty.com "-" "meta-externalagent/1.1 (+https://developers.facebook.com/docs/sharing/webmasters/crawler)" "-"
2a03:2880:f800:: - - [12/Mar/2026:00:04:09 +0000] "GET /shop/item/geolatry163494365293 HTTP/1.1" 200 53807 kaminibeauty.com "-" "meta-externalagent/1.1 (+https://developers.facebook.com/docs/sharing/webmasters/crawler)" "-"
2a03:2880:f800:: - - [12/Mar/2026:00:04:09 +0000] "GET /shop/item/affluence141488297691 HTTP/1.1" 200 53807 kaminibeauty.com "-" "meta-externalagent/1.1 (+https://developers.facebook.com/docs/sharing/webmasters/crawler)" "-"
2a03:2880:f800:: - - [12/Mar/2026:00:04:10 +0000] "GET /shop/item/catnip172616580051 HTTP/1.1" 200 53807 kaminibeauty.com "-" "meta-externalagent/1.1 (+https://developers.facebook.com/docs/sharing/webmasters/crawler)" "-"
74.15.193.0 - - [12/Mar/2026:00:04:10 +0000] "GET /shop/item/reprieved1116741740 HTTP/1.1" 200 53807 kaminibeauty.com "-" "Mozilla/5.0 (compatible; TinEye-Web/2.0.1; +http://www.tineye.com/cr.html)" "-"
2a03:2880:f800:: - - [12/Mar/2026:00:04:10 +0000] "GET /shop/item/fhlmc131172384845 HTTP/1.1" 200 53807 kaminibeauty.com "-" "meta-externalagent/1.1 (+https://developers.facebook.com/docs/sharing/webmasters/crawler)" "-"
88.218.82.0 - - [12/Mar/2026:00:04:11 +0000] "POST /xmlrpc.php HTTP/1.1" 200 53807 kaminibeauty.com "-" "Python-xmlrpc/3.13" "-"
207.46.13.0 - - [12/Mar/2026:00:04:11 +0000] "GET /shop/item/shebunder112770195279 HTTP/1.1" 200 214197 kaminibeauty.com "-" "Mozilla/5.0 AppleWebKit/537.36 (KHTML, like Gecko; compatible; bingbot/2.0; +http://www.bing.com/bingbot.htm) Chrome/116.0.1938.76 Safari/537.36" "-"
74.7.242.0 - - [12/Mar/2026:00:04:11 +0000] "GET /shop/item/wickedly15703950426?fileloc=//usr/bin/pbmtowbmp&path=//usr/bin HTTP/1.1" 200 12229 kaminibeauty.com "https://kaminibeauty.com/shop/item/wickedly15703950426?path=//usr/bin" "Mozilla/5.0 AppleWebKit/537.36 (KHTML, like Gecko; compatible; GPTBot/1.3; +https://openai.com/gptbot)" "-"
2a03:2880:f800:: - - [12/Mar/2026:00:04:11 +0000] "GET /shop/item/denarius12946028640 HTTP/1.1" 200 53807 kaminibeauty.com "-" "meta-externalagent/1.1 (+https://developers.facebook.com/docs/sharing/webmasters/crawler)" "-"
2a03:2880:f800:: - - [12/Mar/2026:00:04:11 +0000] "GET /shop/item/cavesson161531216870 HTTP/1.1" 200 53807 kaminibeauty.com "-" "meta-externalagent/1.1 (+https://developers.facebook.com/docs/sharing/webmasters/crawler)" "-"
216.73.216.0 - - [12/Mar/2026:00:04:12 +0000] "GET /shop/item/polyorama112084073065?fileloc=%2Fhomepages%2F4%2Fd4297730999%2Fhtdocs%2Fwordpress%2Fwp-includes%2Fscript-loader.php&path=%2Fhomepages%2F4%2Fd4297730999%2Fhtdocs%2Fwordpress%2Fwp-includes HTTP/1.1" 200 173187 kaminibeauty.com "-" "Mozilla/5.0 AppleWebKit/537.36 (KHTML, like Gecko; compatible; ClaudeBot/1.0; +claudebot@anthropic.com)" "-"
2a03:2880:f800:: - - [12/Mar/2026:00:04:12 +0000] "GET /shop/item/sheepheaded154242707445 HTTP/1.1" 200 53807 kaminibeauty.com "-" "meta-externalagent/1.1 (+https://developers.facebook.com/docs/sharing/webmasters/crawler)" "-"
2a03:2880:f800:: - - [12/Mar/2026:00:04:12 +0000] "GET /shop/item/humiri1770962204 HTTP/1.1" 200 53807 kaminibeauty.com "-" "meta-externalagent/1.1 (+https://developers.facebook.com/docs/sharing/webmasters/crawler)" "-"
66.249.66.0 - - [12/Mar/2026:00:04:12 +0000] "GET /shop/item/buffaloes123120274449 HTTP/1.1" 200 204603 kaminibeauty.com "-" "Mozilla/5.0 (Linux; Android 6.0.1; Nexus 5X Build/MMB29P) AppleWebKit/537.36 (KHTML, like Gecko) Chrome/145.0.7632.116 Mobile Safari/537.36 (compatible; Googlebot/2.1; +http://www.google.com/bot.html)" "-"
2a03:2880:f800:: - - [12/Mar/2026:00:04:13 +0000] "GET /shop/item/inconditionate163396886942 HTTP/1.1" 200 53807 kaminibeauty.com "-" "meta-externalagent/1.1 (+https://developers.facebook.com/docs/sharing/webmasters/crawler)" "-"
207.46.13.0 - - [12/Mar/2026:00:04:13 +0000] "GET /shop/item/countermuring161775072915 HTTP/1.1" 200 194366 kaminibeauty.com "-" "Mozilla/5.0 AppleWebKit/537.36 (KHTML, like Gecko; compatible; bingbot/2.0; +http://www.bing.com/bingbot.htm) Chrome/116.0.1938.76 Safari/537.36" "-"
2a03:2880:f800:: - - [12/Mar/2026:00:04:13 +0000] "GET /shop/item/prolifical171311087766 HTTP/1.1" 200 53807 kaminibeauty.com "-" "meta-externalagent/1.1 (+https://developers.facebook.com/docs/sharing/webmasters/crawler)" "-"
216.73.216.0 - - [12/Mar/2026:00:04:13 +0000] "GET /shop/item/content112522754181?path=%2F%2Fusr%2Flib64 HTTP/1.1" 200 14099 kaminibeauty.com "-" "Mozilla/5.0 AppleWebKit/537.36 (KHTML, like Gecko; compatible; ClaudeBot/1.0; +claudebot@anthropic.com)" "-"
2a03:2880:f800:: - - [12/Mar/2026:00:04:14 +0000] "GET /shop/item/vesicula134042190473 HTTP/1.1" 200 53807 kaminibeauty.com "-" "meta-externalagent/1.1 (+https://developers.facebook.com/docs/sharing/webmasters/crawler)" "-"
74.7.242.0 - - [12/Mar/2026:00:04:14 +0000] "GET /shop/item/wickedly15703950426?fileloc=//usr/bin/rgb3toppm&path=//usr/bin HTTP/1.1" 200 12229 kaminibeauty.com "https://kaminibeauty.com/shop/item/wickedly15703950426?path=//usr/bin" "Mozilla/5.0 AppleWebKit/537.36 (KHTML, like Gecko; compatible; GPTBot/1.3; +https://openai.com/gptbot)" "-"
2a03:2880:f800:: - - [12/Mar/2026:00:04:14 +0000] "GET /shop/item/vistas16629682796 HTTP/1.1" 200 53807 kaminibeauty.com "-" "meta-externalagent/1.1 (+https://developers.facebook.com/docs/sharing/webmasters/crawler)" "-"
50.6.7.0 - - [12/Mar/2026:00:04:15 +0000] "POST /xmlrpc.php HTTP/1.1" 200 53807 kaminibeauty.com "-" "Mozilla/5.0 (Windows NT 10.0; WOW64; Trident/7.0; MANM; rv:11.0) like Gecko" "-"
2a03:2880:f800:: - - [12/Mar/2026:00:04:15 +0000] "GET /shop/item/onehalf17117841484 HTTP/1.1" 200 53807 kaminibeauty.com "-" "meta-externalagent/1.1 (+https://developers.facebook.com/docs/sharing/webmasters/crawler)" "-"
2a03:2880:f800:: - - [12/Mar/2026:00:04:15 +0000] "GET /shop/item/photogene142979865928 HTTP/1.1" 200 53807 kaminibeauty.com "-" "meta-externalagent/1.1 (+https://developers.facebook.com/docs/sharing/webmasters/crawler)" "-"
50.6.7.0 - - [12/Mar/2026:00:04:16 +0000] "POST /xmlrpc.php HTTP/1.1" 200 53807 kaminibeauty.com "-" "Mozilla/5.0 (Windows NT 10.0; WOW64; Trident/7.0; MANM; rv:11.0) like Gecko" "-"
2a03:2880:f800:: - - [12/Mar/2026:00:04:16 +0000] "GET /shop/item/lonchocarpus133895519701 HTTP/1.1" 200 53807 kaminibeauty.com "-" "meta-externalagent/1.1 (+https://developers.facebook.com/docs/sharing/webmasters/crawler)" "-"
2a03:2880:f800:: - - [12/Mar/2026:00:04:16 +0000] "GET /shop/item/solenoglypha173861190029 HTTP/1.1" 200 53807 kaminibeauty.com "-" "meta-externalagent/1.1 (+https://developers.facebook.com/docs/sharing/webmasters/crawler)" "-"
207.46.13.0 - - [12/Mar/2026:00:04:16 +0000] "GET /shop/item/nectaried17680834058 HTTP/1.1" 200 197470 kaminibeauty.com "-" "Mozilla/5.0 AppleWebKit/537.36 (KHTML, like Gecko; compatible; bingbot/2.0; +http://www.bing.com/bingbot.htm) Chrome/116.0.1938.76 Safari/537.36" "-"
216.73.216.0 - - [12/Mar/2026:00:04:16 +0000] "GET /shop/item/trochi112339098239?path=%2F%2Fetc HTTP/1.1" 200 197502 kaminibeauty.com "-" "Mozilla/5.0 AppleWebKit/537.36 (KHTML, like Gecko; compatible; ClaudeBot/1.0; +claudebot@anthropic.com)" "-"
66.249.66.0 - - [12/Mar/2026:00:04:16 +0000] "GET /shop/item/senonian12286684439 HTTP/1.1" 200 206084 kaminibeauty.com "-" "Mozilla/5.0 (Linux; Android 6.0.1; Nexus 5X Build/MMB29P) AppleWebKit/537.36 (KHTML, like Gecko) Chrome/145.0.7632.116 Mobile Safari/537.36 (compatible; Googlebot/2.1; +http://www.google.com/bot.html)" "-"
50.6.7.0 - - [12/Mar/2026:00:04:17 +0000] "POST /xmlrpc.php HTTP/1.1" 403 239 kaminibeauty.com "-" "Mozilla/5.0 (Windows NT 10.0; WOW64; Trident/7.0; MANM; rv:11.0) like Gecko" "-"
2a03:2880:f800:: - - [12/Mar/2026:00:04:17 +0000] "GET /shop/item/foggier132463289753 HTTP/1.1" 200 53807 kaminibeauty.com "-" "meta-externalagent/1.1 (+https://developers.facebook.com/docs/sharing/webmasters/crawler)" "-"
94.139.231.0 - - [12/Mar/2026:00:04:17 +0000] "POST /xmlrpc.php HTTP/1.1" 200 53807 kaminibeauty.com "-" "Python-xmlrpc/3.13" "-"
74.7.242.0 - - [12/Mar/2026:00:04:17 +0000] "GET /shop/item/wickedly15703950426?path=//var/lib/dpkg HTTP/1.1" 200 12679 kaminibeauty.com "https://kaminibeauty.com/shop/item/wickedly15703950426?path=//var/lib" "Mozilla/5.0 AppleWebKit/537.36 (KHTML, like Gecko; compatible; GPTBot/1.3; +https://openai.com/gptbot)" "-"
2a03:2880:f800:: - - [12/Mar/2026:00:04:17 +0000] "GET /shop/item/actinolite172549953628 HTTP/1.1" 200 53807 kaminibeauty.com "-" "meta-externalagent/1.1 (+https://developers.facebook.com/docs/sharing/webmasters/crawler)" "-"
2a03:2880:f800:: - - [12/Mar/2026:00:04:18 +0000] "GET /shop/item/fotmal172815054762 HTTP/1.1" 200 53807 kaminibeauty.com "-" "meta-externalagent/1.1 (+https://developers.facebook.com/docs/sharing/webmasters/crawler)" "-"
2a03:2880:f800:: - - [12/Mar/2026:00:04:18 +0000] "GET /shop/item/reissuable173686919219 HTTP/1.1" 200 53807 kaminibeauty.com "-" "meta-externalagent/1.1 (+https://developers.facebook.com/docs/sharing/webmasters/crawler)" "-"
2a03:2880:f800:: - - [12/Mar/2026:00:04:19 +0000] "GET /shop/item/origenism144054873667 HTTP/1.1" 200 53807 kaminibeauty.com "-" "meta-externalagent/1.1 (+https://developers.facebook.com/docs/sharing/webmasters/crawler)" "-"
2a03:2880:f800:: - - [12/Mar/2026:00:04:19 +0000] "GET /shop/item/cathartina174116874134 HTTP/1.1" 200 53807 kaminibeauty.com "-" "meta-externalagent/1.1 (+https://developers.facebook.com/docs/sharing/webmasters/crawler)" "-"
216.73.216.0 - - [12/Mar/2026:00:04:19 +0000] "GET /shop/item/theorem113991563650?path=%2F%2Flib HTTP/1.1" 200 90802 kaminibeauty.com "-" "Mozilla/5.0 AppleWebKit/537.36 (KHTML, like Gecko; compatible; ClaudeBot/1.0; +claudebot@anthropic.com)" "-"
207.46.13.0 - - [12/Mar/2026:00:04:19 +0000] "GET /shop/item/aquifolium15304701902 HTTP/1.1" 200 212232 kaminibeauty.com "-" "Mozilla/5.0 AppleWebKit/537.36 (KHTML, like Gecko; compatible; bingbot/2.0; +http://www.bing.com/bingbot.htm) Chrome/116.0.1938.76 Safari/537.36" "-"
2a03:2880:f800:: - - [12/Mar/2026:00:04:20 +0000] "GET /shop/item/dovelike163444492770 HTTP/1.1" 200 53807 kaminibeauty.com "-" "meta-externalagent/1.1 (+https://developers.facebook.com/docs/sharing/webmasters/crawler)" "-"
74.7.242.0 - - [12/Mar/2026:00:04:20 +0000] "GET /shop/item/wickedly15703950426?fileloc=//usr/lib/libGraphicsMagickWand-Q16.so.2.9.5&path=//usr/lib HTTP/1.1" 200 12254 kaminibeauty.com "https://kaminibeauty.com/shop/item/wickedly15703950426?path=//usr/lib" "Mozilla/5.0 AppleWebKit/537.36 (KHTML, like Gecko; compatible; GPTBot/1.3; +https://openai.com/gptbot)" "-"
2a03:2880:f800:: - - [12/Mar/2026:00:04:20 +0000] "GET /shop/item/sermonic161498395258 HTTP/1.1" 200 53807 kaminibeauty.com "-" "meta-externalagent/1.1 (+https://developers.facebook.com/docs/sharing/webmasters/crawler)" "-"
2a03:2880:f800:: - - [12/Mar/2026:00:04:21 +0000] "GET /shop/item/upcurl122520315387 HTTP/1.1" 200 53807 kaminibeauty.com "-" "meta-externalagent/1.1 (+https://developers.facebook.com/docs/sharing/webmasters/crawler)" "-"
2a03:2880:f800:: - - [12/Mar/2026:00:04:21 +0000] "GET /shop/item/repudiation171711528191 HTTP/1.1" 200 53807 kaminibeauty.com "-" "meta-externalagent/1.1 (+https://developers.facebook.com/docs/sharing/webmasters/crawler)" "-"
2a03:2880:f800:: - - [12/Mar/2026:00:04:21 +0000] "GET /shop/item/foveolae142532483469 HTTP/1.1" 200 53807 kaminibeauty.com "-" "meta-externalagent/1.1 (+https://developers.facebook.com/docs/sharing/webmasters/crawler)" "-"
66.249.66.0 - - [12/Mar/2026:00:04:21 +0000] "GET /shop/item/makaron152702877321 HTTP/1.1" 200 210672 kaminibeauty.com "-" "Mozilla/5.0 (Linux; Android 6.0.1; Nexus 5X Build/MMB29P) AppleWebKit/537.36 (KHTML, like Gecko) Chrome/145.0.7632.116 Mobile Safari/537.36 (compatible; Googlebot/2.1; +http://www.google.com/bot.html)" "-"
66.249.66.0 - - [12/Mar/2026:00:04:22 +0000] "GET /shop/item/populator122935922989 HTTP/1.1" 200 193958 kaminibeauty.com "-" "Mozilla/5.0 (Linux; Android 6.0.1; Nexus 5X Build/MMB29P) AppleWebKit/537.36 (KHTML, like Gecko) Chrome/145.0.7632.116 Mobile Safari/537.36 (compatible; Googlebot/2.1; +http://www.google.com/bot.html)" "-"
2a03:2880:f800:: - - [12/Mar/2026:00:04:22 +0000] "GET /shop/item/notional153049324897 HTTP/1.1" 200 53807 kaminibeauty.com "-" "meta-externalagent/1.1 (+https://developers.facebook.com/docs/sharing/webmasters/crawler)" "-"
207.46.13.0 - - [12/Mar/2026:00:04:22 +0000] "GET /shop/item/concrescible171533159706 HTTP/1.1" 200 204838 kaminibeauty.com "-" "Mozilla/5.0 AppleWebKit/537.36 (KHTML, like Gecko; compatible; bingbot/2.0; +http://www.bing.com/bingbot.htm) Chrome/116.0.1938.76 Safari/537.36" "-"
216.73.216.0 - - [12/Mar/2026:00:04:22 +0000] "GET /shop/item/assecuration11907048735?fileloc=%2Fhomepages%2F4%2Fd4297730999%2Fhtdocs%2Fwordpress%2Fwp-includes%2Fclass.wp-scripts.php&path=%2Fhomepages%2F4%2Fd4297730999%2Fhtdocs%2Fwordpress%2Fwp-includes HTTP/1.1" 200 12916 kaminibeauty.com "-" "Mozilla/5.0 AppleWebKit/537.36 (KHTML, like Gecko; compatible; ClaudeBot/1.0; +claudebot@anthropic.com)" "-"
2a03:2880:f800:: - - [12/Mar/2026:00:04:23 +0000] "GET /shop/item/appreciate132173465346 HTTP/1.1" 200 53807 kaminibeauty.com "-" "meta-externalagent/1.1 (+https://developers.facebook.com/docs/sharing/webmasters/crawler)" "-"
66.249.66.0 - - [12/Mar/2026:00:04:23 +0000] "GET /shop/item/ironsick161227797805 HTTP/1.1" 200 205241 kaminibeauty.com "-" "Mozilla/5.0 (Linux; Android 6.0.1; Nexus 5X Build/MMB29P) AppleWebKit/537.36 (KHTML, like Gecko) Chrome/145.0.7632.116 Mobile Safari/537.36 (compatible; Googlebot/2.1; +http://www.google.com/bot.html)" "-"
66.249.76.0 - - [12/Mar/2026:00:04:23 +0000] "GET /shop/item/fulgurate122406004835 HTTP/1.1" 200 203765 kaminibeauty.com "-" "Mozilla/5.0 (Linux; Android 6.0.1; Nexus 5X Build/MMB29P) AppleWebKit/537.36 (KHTML, like Gecko) Chrome/145.0.7632.116 Mobile Safari/537.36 (compatible; Googlebot/2.1; +http://www.google.com/bot.html)" "-"
2a03:2880:f800:: - - [12/Mar/2026:00:04:23 +0000] "GET /shop/item/richard17883327692 HTTP/1.1" 200 53807 kaminibeauty.com "-" "meta-externalagent/1.1 (+https://developers.facebook.com/docs/sharing/webmasters/crawler)" "-"
74.7.242.0 - - [12/Mar/2026:00:04:23 +0000] "GET /shop/item/wickedly15703950426?fileloc=//usr/bin/imgtoppm&path=//usr/bin HTTP/1.1" 200 12228 kaminibeauty.com "https://kaminibeauty.com/shop/item/wickedly15703950426?path=//usr/bin" "Mozilla/5.0 AppleWebKit/537.36 (KHTML, like Gecko; compatible; GPTBot/1.3; +https://openai.com/gptbot)" "-"
2a03:2880:f800:: - - [12/Mar/2026:00:04:24 +0000] "GET /shop/item/aligerous173255653289 HTTP/1.1" 200 53807 kaminibeauty.com "-" "meta-externalagent/1.1 (+https://developers.facebook.com/docs/sharing/webmasters/crawler)" "-"
2a03:2880:f800:: - - [12/Mar/2026:00:04:25 +0000] "GET /shop/item/gastritis142992004757 HTTP/1.1" 200 53807 kaminibeauty.com "-" "meta-externalagent/1.1 (+https://developers.facebook.com/docs/sharing/webmasters/crawler)" "-"
2a03:2880:f800:: - - [12/Mar/2026:00:04:25 +0000] "GET /shop/item/gabled173998160896 HTTP/1.1" 200 53807 kaminibeauty.com "-" "meta-externalagent/1.1 (+https://developers.facebook.com/docs/sharing/webmasters/crawler)" "-"
2a03:2880:f800:: - - [12/Mar/2026:00:04:25 +0000] "GET /shop/item/precalculate161851780450 HTTP/1.1" 200 53807 kaminibeauty.com "-" "meta-externalagent/1.1 (+https://developers.facebook.com/docs/sharing/webmasters/crawler)" "-"
216.73.216.0 - - [12/Mar/2026:00:04:25 +0000] "GET /shop/item/content112522754181?path=%2F%2Fusr%2Flib32 HTTP/1.1" 200 12643 kaminibeauty.com "-" "Mozilla/5.0 AppleWebKit/537.36 (KHTML, like Gecko; compatible; ClaudeBot/1.0; +claudebot@anthropic.com)" "-"
207.46.13.0 - - [12/Mar/2026:00:04:25 +0000] "GET /shop/item/succubine111838989383 HTTP/1.1" 200 220581 kaminibeauty.com "-" "Mozilla/5.0 AppleWebKit/537.36 (KHTML, like Gecko; compatible; bingbot/2.0; +http://www.bing.com/bingbot.htm) Chrome/116.0.1938.76 Safari/537.36" "-"
2a03:2880:f800:: - - [12/Mar/2026:00:04:26 +0000] "GET /shop/item/extuberant173009071285 HTTP/1.1" 200 53807 kaminibeauty.com "-" "meta-externalagent/1.1 (+https://developers.facebook.com/docs/sharing/webmasters/crawler)" "-"
2a03:2880:f800:: - - [12/Mar/2026:00:04:26 +0000] "GET /shop/item/definitive161479938436 HTTP/1.1" 200 53807 kaminibeauty.com "-" "meta-externalagent/1.1 (+https://developers.facebook.com/docs/sharing/webmasters/crawler)" "-"
74.7.242.0 - - [12/Mar/2026:00:04:27 +0000] "GET /shop/item/wickedly15703950426?fileloc=//usr/bin/pbmtoybm&path=//usr/bin HTTP/1.1" 200 12228 kaminibeauty.com "https://kaminibeauty.com/shop/item/wickedly15703950426?path=//usr/bin" "Mozilla/5.0 AppleWebKit/537.36 (KHTML, like Gecko; compatible; GPTBot/1.3; +https://openai.com/gptbot)" "-"
2a03:2880:f800:: - - [12/Mar/2026:00:04:27 +0000] "GET /shop/item/notanda174276767689 HTTP/1.1" 200 53807 kaminibeauty.com "-" "meta-externalagent/1.1 (+https://developers.facebook.com/docs/sharing/webmasters/crawler)" "-"
2a03:2880:f800:: - - [12/Mar/2026:00:04:27 +0000] "GET /shop/item/sickish17999180782 HTTP/1.1" 200 53807 kaminibeauty.com "-" "meta-externalagent/1.1 (+https://developers.facebook.com/docs/sharing/webmasters/crawler)" "-"
45.134.112.0 - - [12/Mar/2026:00:04:28 +0000] "POST /xmlrpc.php HTTP/1.1" 200 53807 kaminibeauty.com "-" "Python-xmlrpc/3.13" "-"
66.249.66.0 - - [12/Mar/2026:00:04:28 +0000] "GET /shop/item/feigner12190037727 HTTP/1.1" 200 195869 kaminibeauty.com "-" "Mozilla/5.0 (Linux; Android 6.0.1; Nexus 5X Build/MMB29P) AppleWebKit/537.36 (KHTML, like Gecko) Chrome/145.0.7632.116 Mobile Safari/537.36 (compatible; Googlebot/2.1; +http://www.google.com/bot.html)" "-"
2a03:2880:f800:: - - [12/Mar/2026:00:04:28 +0000] "GET /shop/item/accumber1160200756 HTTP/1.1" 200 53807 kaminibeauty.com "-" "meta-externalagent/1.1 (+https://developers.facebook.com/docs/sharing/webmasters/crawler)" "-"
2a03:2880:f800:: - - [12/Mar/2026:00:04:28 +0000] "GET /shop/item/steinboc163231837023 HTTP/1.1" 200 53807 kaminibeauty.com "-" "meta-externalagent/1.1 (+https://developers.facebook.com/docs/sharing/webmasters/crawler)" "-"
207.46.13.0 - - [12/Mar/2026:00:04:28 +0000] "GET /shop/item/labeling151535263245 HTTP/1.1" 200 201343 kaminibeauty.com "-" "Mozilla/5.0 AppleWebKit/537.36 (KHTML, like Gecko; compatible; bingbot/2.0; +http://www.bing.com/bingbot.htm) Chrome/116.0.1938.76 Safari/537.36" "-"
216.73.216.0 - - [12/Mar/2026:00:04:28 +0000] "GET /shop/item/polyorama112084073065?fileloc=%2Fhomepages%2F4%2Fd4297730999%2Fhtdocs%2Fwordpress%2Fwp-includes%2Fclass.wp-scripts.php&path=%2Fhomepages%2F4%2Fd4297730999%2Fhtdocs%2Fwordpress%2Fwp-includes HTTP/1.1" 200 12916 kaminibeauty.com "-" "Mozilla/5.0 AppleWebKit/537.36 (KHTML, like Gecko; compatible; ClaudeBot/1.0; +claudebot@anthropic.com)" "-"
2a03:2880:f800:: - - [12/Mar/2026:00:04:29 +0000] "GET /shop/item/eucalypt171140734334 HTTP/1.1" 200 53807 kaminibeauty.com "-" "meta-externalagent/1.1 (+https://developers.facebook.com/docs/sharing/webmasters/crawler)" "-"
2a03:2880:f800:: - - [12/Mar/2026:00:04:29 +0000] "GET /shop/item/polishment172708687113 HTTP/1.1" 200 53807 kaminibeauty.com "-" "meta-externalagent/1.1 (+https://developers.facebook.com/docs/sharing/webmasters/crawler)" "-"
74.7.242.0 - - [12/Mar/2026:00:04:30 +0000] "GET /shop/item/wickedly15703950426?fileloc=//usr/bin/pstopnm&path=//usr/bin HTTP/1.1" 200 12227 kaminibeauty.com "https://kaminibeauty.com/shop/item/wickedly15703950426?path=//usr/bin" "Mozilla/5.0 AppleWebKit/537.36 (KHTML, like Gecko; compatible; GPTBot/1.3; +https://openai.com/gptbot)" "-"
2a03:2880:f800:: - - [12/Mar/2026:00:04:30 +0000] "GET /shop/item/hungriness173188516457 HTTP/1.1" 200 53807 kaminibeauty.com "-" "meta-externalagent/1.1 (+https://developers.facebook.com/docs/sharing/webmasters/crawler)" "-"
2a03:2880:f800:: - - [12/Mar/2026:00:04:30 +0000] "GET /shop/item/quicksilvered174223267731 HTTP/1.1" 200 53807 kaminibeauty.com "-" "meta-externalagent/1.1 (+https://developers.facebook.com/docs/sharing/webmasters/crawler)" "-"
2a03:2880:f800:: - - [12/Mar/2026:00:04:31 +0000] "GET /shop/item/presuming152314251793 HTTP/1.1" 200 53807 kaminibeauty.com "-" "meta-externalagent/1.1 (+https://developers.facebook.com/docs/sharing/webmasters/crawler)" "-"
207.46.13.0 - - [12/Mar/2026:00:04:31 +0000] "GET /shop/item/dutyfree131130962693 HTTP/1.1" 200 196174 kaminibeauty.com "-" "Mozilla/5.0 AppleWebKit/537.36 (KHTML, like Gecko; compatible; bingbot/2.0; +http://www.bing.com/bingbot.htm) Chrome/116.0.1938.76 Safari/537.36" "-"
216.73.216.0 - - [12/Mar/2026:00:04:31 +0000] "GET /shop/item/frizzed11262271563?path=%2Fhomepages%2F4%2Fd4297730999%2Fhtdocs%2Fwordpress%2Fwp-includes%2FSimplePie%2Fsrc HTTP/1.1" 200 64543 kaminibeauty.com "-" "Mozilla/5.0 AppleWebKit/537.36 (KHTML, like Gecko; compatible; ClaudeBot/1.0; +claudebot@anthropic.com)" "-"
2a03:2880:f800:: - - [12/Mar/2026:00:04:32 +0000] "GET /shop/item/enneapetalous14594398868 HTTP/1.1" 200 53807 kaminibeauty.com "-" "meta-externalagent/1.1 (+https://developers.facebook.com/docs/sharing/webmasters/crawler)" "-"
2a03:2880:f800:: - - [12/Mar/2026:00:04:32 +0000] "GET /shop/item/monosyllables173061592717 HTTP/1.1" 200 53807 kaminibeauty.com "-" "meta-externalagent/1.1 (+https://developers.facebook.com/docs/sharing/webmasters/crawler)" "-"
66.249.66.0 - - [12/Mar/2026:00:04:32 +0000] "GET /shop/item/pronominalize121977857779 HTTP/1.1" 200 198629 kaminibeauty.com "-" "Mozilla/5.0 (Linux; Android 6.0.1; Nexus 5X Build/MMB29P) AppleWebKit/537.36 (KHTML, like Gecko) Chrome/145.0.7632.116 Mobile Safari/537.36 (compatible; Googlebot/2.1; +http://www.google.com/bot.html)" "-"
2a03:2880:f800:: - - [12/Mar/2026:00:04:32 +0000] "GET /shop/item/poulterer121738605488 HTTP/1.1" 200 53807 kaminibeauty.com "-" "meta-externalagent/1.1 (+https://developers.facebook.com/docs/sharing/webmasters/crawler)" "-"
74.7.242.0 - - [12/Mar/2026:00:04:33 +0000] "GET /shop/item/wickedly15703950426?fileloc=//usr/bin/nslookup&path=//usr/bin HTTP/1.1" 200 12228 kaminibeauty.com "https://kaminibeauty.com/shop/item/wickedly15703950426?path=//usr/bin" "Mozilla/5.0 AppleWebKit/537.36 (KHTML, like Gecko; compatible; GPTBot/1.3; +https://openai.com/gptbot)" "-"
2a03:2880:f800:: - - [12/Mar/2026:00:04:33 +0000] "GET /shop/item/conventionary14754082660 HTTP/1.1" 200 53807 kaminibeauty.com "-" "meta-externalagent/1.1 (+https://developers.facebook.com/docs/sharing/webmasters/crawler)" "-"
2a03:2880:f800:: - - [12/Mar/2026:00:04:34 +0000] "GET /shop/item/threaden143191576591 HTTP/1.1" 200 53807 kaminibeauty.com "-" "meta-externalagent/1.1 (+https://developers.facebook.com/docs/sharing/webmasters/crawler)" "-"
2a03:2880:f800:: - - [12/Mar/2026:00:04:34 +0000] "GET /shop/item/extensional14394952631 HTTP/1.1" 200 53807 kaminibeauty.com "-" "meta-externalagent/1.1 (+https://developers.facebook.com/docs/sharing/webmasters/crawler)" "-"
2a03:2880:f800:: - - [12/Mar/2026:00:04:34 +0000] "GET /shop/item/mohicans174116778473 HTTP/1.1" 200 53807 kaminibeauty.com "-" "meta-externalagent/1.1 (+https://developers.facebook.com/docs/sharing/webmasters/crawler)" "-"
216.73.216.0 - - [12/Mar/2026:00:04:34 +0000] "GET /shop/item/dejected111007603868?path=%2F%2Flib HTTP/1.1" 200 90802 kaminibeauty.com "-" "Mozilla/5.0 AppleWebKit/537.36 (KHTML, like Gecko; compatible; ClaudeBot/1.0; +claudebot@anthropic.com)" "-"
207.46.13.0 - - [12/Mar/2026:00:04:34 +0000] "GET /shop/item/wellconnected112744694996 HTTP/1.1" 200 195561 kaminibeauty.com "-" "Mozilla/5.0 AppleWebKit/537.36 (KHTML, like Gecko; compatible; bingbot/2.0; +http://www.bing.com/bingbot.htm) Chrome/116.0.1938.76 Safari/537.36" "-"
2a03:2880:f800:: - - [12/Mar/2026:00:04:35 +0000] "GET /shop/item/suppawn123826391771 HTTP/1.1" 200 53807 kaminibeauty.com "-" "meta-externalagent/1.1 (+https://developers.facebook.com/docs/sharing/webmasters/crawler)" "-"
2a03:2880:f800:: - - [12/Mar/2026:00:04:35 +0000] "GET /shop/item/laqueary141501101737 HTTP/1.1" 200 53807 kaminibeauty.com "-" "meta-externalagent/1.1 (+https://developers.facebook.com/docs/sharing/webmasters/crawler)" "-"
2a03:2880:f800:: - - [12/Mar/2026:00:04:36 +0000] "GET /shop/item/doling163275118326 HTTP/1.1" 200 53807 kaminibeauty.com "-" "meta-externalagent/1.1 (+https://developers.facebook.com/docs/sharing/webmasters/crawler)" "-"
74.7.242.0 - - [12/Mar/2026:00:04:36 +0000] "GET /shop/item/wickedly15703950426?fileloc=//usr/bin/quotaget&path=//usr/bin HTTP/1.1" 200 18733 kaminibeauty.com "https://kaminibeauty.com/shop/item/wickedly15703950426?path=//usr/bin" "Mozilla/5.0 AppleWebKit/537.36 (KHTML, like Gecko; compatible; GPTBot/1.3; +https://openai.com/gptbot)" "-"
66.249.76.0 - - [12/Mar/2026:00:04:36 +0000] "GET /shop/item/bureaus124166296589 HTTP/1.1" 200 208234 kaminibeauty.com "-" "Mozilla/5.0 (Linux; Android 6.0.1; Nexus 5X Build/MMB29P) AppleWebKit/537.36 (KHTML, like Gecko) Chrome/145.0.7632.116 Mobile Safari/537.36 (compatible; Googlebot/2.1; +http://www.google.com/bot.html)" "-"
2a03:2880:f800:: - - [12/Mar/2026:00:04:36 +0000] "GET /shop/item/generalness173940217803 HTTP/1.1" 200 53807 kaminibeauty.com "-" "meta-externalagent/1.1 (+https://developers.facebook.com/docs/sharing/webmasters/crawler)" "-"
152.39.139.0 - - [12/Mar/2026:00:04:37 +0000] "POST /xmlrpc.php HTTP/1.1" 200 53807 kaminibeauty.com "-" "Python-xmlrpc/3.13" "-"
2a03:2880:f800:: - - [12/Mar/2026:00:04:37 +0000] "GET /shop/item/ocotea113536870612 HTTP/1.1" 200 53807 kaminibeauty.com "-" "meta-externalagent/1.1 (+https://developers.facebook.com/docs/sharing/webmasters/crawler)" "-"
2a03:2880:f800:: - - [12/Mar/2026:00:04:37 +0000] "GET /shop/item/entangling13634151544 HTTP/1.1" 200 53807 kaminibeauty.com "-" "meta-externalagent/1.1 (+https://developers.facebook.com/docs/sharing/webmasters/crawler)" "-"
216.73.216.0 - - [12/Mar/2026:00:04:37 +0000] "GET /shop/item/myomorph1152767477?path=%2F%2Fetc HTTP/1.1" 200 197502 kaminibeauty.com "-" "Mozilla/5.0 AppleWebKit/537.36 (KHTML, like Gecko; compatible; ClaudeBot/1.0; +claudebot@anthropic.com)" "-"
207.46.13.0 - - [12/Mar/2026:00:04:37 +0000] "GET /shop/item/dagtailed163363470361 HTTP/1.1" 200 194733 kaminibeauty.com "-" "Mozilla/5.0 AppleWebKit/537.36 (KHTML, like Gecko; compatible; bingbot/2.0; +http://www.bing.com/bingbot.htm) Chrome/116.0.1938.76 Safari/537.36" "-"
2a03:2880:f800:: - - [12/Mar/2026:00:04:38 +0000] "GET /shop/item/geographer114199067425 HTTP/1.1" 200 53807 kaminibeauty.com "-" "meta-externalagent/1.1 (+https://developers.facebook.com/docs/sharing/webmasters/crawler)" "-"
2a03:2880:f800:: - - [12/Mar/2026:00:04:38 +0000] "GET /shop/item/treacly172895323422 HTTP/1.1" 200 53807 kaminibeauty.com "-" "meta-externalagent/1.1 (+https://developers.facebook.com/docs/sharing/webmasters/crawler)" "-"
2a03:2880:f800:: - - [12/Mar/2026:00:04:39 +0000] "GET /shop/item/oleaginous14231055026 HTTP/1.1" 200 53807 kaminibeauty.com "-" "meta-externalagent/1.1 (+https://developers.facebook.com/docs/sharing/webmasters/crawler)" "-"
74.7.242.0 - - [12/Mar/2026:00:04:39 +0000] "GET /shop/item/wickedly15703950426?fileloc=//usr/bin/hostid&path=//usr/bin HTTP/1.1" 200 12226 kaminibeauty.com "https://kaminibeauty.com/shop/item/wickedly15703950426?path=//usr/bin" "Mozilla/5.0 AppleWebKit/537.36 (KHTML, like Gecko; compatible; GPTBot/1.3; +https://openai.com/gptbot)" "-"
2a03:2880:f800:: - - [12/Mar/2026:00:04:39 +0000] "GET /shop/item/crimsoned17109679562 HTTP/1.1" 200 53807 kaminibeauty.com "-" "meta-externalagent/1.1 (+https://developers.facebook.com/docs/sharing/webmasters/crawler)" "-"
2a03:2880:f800:: - - [12/Mar/2026:00:04:40 +0000] "GET /shop/item/decurrent124266755172 HTTP/1.1" 200 53807 kaminibeauty.com "-" "meta-externalagent/1.1 (+https://developers.facebook.com/docs/sharing/webmasters/crawler)" "-"
2a03:2880:f800:: - - [12/Mar/2026:00:04:40 +0000] "GET /shop/item/sparkling171613750486 HTTP/1.1" 200 53807 kaminibeauty.com "-" "meta-externalagent/1.1 (+https://developers.facebook.com/docs/sharing/webmasters/crawler)" "-"
66.249.66.0 - - [12/Mar/2026:00:04:40 +0000] "GET /shop/item/overran124123686469 HTTP/1.1" 200 203582 kaminibeauty.com "-" "Mozilla/5.0 (Linux; Android 6.0.1; Nexus 5X Build/MMB29P) AppleWebKit/537.36 (KHTML, like Gecko) Chrome/145.0.7632.116 Mobile Safari/537.36 (compatible; Googlebot/2.1; +http://www.google.com/bot.html)" "-"
207.46.13.0 - - [12/Mar/2026:00:04:40 +0000] "GET /shop/item/primitial122521912763 HTTP/1.1" 200 206587 kaminibeauty.com "-" "Mozilla/5.0 AppleWebKit/537.36 (KHTML, like Gecko; compatible; bingbot/2.0; +http://www.bing.com/bingbot.htm) Chrome/116.0.1938.76 Safari/537.36" "-"
2a03:2880:f800:: - - [12/Mar/2026:00:04:41 +0000] "GET /shop/item/woodwele152628450280 HTTP/1.1" 200 53807 kaminibeauty.com "-" "meta-externalagent/1.1 (+https://developers.facebook.com/docs/sharing/webmasters/crawler)" "-"
2a03:2880:f800:: - - [12/Mar/2026:00:04:41 +0000] "GET /shop/item/hungering161704330025 HTTP/1.1" 200 53807 kaminibeauty.com "-" "meta-externalagent/1.1 (+https://developers.facebook.com/docs/sharing/webmasters/crawler)" "-"
2a03:2880:f800:: - - [12/Mar/2026:00:04:42 +0000] "GET /shop/item/glycerol11233246875 HTTP/1.1" 200 53807 kaminibeauty.com "-" "meta-externalagent/1.1 (+https://developers.facebook.com/docs/sharing/webmasters/crawler)" "-"
146.19.37.0 - - [12/Mar/2026:00:04:42 +0000] "POST /xmlrpc.php HTTP/1.1" 200 53807 kaminibeauty.com "-" "Python-xmlrpc/3.13" "-"
74.7.242.0 - - [12/Mar/2026:00:04:42 +0000] "GET /shop/item/wickedly15703950426?fileloc=//usr/lib/libGraphicsMagickWand-Q16.so.2&path=//usr/lib HTTP/1.1" 200 12250 kaminibeauty.com "https://kaminibeauty.com/shop/item/wickedly15703950426?path=//usr/lib" "Mozilla/5.0 AppleWebKit/537.36 (KHTML, like Gecko; compatible; GPTBot/1.3; +https://openai.com/gptbot)" "-"
