66.249.66.0 - - [12/Mar/2026:00:32:03 +0000] "GET /shop/item/stethal153819582711 HTTP/1.1" 200 206633 kaminibeauty.com "-" "Mozilla/5.0 (Linux; Android 6.0.1; Nexus 5X Build/MMB29P) AppleWebKit/537.36 (KHTML, like Gecko) Chrome/145.0.7632.116 Mobile Safari/537.36 (compatible; Googlebot/2.1; +http://www.google.com/bot.html)" "-"
66.249.66.0 - - [12/Mar/2026:00:32:03 +0000] "GET /shop/item/uppile17213682640 HTTP/1.1" 200 211858 kaminibeauty.com "-" "Mozilla/5.0 (Linux; Android 6.0.1; Nexus 5X Build/MMB29P) AppleWebKit/537.36 (KHTML, like Gecko) Chrome/145.0.7632.116 Mobile Safari/537.36 (compatible; Googlebot/2.1; +http://www.google.com/bot.html)" "-"
2a03:2880:f800:: - - [12/Mar/2026:00:32:04 +0000] "GET /shop/item/tentifly16239782616 HTTP/1.1" 200 53807 kaminibeauty.com "-" "meta-externalagent/1.1 (+https://developers.facebook.com/docs/sharing/webmasters/crawler)" "-"
66.249.66.0 - - [12/Mar/2026:00:32:04 +0000] "GET /index.php?shop/item/bedighted132203141774 HTTP/1.1" 200 194438 kaminibeauty.com "-" "Mozilla/5.0 (Linux; Android 6.0.1; Nexus 5X Build/MMB29P) AppleWebKit/537.36 (KHTML, like Gecko) Chrome/145.0.7632.116 Mobile Safari/537.36 (compatible; Googlebot/2.1; +http://www.google.com/bot.html)" "-"
79.127.138.0 - - [12/Mar/2026:00:32:05 +0000] "GET /2019/wp-includes/wlwmanifest.xml HTTP/1.1" 200 53807 kaminibeauty.com "-" "Mozilla/5.0 (Windows NT 10.0; Win64; x64) AppleWebKit/537.36 (KHTML, like Gecko) Chrome/88.0.4240.193 Safari/537.36" "-"
2a03:2880:f800:: - - [12/Mar/2026:00:32:05 +0000] "GET /shop/item/unfaithfulness171283523766 HTTP/1.1" 200 53807 kaminibeauty.com "-" "meta-externalagent/1.1 (+https://developers.facebook.com/docs/sharing/webmasters/crawler)" "-"
74.7.242.0 - - [12/Mar/2026:00:32:05 +0000] "GET /shop/item/akene15824403989?path=//lib/php7.4 HTTP/1.1" 200 55915 kaminibeauty.com "https://kaminibeauty.com/shop/item/akene15824403989?path=//lib" "Mozilla/5.0 AppleWebKit/537.36 (KHTML, like Gecko; compatible; GPTBot/1.3; +https://openai.com/gptbot)" "-"
52.167.144.0 - - [12/Mar/2026:00:32:05 +0000] "GET /sitemap-subitems-1229.xml HTTP/1.1" 200 364852 kaminibeauty.com "-" "Mozilla/5.0 AppleWebKit/537.36 (KHTML, like Gecko; compatible; bingbot/2.0; +http://www.bing.com/bingbot.htm) Chrome/116.0.1938.76 Safari/537.36" "-"
216.73.216.0 - - [12/Mar/2026:00:32:05 +0000] "GET /?fileloc=%2Fhomepages%2F4%2Fd4297730999%2Fhtdocs%2Fwordpress%2Fwp-includes%2Fblock-supports%2Fborder.php&path=%2Fhomepages%2F4%2Fd4297730999%2Fhtdocs%2Fwordpress%2Fwp-includes%2Fblock-supports HTTP/1.1" 200 19271 www.kaminibeauty.com "-" "Mozilla/5.0 AppleWebKit/537.36 (KHTML, like Gecko; compatible; ClaudeBot/1.0; +claudebot@anthropic.com)" "-"
2a03:2880:f800:: - - [12/Mar/2026:00:32:05 +0000] "GET /shop/item/belonites16335448460 HTTP/1.1" 200 53807 kaminibeauty.com "-" "meta-externalagent/1.1 (+https://developers.facebook.com/docs/sharing/webmasters/crawler)" "-"
2a03:2880:f800:: - - [12/Mar/2026:00:32:05 +0000] "GET /shop/item/womanise12801254528 HTTP/1.1" 200 53807 kaminibeauty.com "-" "meta-externalagent/1.1 (+https://developers.facebook.com/docs/sharing/webmasters/crawler)" "-"
66.249.66.0 - - [12/Mar/2026:00:32:06 +0000] "GET /shop/item/accipiter171511771815 HTTP/1.1" 200 220338 kaminibeauty.com "-" "Mozilla/5.0 (Linux; Android 6.0.1; Nexus 5X Build/MMB29P) AppleWebKit/537.36 (KHTML, like Gecko) Chrome/145.0.7632.116 Mobile Safari/537.36 (compatible; Googlebot/2.1; +http://www.google.com/bot.html)" "-"
2a03:2880:f800:: - - [12/Mar/2026:00:32:06 +0000] "GET /shop/item/yesty163466764924 HTTP/1.1" 200 53807 kaminibeauty.com "-" "meta-externalagent/1.1 (+https://developers.facebook.com/docs/sharing/webmasters/crawler)" "-"
2a03:2880:f800:: - - [12/Mar/2026:00:32:07 +0000] "GET /shop/item/exportation12542695555 HTTP/1.1" 200 53807 kaminibeauty.com "-" "meta-externalagent/1.1 (+https://developers.facebook.com/docs/sharing/webmasters/crawler)" "-"
2a03:2880:f800:: - - [12/Mar/2026:00:32:07 +0000] "GET /shop/item/sugarless172269575627 HTTP/1.1" 200 53807 kaminibeauty.com "-" "meta-externalagent/1.1 (+https://developers.facebook.com/docs/sharing/webmasters/crawler)" "-"
2a03:2880:f800:: - - [12/Mar/2026:00:32:08 +0000] "GET /shop/item/tenosynovitis12630723613 HTTP/1.1" 200 53807 kaminibeauty.com "-" "meta-externalagent/1.1 (+https://developers.facebook.com/docs/sharing/webmasters/crawler)" "-"
79.127.138.0 - - [12/Mar/2026:00:32:08 +0000] "GET /shop/wp-includes/wlwmanifest.xml HTTP/1.1" 200 53807 kaminibeauty.com "-" "Mozilla/5.0 (Windows NT 10.0; Win64; x64) AppleWebKit/537.36 (KHTML, like Gecko) Chrome/88.0.4240.193 Safari/537.36" "-"
74.7.242.0 - - [12/Mar/2026:00:32:08 +0000] "GET /shop/item/juncea15497631269?path=//etc/rcS.d HTTP/1.1" 200 15479 kaminibeauty.com "https://kaminibeauty.com/shop/item/juncea15497631269?path=//etc" "Mozilla/5.0 AppleWebKit/537.36 (KHTML, like Gecko; compatible; GPTBot/1.3; +https://openai.com/gptbot)" "-"
52.167.144.0 - - [12/Mar/2026:00:32:08 +0000] "GET /sitemap-subitems-1188.xml HTTP/1.1" 200 364776 kaminibeauty.com "-" "Mozilla/5.0 AppleWebKit/537.36 (KHTML, like Gecko; compatible; bingbot/2.0; +http://www.bing.com/bingbot.htm) Chrome/116.0.1938.76 Safari/537.36" "-"
2a03:2880:f800:: - - [12/Mar/2026:00:32:08 +0000] "GET /shop/item/tympanites174051661827 HTTP/1.1" 200 53807 kaminibeauty.com "-" "meta-externalagent/1.1 (+https://developers.facebook.com/docs/sharing/webmasters/crawler)" "-"
2a03:2880:f800:: - - [12/Mar/2026:00:32:09 +0000] "GET /shop/item/cajoler171563230409 HTTP/1.1" 200 53807 kaminibeauty.com "-" "meta-externalagent/1.1 (+https://developers.facebook.com/docs/sharing/webmasters/crawler)" "-"
51.195.215.0 - - [12/Mar/2026:00:32:09 +0000] "GET /shop/item/nemorous161268301709?path=/homepages/20 HTTP/1.1" 200 24677 kaminibeauty.com "-" "Mozilla/5.0 (compatible; AhrefsBot/7.0; +http://ahrefs.com/robot/)" "-"
2a03:2880:f800:: - - [12/Mar/2026:00:32:09 +0000] "GET /shop/item/gentleman171483820790 HTTP/1.1" 200 53807 kaminibeauty.com "-" "meta-externalagent/1.1 (+https://developers.facebook.com/docs/sharing/webmasters/crawler)" "-"
2a03:2880:f800:: - - [12/Mar/2026:00:32:09 +0000] "GET /shop/item/pentadactyloid131561932036 HTTP/1.1" 200 53807 kaminibeauty.com "-" "meta-externalagent/1.1 (+https://developers.facebook.com/docs/sharing/webmasters/crawler)" "-"
2a03:2880:f800:: - - [12/Mar/2026:00:32:10 +0000] "GET /shop/item/chiming152678364065 HTTP/1.1" 200 53807 kaminibeauty.com "-" "meta-externalagent/1.1 (+https://developers.facebook.com/docs/sharing/webmasters/crawler)" "-"
162.43.249.0 - - [12/Mar/2026:00:32:11 +0000] "POST /xmlrpc.php HTTP/1.1" 200 53807 kaminibeauty.com "-" "Python-xmlrpc/3.13" "-"
2a03:2880:f800:: - - [12/Mar/2026:00:32:11 +0000] "GET /shop/item/vespertilionine142178157856 HTTP/1.1" 200 53807 kaminibeauty.com "-" "meta-externalagent/1.1 (+https://developers.facebook.com/docs/sharing/webmasters/crawler)" "-"
74.7.242.0 - - [12/Mar/2026:00:32:11 +0000] "GET /shop/item/cuffy15857294865?path=//tmp HTTP/1.1" 200 952748 kaminibeauty.com "https://kaminibeauty.com/shop/item/cuffy15857294865?path=/" "Mozilla/5.0 AppleWebKit/537.36 (KHTML, like Gecko; compatible; GPTBot/1.3; +https://openai.com/gptbot)" "-"
2a03:2880:f800:: - - [12/Mar/2026:00:32:11 +0000] "GET /shop/item/aposoro141901191055 HTTP/1.1" 200 53807 kaminibeauty.com "-" "meta-externalagent/1.1 (+https://developers.facebook.com/docs/sharing/webmasters/crawler)" "-"
52.167.144.0 - - [12/Mar/2026:00:32:11 +0000] "GET /sitemap-subitems-1316.xml HTTP/1.1" 200 365126 kaminibeauty.com "-" "Mozilla/5.0 AppleWebKit/537.36 (KHTML, like Gecko; compatible; bingbot/2.0; +http://www.bing.com/bingbot.htm) Chrome/116.0.1938.76 Safari/537.36" "-"
2a03:2880:f800:: - - [12/Mar/2026:00:32:11 +0000] "GET /shop/item/countercaster163312604334 HTTP/1.1" 200 53807 kaminibeauty.com "-" "meta-externalagent/1.1 (+https://developers.facebook.com/docs/sharing/webmasters/crawler)" "-"
2a03:2880:f800:: - - [12/Mar/2026:00:32:12 +0000] "GET /shop/item/pesage1764686184 HTTP/1.1" 200 53807 kaminibeauty.com "-" "meta-externalagent/1.1 (+https://developers.facebook.com/docs/sharing/webmasters/crawler)" "-"
2a03:2880:f800:: - - [12/Mar/2026:00:32:13 +0000] "GET /shop/item/bisexuous173943214802 HTTP/1.1" 200 53807 kaminibeauty.com "-" "meta-externalagent/1.1 (+https://developers.facebook.com/docs/sharing/webmasters/crawler)" "-"
2a03:2880:f800:: - - [12/Mar/2026:00:32:13 +0000] "GET /shop/item/broadcasting162631105153 HTTP/1.1" 200 53807 kaminibeauty.com "-" "meta-externalagent/1.1 (+https://developers.facebook.com/docs/sharing/webmasters/crawler)" "-"
66.249.76.0 - - [12/Mar/2026:00:32:13 +0000] "GET /shop/item/hyposulphite17992848949 HTTP/1.1" 200 202500 kaminibeauty.com "-" "Mozilla/5.0 (Linux; Android 6.0.1; Nexus 5X Build/MMB29P) AppleWebKit/537.36 (KHTML, like Gecko) Chrome/145.0.7632.116 Mobile Safari/537.36 (compatible; Googlebot/2.1; +http://www.google.com/bot.html)" "-"
2a03:2880:f800:: - - [12/Mar/2026:00:32:13 +0000] "GET /shop/item/impolitic171591120307 HTTP/1.1" 200 53807 kaminibeauty.com "-" "meta-externalagent/1.1 (+https://developers.facebook.com/docs/sharing/webmasters/crawler)" "-"
52.167.144.0 - - [12/Mar/2026:00:32:14 +0000] "GET /shop/item/protuberant141659721256 HTTP/1.1" 200 209965 kaminibeauty.com "-" "Mozilla/5.0 AppleWebKit/537.36 (KHTML, like Gecko; compatible; bingbot/2.0; +http://www.bing.com/bingbot.htm) Chrome/116.0.1938.76 Safari/537.36" "-"
74.7.242.0 - - [12/Mar/2026:00:32:14 +0000] "GET /shop/item/hydra15646805907?path=//proc HTTP/1.1" 200 103700 kaminibeauty.com "https://kaminibeauty.com/shop/item/hydra15646805907?path=/" "Mozilla/5.0 AppleWebKit/537.36 (KHTML, like Gecko; compatible; GPTBot/1.3; +https://openai.com/gptbot)" "-"
2a03:2880:f800:: - - [12/Mar/2026:00:32:15 +0000] "GET /shop/item/podiceps162173766401 HTTP/1.1" 200 53807 kaminibeauty.com "-" "meta-externalagent/1.1 (+https://developers.facebook.com/docs/sharing/webmasters/crawler)" "-"
2a03:2880:f800:: - - [12/Mar/2026:00:32:15 +0000] "GET /shop/item/flashlight163858658804 HTTP/1.1" 200 53807 kaminibeauty.com "-" "meta-externalagent/1.1 (+https://developers.facebook.com/docs/sharing/webmasters/crawler)" "-"
79.127.138.0 - - [12/Mar/2026:00:32:15 +0000] "GET /wp1/wp-includes/wlwmanifest.xml HTTP/1.1" 200 53807 kaminibeauty.com "-" "Mozilla/5.0 (Windows NT 10.0; Win64; x64) AppleWebKit/537.36 (KHTML, like Gecko) Chrome/88.0.4240.193 Safari/537.36" "-"
157.55.39.0 - - [12/Mar/2026:00:32:15 +0000] "GET /shop/item/reintroduction11429651794 HTTP/1.1" 200 234626 www.kaminibeauty.com "-" "Mozilla/5.0 AppleWebKit/537.36 (KHTML, like Gecko; compatible; bingbot/2.0; +http://www.bing.com/bingbot.htm) Chrome/116.0.1938.76 Safari/537.36" "-"
2a03:2880:f800:: - - [12/Mar/2026:00:32:15 +0000] "GET /shop/item/explosion17483143631 HTTP/1.1" 200 53807 kaminibeauty.com "-" "meta-externalagent/1.1 (+https://developers.facebook.com/docs/sharing/webmasters/crawler)" "-"
2a03:2880:f800:: - - [12/Mar/2026:00:32:15 +0000] "GET /shop/item/petrescent134029223266 HTTP/1.1" 200 53807 kaminibeauty.com "-" "meta-externalagent/1.1 (+https://developers.facebook.com/docs/sharing/webmasters/crawler)" "-"
2a03:2880:f800:: - - [12/Mar/2026:00:32:16 +0000] "GET /shop/item/franion1537078335 HTTP/1.1" 200 53807 kaminibeauty.com "-" "meta-externalagent/1.1 (+https://developers.facebook.com/docs/sharing/webmasters/crawler)" "-"
2a03:2880:f800:: - - [12/Mar/2026:00:32:17 +0000] "GET /shop/item/osteopathic132827188453 HTTP/1.1" 200 53807 kaminibeauty.com "-" "meta-externalagent/1.1 (+https://developers.facebook.com/docs/sharing/webmasters/crawler)" "-"
52.167.144.0 - - [12/Mar/2026:00:32:17 +0000] "GET /sitemap-subitems-1171.xml HTTP/1.1" 200 364993 kaminibeauty.com "-" "Mozilla/5.0 AppleWebKit/537.36 (KHTML, like Gecko; compatible; bingbot/2.0; +http://www.bing.com/bingbot.htm) Chrome/116.0.1938.76 Safari/537.36" "-"
2a03:2880:f800:: - - [12/Mar/2026:00:32:17 +0000] "GET /shop/item/grumly17149964349 HTTP/1.1" 200 53807 kaminibeauty.com "-" "meta-externalagent/1.1 (+https://developers.facebook.com/docs/sharing/webmasters/crawler)" "-"
74.7.242.0 - - [12/Mar/2026:00:32:17 +0000] "GET /shop/item/juncea15497631269?path=//tmp HTTP/1.1" 200 952748 kaminibeauty.com "https://kaminibeauty.com/shop/item/juncea15497631269?path=/" "Mozilla/5.0 AppleWebKit/537.36 (KHTML, like Gecko; compatible; GPTBot/1.3; +https://openai.com/gptbot)" "-"
66.249.66.0 - - [12/Mar/2026:00:32:17 +0000] "GET /shop/item/fluviatile172076465376 HTTP/1.1" 200 199310 kaminibeauty.com "-" "Mozilla/5.0 (Linux; Android 6.0.1; Nexus 5X Build/MMB29P) AppleWebKit/537.36 (KHTML, like Gecko) Chrome/145.0.7632.116 Mobile Safari/537.36 (compatible; Googlebot/2.1; +http://www.google.com/bot.html)" "-"
2a03:2880:f800:: - - [12/Mar/2026:00:32:18 +0000] "GET /shop/item/rosasinensis13369552915 HTTP/1.1" 200 53807 kaminibeauty.com "-" "meta-externalagent/1.1 (+https://developers.facebook.com/docs/sharing/webmasters/crawler)" "-"
2a03:2880:f800:: - - [12/Mar/2026:00:32:18 +0000] "GET /shop/item/corrump17164502897 HTTP/1.1" 200 53807 kaminibeauty.com "-" "meta-externalagent/1.1 (+https://developers.facebook.com/docs/sharing/webmasters/crawler)" "-"
2a03:2880:f800:: - - [12/Mar/2026:00:32:19 +0000] "GET /shop/item/cystine17452739737 HTTP/1.1" 200 53807 kaminibeauty.com "-" "meta-externalagent/1.1 (+https://developers.facebook.com/docs/sharing/webmasters/crawler)" "-"
52.167.144.0 - - [12/Mar/2026:00:32:19 +0000] "GET /shop/item/restore14639502883 HTTP/1.1" 200 191755 www.kaminibeauty.com "-" "Mozilla/5.0 AppleWebKit/537.36 (KHTML, like Gecko; compatible; bingbot/2.0; +http://www.bing.com/bingbot.htm) Chrome/116.0.1938.76 Safari/537.36" "-"
2a03:2880:f800:: - - [12/Mar/2026:00:32:19 +0000] "GET /shop/item/boomslange17698089798 HTTP/1.1" 200 53807 kaminibeauty.com "-" "meta-externalagent/1.1 (+https://developers.facebook.com/docs/sharing/webmasters/crawler)" "-"
2a03:2880:f800:: - - [12/Mar/2026:00:32:20 +0000] "GET /shop/item/sisyrinchium142165215056 HTTP/1.1" 200 53807 kaminibeauty.com "-" "meta-externalagent/1.1 (+https://developers.facebook.com/docs/sharing/webmasters/crawler)" "-"
2a03:2880:f800:: - - [12/Mar/2026:00:32:20 +0000] "GET /shop/item/tribunate162027178562 HTTP/1.1" 200 53807 kaminibeauty.com "-" "meta-externalagent/1.1 (+https://developers.facebook.com/docs/sharing/webmasters/crawler)" "-"
52.167.144.0 - - [12/Mar/2026:00:32:20 +0000] "GET /sitemap-subitems-1604.xml HTTP/1.1" 200 365016 kaminibeauty.com "-" "Mozilla/5.0 AppleWebKit/537.36 (KHTML, like Gecko; compatible; bingbot/2.0; +http://www.bing.com/bingbot.htm) Chrome/116.0.1938.76 Safari/537.36" "-"
74.7.242.0 - - [12/Mar/2026:00:32:20 +0000] "GET /shop/item/albans15354628930?path=//tmp HTTP/1.1" 200 952748 kaminibeauty.com "https://kaminibeauty.com/shop/item/albans15354628930?path=/" "Mozilla/5.0 AppleWebKit/537.36 (KHTML, like Gecko; compatible; GPTBot/1.3; +https://openai.com/gptbot)" "-"
2a03:2880:f800:: - - [12/Mar/2026:00:32:20 +0000] "GET /shop/item/poulp122458383262 HTTP/1.1" 200 53807 kaminibeauty.com "-" "meta-externalagent/1.1 (+https://developers.facebook.com/docs/sharing/webmasters/crawler)" "-"
2a03:2880:f800:: - - [12/Mar/2026:00:32:21 +0000] "GET /shop/item/mountainprenominal113290664611 HTTP/1.1" 200 53807 kaminibeauty.com "-" "meta-externalagent/1.1 (+https://developers.facebook.com/docs/sharing/webmasters/crawler)" "-"
2a03:2880:f800:: - - [12/Mar/2026:00:32:22 +0000] "GET /shop/item/telautograph162552262386 HTTP/1.1" 200 53807 kaminibeauty.com "-" "meta-externalagent/1.1 (+https://developers.facebook.com/docs/sharing/webmasters/crawler)" "-"
2a03:2880:f800:: - - [12/Mar/2026:00:32:22 +0000] "GET /shop/item/frontier163310410359 HTTP/1.1" 200 53807 kaminibeauty.com "-" "meta-externalagent/1.1 (+https://developers.facebook.com/docs/sharing/webmasters/crawler)" "-"
2a03:2880:f800:: - - [12/Mar/2026:00:32:23 +0000] "GET /shop/item/dolman163708939453 HTTP/1.1" 200 53807 kaminibeauty.com "-" "meta-externalagent/1.1 (+https://developers.facebook.com/docs/sharing/webmasters/crawler)" "-"
2a03:2880:f800:: - - [12/Mar/2026:00:32:23 +0000] "GET /shop/item/culminant16525040303 HTTP/1.1" 200 53807 kaminibeauty.com "-" "meta-externalagent/1.1 (+https://developers.facebook.com/docs/sharing/webmasters/crawler)" "-"
2a03:2880:f800:: - - [12/Mar/2026:00:32:23 +0000] "GET /shop/item/casemented17678112139 HTTP/1.1" 200 53807 kaminibeauty.com "-" "meta-externalagent/1.1 (+https://developers.facebook.com/docs/sharing/webmasters/crawler)" "-"
74.7.242.0 - - [12/Mar/2026:00:32:24 +0000] "GET /shop/item/juncea15497631269?fileloc=//etc/rc3.d/S01rsync&path=//etc/rc3.d HTTP/1.1" 200 17142 kaminibeauty.com "https://kaminibeauty.com/shop/item/juncea15497631269?path=//etc/rc3.d" "Mozilla/5.0 AppleWebKit/537.36 (KHTML, like Gecko; compatible; GPTBot/1.3; +https://openai.com/gptbot)" "-"
207.46.13.0 - - [12/Mar/2026:00:32:24 +0000] "GET /shop/item/proselyting14418059815 HTTP/1.1" 200 198443 kaminibeauty.com "-" "Mozilla/5.0 AppleWebKit/537.36 (KHTML, like Gecko; compatible; bingbot/2.0; +http://www.bing.com/bingbot.htm) Chrome/116.0.1938.76 Safari/537.36" "-"
2a03:2880:f800:: - - [12/Mar/2026:00:32:24 +0000] "GET /shop/item/pretaporter171238075153 HTTP/1.1" 200 53807 kaminibeauty.com "-" "meta-externalagent/1.1 (+https://developers.facebook.com/docs/sharing/webmasters/crawler)" "-"
2a03:2880:f800:: - - [12/Mar/2026:00:32:25 +0000] "GET /shop/item/loiterer13465062437 HTTP/1.1" 200 53807 kaminibeauty.com "-" "meta-externalagent/1.1 (+https://developers.facebook.com/docs/sharing/webmasters/crawler)" "-"
2a03:2880:f800:: - - [12/Mar/2026:00:32:25 +0000] "GET /shop/item/diallage1230350530 HTTP/1.1" 200 53807 kaminibeauty.com "-" "meta-externalagent/1.1 (+https://developers.facebook.com/docs/sharing/webmasters/crawler)" "-"
79.127.138.0 - - [12/Mar/2026:00:32:25 +0000] "GET /test/wp-includes/wlwmanifest.xml HTTP/1.1" 200 53807 kaminibeauty.com "-" "Mozilla/5.0 (Windows NT 10.0; Win64; x64) AppleWebKit/537.36 (KHTML, like Gecko) Chrome/88.0.4240.193 Safari/537.36" "-"
2a03:2880:f800:: - - [12/Mar/2026:00:32:25 +0000] "GET /shop/item/subbeadle162028536736 HTTP/1.1" 200 53807 kaminibeauty.com "-" "meta-externalagent/1.1 (+https://developers.facebook.com/docs/sharing/webmasters/crawler)" "-"
66.249.66.0 - - [12/Mar/2026:00:32:26 +0000] "GET /shop/item/degressive17825100614 HTTP/1.1" 200 202833 kaminibeauty.com "-" "Mozilla/5.0 (Linux; Android 6.0.1; Nexus 5X Build/MMB29P) AppleWebKit/537.36 (KHTML, like Gecko) Chrome/145.0.7632.116 Mobile Safari/537.36 (compatible; Googlebot/2.1; +http://www.google.com/bot.html)" "-"
2a03:2880:f800:: - - [12/Mar/2026:00:32:26 +0000] "GET /shop/item/scaling173330301514 HTTP/1.1" 200 53807 kaminibeauty.com "-" "meta-externalagent/1.1 (+https://developers.facebook.com/docs/sharing/webmasters/crawler)" "-"
207.46.13.0 - - [12/Mar/2026:00:32:26 +0000] "GET /shop/item/tattler171767185185 HTTP/1.1" 200 217686 kaminibeauty.com "-" "Mozilla/5.0 AppleWebKit/537.36 (KHTML, like Gecko; compatible; bingbot/2.0; +http://www.bing.com/bingbot.htm) Chrome/116.0.1938.76 Safari/537.36" "-"
2a03:2880:f800:: - - [12/Mar/2026:00:32:27 +0000] "GET /shop/item/portfolio11181505518 HTTP/1.1" 200 53807 kaminibeauty.com "-" "meta-externalagent/1.1 (+https://developers.facebook.com/docs/sharing/webmasters/crawler)" "-"
74.7.242.0 - - [12/Mar/2026:00:32:27 +0000] "GET /shop/item/glozer15183980130?path=//usr HTTP/1.1" 200 28053 kaminibeauty.com "https://kaminibeauty.com/shop/item/glozer15183980130?path=/" "Mozilla/5.0 AppleWebKit/537.36 (KHTML, like Gecko; compatible; GPTBot/1.3; +https://openai.com/gptbot)" "-"
66.249.66.0 - - [12/Mar/2026:00:32:27 +0000] "GET /shop/item/insessores113109385964 HTTP/1.1" 200 199414 kaminibeauty.com "-" "Mozilla/5.0 (Linux; Android 6.0.1; Nexus 5X Build/MMB29P) AppleWebKit/537.36 (KHTML, like Gecko) Chrome/145.0.7632.116 Mobile Safari/537.36 (compatible; Googlebot/2.1; +http://www.google.com/bot.html)" "-"
2a03:2880:f800:: - - [12/Mar/2026:00:32:27 +0000] "GET /shop/item/instilment163887906892 HTTP/1.1" 200 53807 kaminibeauty.com "-" "meta-externalagent/1.1 (+https://developers.facebook.com/docs/sharing/webmasters/crawler)" "-"
2a03:2880:f800:: - - [12/Mar/2026:00:32:27 +0000] "GET /shop/item/feasor173262838779 HTTP/1.1" 200 53807 kaminibeauty.com "-" "meta-externalagent/1.1 (+https://developers.facebook.com/docs/sharing/webmasters/crawler)" "-"
2a03:2880:f800:: - - [12/Mar/2026:00:32:28 +0000] "GET /shop/item/snipsnap17693957181 HTTP/1.1" 200 53807 kaminibeauty.com "-" "meta-externalagent/1.1 (+https://developers.facebook.com/docs/sharing/webmasters/crawler)" "-"
2a03:2880:f800:: - - [12/Mar/2026:00:32:28 +0000] "GET /shop/item/flindosa17859427319 HTTP/1.1" 200 53807 kaminibeauty.com "-" "meta-externalagent/1.1 (+https://developers.facebook.com/docs/sharing/webmasters/crawler)" "-"
66.249.66.0 - - [12/Mar/2026:00:32:28 +0000] "GET /shop/item/doormat17427230054 HTTP/1.1" 200 249984 kaminibeauty.com "-" "Mozilla/5.0 (Linux; Android 6.0.1; Nexus 5X Build/MMB29P) AppleWebKit/537.36 (KHTML, like Gecko) Chrome/145.0.7632.116 Mobile Safari/537.36 (compatible; Googlebot/2.1; +http://www.google.com/bot.html)" "-"
2a03:2880:f800:: - - [12/Mar/2026:00:32:29 +0000] "GET /shop/item/lastingly152652481765 HTTP/1.1" 200 53807 kaminibeauty.com "-" "meta-externalagent/1.1 (+https://developers.facebook.com/docs/sharing/webmasters/crawler)" "-"
2a03:2880:f800:: - - [12/Mar/2026:00:32:29 +0000] "GET /shop/item/frigg171401455958 HTTP/1.1" 200 53807 kaminibeauty.com "-" "meta-externalagent/1.1 (+https://developers.facebook.com/docs/sharing/webmasters/crawler)" "-"
207.46.13.0 - - [12/Mar/2026:00:32:29 +0000] "GET /shop/item/haematite11346095861 HTTP/1.1" 200 198800 kaminibeauty.com "-" "Mozilla/5.0 AppleWebKit/537.36 (KHTML, like Gecko; compatible; bingbot/2.0; +http://www.bing.com/bingbot.htm) Chrome/116.0.1938.76 Safari/537.36" "-"
74.7.242.0 - - [12/Mar/2026:00:32:30 +0000] "GET /shop/item/albans15354628930?path=//mnt HTTP/1.1" 200 15177 kaminibeauty.com "https://kaminibeauty.com/shop/item/albans15354628930?path=/" "Mozilla/5.0 AppleWebKit/537.36 (KHTML, like Gecko; compatible; GPTBot/1.3; +https://openai.com/gptbot)" "-"
79.127.138.0 - - [12/Mar/2026:00:32:30 +0000] "GET /wp2/wp-includes/wlwmanifest.xml HTTP/1.1" 200 53807 kaminibeauty.com "-" "Mozilla/5.0 (Windows NT 10.0; Win64; x64) AppleWebKit/537.36 (KHTML, like Gecko) Chrome/88.0.4240.193 Safari/537.36" "-"
2a03:2880:f800:: - - [12/Mar/2026:00:32:30 +0000] "GET /shop/item/farmers17266404602 HTTP/1.1" 200 53807 kaminibeauty.com "-" "meta-externalagent/1.1 (+https://developers.facebook.com/docs/sharing/webmasters/crawler)" "-"
2a03:2880:f800:: - - [12/Mar/2026:00:32:31 +0000] "GET /shop/item/dementate172516529770 HTTP/1.1" 200 53807 kaminibeauty.com "-" "meta-externalagent/1.1 (+https://developers.facebook.com/docs/sharing/webmasters/crawler)" "-"
2a03:2880:f800:: - - [12/Mar/2026:00:32:31 +0000] "GET /shop/item/concent172141765209 HTTP/1.1" 200 53807 kaminibeauty.com "-" "meta-externalagent/1.1 (+https://developers.facebook.com/docs/sharing/webmasters/crawler)" "-"
2a03:2880:f800:: - - [12/Mar/2026:00:32:31 +0000] "GET /shop/item/ribaudy111018088722 HTTP/1.1" 200 53807 kaminibeauty.com "-" "meta-externalagent/1.1 (+https://developers.facebook.com/docs/sharing/webmasters/crawler)" "-"
2a03:2880:f800:: - - [12/Mar/2026:00:32:32 +0000] "GET /shop/item/cupping153891877192 HTTP/1.1" 200 53807 kaminibeauty.com "-" "meta-externalagent/1.1 (+https://developers.facebook.com/docs/sharing/webmasters/crawler)" "-"
207.46.13.0 - - [12/Mar/2026:00:32:32 +0000] "GET /shop/item/palpi161054254961 HTTP/1.1" 200 206229 kaminibeauty.com "-" "Mozilla/5.0 AppleWebKit/537.36 (KHTML, like Gecko; compatible; bingbot/2.0; +http://www.bing.com/bingbot.htm) Chrome/116.0.1938.76 Safari/537.36" "-"
2a03:2880:f800:: - - [12/Mar/2026:00:32:33 +0000] "GET /shop/item/yourself113593544657 HTTP/1.1" 200 53807 kaminibeauty.com "-" "meta-externalagent/1.1 (+https://developers.facebook.com/docs/sharing/webmasters/crawler)" "-"
74.7.242.0 - - [12/Mar/2026:00:32:33 +0000] "GET /shop/item/rondo15475082493?path=//boot HTTP/1.1" 200 12607 kaminibeauty.com "https://kaminibeauty.com/shop/item/rondo15475082493?path=/" "Mozilla/5.0 AppleWebKit/537.36 (KHTML, like Gecko; compatible; GPTBot/1.3; +https://openai.com/gptbot)" "-"
2a03:2880:f800:: - - [12/Mar/2026:00:32:33 +0000] "GET /shop/item/perempt16689616968 HTTP/1.1" 200 53807 kaminibeauty.com "-" "meta-externalagent/1.1 (+https://developers.facebook.com/docs/sharing/webmasters/crawler)" "-"
198.244.240.0 - - [12/Mar/2026:00:32:33 +0000] "GET /shop/item/nemorous161268301709?path=/homepages/2 HTTP/1.1" 200 20649 kaminibeauty.com "-" "Mozilla/5.0 (compatible; AhrefsBot/7.0; +http://ahrefs.com/robot/)" "-"
2a03:2880:f800:: - - [12/Mar/2026:00:32:34 +0000] "GET /shop/item/enforce163031229051 HTTP/1.1" 200 53807 kaminibeauty.com "-" "meta-externalagent/1.1 (+https://developers.facebook.com/docs/sharing/webmasters/crawler)" "-"
2a03:2880:f800:: - - [12/Mar/2026:00:32:34 +0000] "GET /shop/item/chartographer172248721124 HTTP/1.1" 200 53807 kaminibeauty.com "-" "meta-externalagent/1.1 (+https://developers.facebook.com/docs/sharing/webmasters/crawler)" "-"
2a03:2880:f800:: - - [12/Mar/2026:00:32:35 +0000] "GET /shop/item/boilery131738708848 HTTP/1.1" 200 53807 kaminibeauty.com "-" "meta-externalagent/1.1 (+https://developers.facebook.com/docs/sharing/webmasters/crawler)" "-"
2a03:2880:f800:: - - [12/Mar/2026:00:32:35 +0000] "GET /shop/item/chairperson171025178999 HTTP/1.1" 200 53807 kaminibeauty.com "-" "meta-externalagent/1.1 (+https://developers.facebook.com/docs/sharing/webmasters/crawler)" "-"
2a03:2880:f800:: - - [12/Mar/2026:00:32:35 +0000] "GET /shop/item/incommunicative11702017837 HTTP/1.1" 200 53807 kaminibeauty.com "-" "meta-externalagent/1.1 (+https://developers.facebook.com/docs/sharing/webmasters/crawler)" "-"
207.46.13.0 - - [12/Mar/2026:00:32:35 +0000] "GET /shop/item/caripensis122193862570 HTTP/1.1" 200 215539 kaminibeauty.com "-" "Mozilla/5.0 AppleWebKit/537.36 (KHTML, like Gecko; compatible; bingbot/2.0; +http://www.bing.com/bingbot.htm) Chrome/116.0.1938.76 Safari/537.36" "-"
2a03:2880:f800:: - - [12/Mar/2026:00:32:36 +0000] "GET /shop/item/diamonded171493617258 HTTP/1.1" 200 53807 kaminibeauty.com "-" "meta-externalagent/1.1 (+https://developers.facebook.com/docs/sharing/webmasters/crawler)" "-"
66.249.66.0 - - [12/Mar/2026:00:32:36 +0000] "GET /shop/item/niopo171146829289 HTTP/1.1" 200 206059 kaminibeauty.com "-" "Mozilla/5.0 (Linux; Android 6.0.1; Nexus 5X Build/MMB29P) AppleWebKit/537.36 (KHTML, like Gecko) Chrome/145.0.7632.116 Mobile Safari/537.36 (compatible; Googlebot/2.1; +http://www.google.com/bot.html)" "-"
74.7.242.0 - - [12/Mar/2026:00:32:36 +0000] "GET /shop/item/crazing153459408516?path=//libx32 HTTP/1.1" 200 12611 kaminibeauty.com "https://kaminibeauty.com/shop/item/crazing153459408516?path=/" "Mozilla/5.0 AppleWebKit/537.36 (KHTML, like Gecko; compatible; GPTBot/1.3; +https://openai.com/gptbot)" "-"
2a03:2880:f800:: - - [12/Mar/2026:00:32:37 +0000] "GET /shop/item/classible13166755797 HTTP/1.1" 200 53807 kaminibeauty.com "-" "meta-externalagent/1.1 (+https://developers.facebook.com/docs/sharing/webmasters/crawler)" "-"
2a03:2880:f800:: - - [12/Mar/2026:00:32:37 +0000] "GET /shop/item/liberated142748476100 HTTP/1.1" 200 53807 kaminibeauty.com "-" "meta-externalagent/1.1 (+https://developers.facebook.com/docs/sharing/webmasters/crawler)" "-"
2a03:2880:f800:: - - [12/Mar/2026:00:32:38 +0000] "GET /shop/item/theomachy112499986911 HTTP/1.1" 200 53807 kaminibeauty.com "-" "meta-externalagent/1.1 (+https://developers.facebook.com/docs/sharing/webmasters/crawler)" "-"
2a03:2880:f800:: - - [12/Mar/2026:00:32:38 +0000] "GET /shop/item/siderographist121791920994 HTTP/1.1" 200 53807 kaminibeauty.com "-" "meta-externalagent/1.1 (+https://developers.facebook.com/docs/sharing/webmasters/crawler)" "-"
207.46.13.0 - - [12/Mar/2026:00:32:38 +0000] "GET /shop/item/prefecundatory174218256192 HTTP/1.1" 200 202416 kaminibeauty.com "-" "Mozilla/5.0 AppleWebKit/537.36 (KHTML, like Gecko; compatible; bingbot/2.0; +http://www.bing.com/bingbot.htm) Chrome/116.0.1938.76 Safari/537.36" "-"
2a03:2880:f800:: - - [12/Mar/2026:00:32:39 +0000] "GET /shop/item/chancrous12136953129 HTTP/1.1" 200 53807 kaminibeauty.com "-" "meta-externalagent/1.1 (+https://developers.facebook.com/docs/sharing/webmasters/crawler)" "-"
2a03:2880:f800:: - - [12/Mar/2026:00:32:39 +0000] "GET /shop/item/antiopa123362388111 HTTP/1.1" 200 53807 kaminibeauty.com "-" "meta-externalagent/1.1 (+https://developers.facebook.com/docs/sharing/webmasters/crawler)" "-"
74.7.242.0 - - [12/Mar/2026:00:32:39 +0000] "GET /shop/item/currency153099074866?path=//lib32 HTTP/1.1" 200 12609 kaminibeauty.com "https://kaminibeauty.com/shop/item/currency153099074866?path=/" "Mozilla/5.0 AppleWebKit/537.36 (KHTML, like Gecko; compatible; GPTBot/1.3; +https://openai.com/gptbot)" "-"
79.127.138.0 - - [12/Mar/2026:00:32:39 +0000] "GET /site/wp-includes/wlwmanifest.xml HTTP/1.1" 200 53807 kaminibeauty.com "-" "Mozilla/5.0 (Windows NT 10.0; Win64; x64) AppleWebKit/537.36 (KHTML, like Gecko) Chrome/88.0.4240.193 Safari/537.36" "-"
45.136.11.0 - - [12/Mar/2026:00:32:40 +0000] "POST /xmlrpc.php HTTP/1.1" 200 53807 kaminibeauty.com "-" "Python-xmlrpc/3.13" "-"
2a03:2880:f800:: - - [12/Mar/2026:00:32:40 +0000] "GET /shop/item/debellate161565153685 HTTP/1.1" 200 53807 kaminibeauty.com "-" "meta-externalagent/1.1 (+https://developers.facebook.com/docs/sharing/webmasters/crawler)" "-"
66.249.66.0 - - [12/Mar/2026:00:32:40 +0000] "GET /shop/item/perlid173957171990 HTTP/1.1" 200 206314 kaminibeauty.com "-" "Mozilla/5.0 (Linux; Android 6.0.1; Nexus 5X Build/MMB29P) AppleWebKit/537.36 (KHTML, like Gecko) Chrome/145.0.7632.116 Mobile Safari/537.36 (compatible; Googlebot/2.1; +http://www.google.com/bot.html)" "-"
2a03:2880:f800:: - - [12/Mar/2026:00:32:40 +0000] "GET /shop/item/precurrer143297478212 HTTP/1.1" 200 53807 kaminibeauty.com "-" "meta-externalagent/1.1 (+https://developers.facebook.com/docs/sharing/webmasters/crawler)" "-"
2a03:2880:f800:: - - [12/Mar/2026:00:32:40 +0000] "GET /shop/item/bottony173093660946 HTTP/1.1" 200 53807 kaminibeauty.com "-" "meta-externalagent/1.1 (+https://developers.facebook.com/docs/sharing/webmasters/crawler)" "-"
2a03:2880:f800:: - - [12/Mar/2026:00:32:41 +0000] "GET /shop/item/tuckeri132451071695 HTTP/1.1" 200 53807 kaminibeauty.com "-" "meta-externalagent/1.1 (+https://developers.facebook.com/docs/sharing/webmasters/crawler)" "-"
2a03:2880:f800:: - - [12/Mar/2026:00:32:41 +0000] "GET /shop/item/darmee171807724935 HTTP/1.1" 200 53807 kaminibeauty.com "-" "meta-externalagent/1.1 (+https://developers.facebook.com/docs/sharing/webmasters/crawler)" "-"
207.46.13.0 - - [12/Mar/2026:00:32:41 +0000] "GET /shop/item/novelties172905103574 HTTP/1.1" 200 210420 kaminibeauty.com "-" "Mozilla/5.0 AppleWebKit/537.36 (KHTML, like Gecko; compatible; bingbot/2.0; +http://www.bing.com/bingbot.htm) Chrome/116.0.1938.76 Safari/537.36" "-"
2a03:2880:f800:: - - [12/Mar/2026:00:32:42 +0000] "GET /shop/item/rhombus151836076970 HTTP/1.1" 200 53807 kaminibeauty.com "-" "meta-externalagent/1.1 (+https://developers.facebook.com/docs/sharing/webmasters/crawler)" "-"
74.7.242.0 - - [12/Mar/2026:00:32:42 +0000] "GET /shop/item/juncea15497631269?fileloc=//etc/rcS.d/S01hwclock.sh&path=//etc/rcS.d HTTP/1.1" 200 14075 kaminibeauty.com "https://kaminibeauty.com/shop/item/juncea15497631269?path=//etc/rcS.d" "Mozilla/5.0 AppleWebKit/537.36 (KHTML, like Gecko; compatible; GPTBot/1.3; +https://openai.com/gptbot)" "-"
2a03:2880:f800:: - - [12/Mar/2026:00:32:43 +0000] "GET /shop/item/cuirass171955309047 HTTP/1.1" 200 53807 kaminibeauty.com "-" "meta-externalagent/1.1 (+https://developers.facebook.com/docs/sharing/webmasters/crawler)" "-"
2a03:2880:f800:: - - [12/Mar/2026:00:32:43 +0000] "GET /shop/item/openbill12683363304 HTTP/1.1" 200 53807 kaminibeauty.com "-" "meta-externalagent/1.1 (+https://developers.facebook.com/docs/sharing/webmasters/crawler)" "-"
66.249.66.0 - - [12/Mar/2026:00:32:43 +0000] "GET /shop/item/ungnadia171521077898 HTTP/1.1" 200 203741 kaminibeauty.com "-" "Mozilla/5.0 (Linux; Android 6.0.1; Nexus 5X Build/MMB29P) AppleWebKit/537.36 (KHTML, like Gecko) Chrome/145.0.7632.116 Mobile Safari/537.36 (compatible; Googlebot/2.1; +http://www.google.com/bot.html)" "-"
2a03:2880:f800:: - - [12/Mar/2026:00:32:44 +0000] "GET /shop/item/importunacy162487955517 HTTP/1.1" 200 53807 kaminibeauty.com "-" "meta-externalagent/1.1 (+https://developers.facebook.com/docs/sharing/webmasters/crawler)" "-"
2a03:2880:f800:: - - [12/Mar/2026:00:32:44 +0000] "GET /shop/item/amiss174280040190 HTTP/1.1" 200 53807 kaminibeauty.com "-" "meta-externalagent/1.1 (+https://developers.facebook.com/docs/sharing/webmasters/crawler)" "-"
2a03:2880:f800:: - - [12/Mar/2026:00:32:44 +0000] "GET /shop/item/dermochelys173282067787 HTTP/1.1" 200 53807 kaminibeauty.com "-" "meta-externalagent/1.1 (+https://developers.facebook.com/docs/sharing/webmasters/crawler)" "-"
2a03:2880:f800:: - - [12/Mar/2026:00:32:44 +0000] "GET /shop/item/canonicalness17208663808 HTTP/1.1" 200 53807 kaminibeauty.com "-" "meta-externalagent/1.1 (+https://developers.facebook.com/docs/sharing/webmasters/crawler)" "-"
79.127.138.0 - - [12/Mar/2026:00:32:44 +0000] "GET /cms/wp-includes/wlwmanifest.xml HTTP/1.1" 200 53807 kaminibeauty.com "-" "Mozilla/5.0 (Windows NT 10.0; Win64; x64) AppleWebKit/537.36 (KHTML, like Gecko) Chrome/88.0.4240.193 Safari/537.36" "-"
207.46.13.0 - - [12/Mar/2026:00:32:44 +0000] "GET /shop/item/optigraph151512322321 HTTP/1.1" 200 210717 kaminibeauty.com "-" "Mozilla/5.0 AppleWebKit/537.36 (KHTML, like Gecko; compatible; bingbot/2.0; +http://www.bing.com/bingbot.htm) Chrome/116.0.1938.76 Safari/537.36" "-"
74.7.242.0 - - [12/Mar/2026:00:32:45 +0000] "GET /shop/item/cuffy15857294865?fileloc=//tmp/runlock-ws67206996-ws67206996:54d515ed882864933c7771d933621916c6421d7fb66ce66b0dd37b49&path=//tmp HTTP/1.1" 200 12268 kaminibeauty.com "https://kaminibeauty.com/shop/item/cuffy15857294865?path=//tmp" "Mozilla/5.0 AppleWebKit/537.36 (KHTML, like Gecko; compatible; GPTBot/1.3; +https://openai.com/gptbot)" "-"
2a03:2880:f800:: - - [12/Mar/2026:00:32:46 +0000] "GET /shop/item/hickmall132286280176 HTTP/1.1" 200 53807 kaminibeauty.com "-" "meta-externalagent/1.1 (+https://developers.facebook.com/docs/sharing/webmasters/crawler)" "-"
2a03:2880:f800:: - - [12/Mar/2026:00:32:46 +0000] "GET /shop/item/imping151617496996 HTTP/1.1" 200 53807 kaminibeauty.com "-" "meta-externalagent/1.1 (+https://developers.facebook.com/docs/sharing/webmasters/crawler)" "-"
2a03:2880:f800:: - - [12/Mar/2026:00:32:47 +0000] "GET /shop/item/dipsomaniacal132569354061 HTTP/1.1" 200 53807 kaminibeauty.com "-" "meta-externalagent/1.1 (+https://developers.facebook.com/docs/sharing/webmasters/crawler)" "-"
2a03:2880:f800:: - - [12/Mar/2026:00:32:47 +0000] "GET /shop/item/ballerus164053670127 HTTP/1.1" 200 53807 kaminibeauty.com "-" "meta-externalagent/1.1 (+https://developers.facebook.com/docs/sharing/webmasters/crawler)" "-"
2a03:2880:f800:: - - [12/Mar/2026:00:32:47 +0000] "GET /shop/item/antirachitic141444876745 HTTP/1.1" 200 53807 kaminibeauty.com "-" "meta-externalagent/1.1 (+https://developers.facebook.com/docs/sharing/webmasters/crawler)" "-"
207.46.13.0 - - [12/Mar/2026:00:32:47 +0000] "GET /shop/item/queenfish14704772430 HTTP/1.1" 200 209651 kaminibeauty.com "-" "Mozilla/5.0 AppleWebKit/537.36 (KHTML, like Gecko; compatible; bingbot/2.0; +http://www.bing.com/bingbot.htm) Chrome/116.0.1938.76 Safari/537.36" "-"
43.240.141.0 - - [12/Mar/2026:00:32:48 +0000] "POST /xmlrpc.php HTTP/1.1" 200 53807 kaminibeauty.com "-" "Python-xmlrpc/3.13" "-"
2a03:2880:f800:: - - [12/Mar/2026:00:32:48 +0000] "GET /shop/item/amphicerus164045146461 HTTP/1.1" 200 53807 kaminibeauty.com "-" "meta-externalagent/1.1 (+https://developers.facebook.com/docs/sharing/webmasters/crawler)" "-"
74.7.242.0 - - [12/Mar/2026:00:32:49 +0000] "GET /shop/item/cuffy15857294865?fileloc=//tmp/runlock-ws67279884-ws67279884:20787c2dcdb369af40d4304b2a41e3c761b5c5db50a87f89297eeeba&path=//tmp HTTP/1.1" 200 12268 kaminibeauty.com "https://kaminibeauty.com/shop/item/cuffy15857294865?path=//tmp" "Mozilla/5.0 AppleWebKit/537.36 (KHTML, like Gecko; compatible; GPTBot/1.3; +https://openai.com/gptbot)" "-"
2a03:2880:f800:: - - [12/Mar/2026:00:32:49 +0000] "GET /shop/item/corradiate151818976286 HTTP/1.1" 200 53807 kaminibeauty.com "-" "meta-externalagent/1.1 (+https://developers.facebook.com/docs/sharing/webmasters/crawler)" "-"
2a03:2880:f800:: - - [12/Mar/2026:00:32:49 +0000] "GET /shop/item/noseless171516532247 HTTP/1.1" 200 53807 kaminibeauty.com "-" "meta-externalagent/1.1 (+https://developers.facebook.com/docs/sharing/webmasters/crawler)" "-"
2a03:2880:f800:: - - [12/Mar/2026:00:32:50 +0000] "GET /shop/item/inshave16372250489 HTTP/1.1" 200 53807 kaminibeauty.com "-" "meta-externalagent/1.1 (+https://developers.facebook.com/docs/sharing/webmasters/crawler)" "-"
2a03:2880:f800:: - - [12/Mar/2026:00:32:50 +0000] "GET /shop/item/peonage143622002861 HTTP/1.1" 200 53807 kaminibeauty.com "-" "meta-externalagent/1.1 (+https://developers.facebook.com/docs/sharing/webmasters/crawler)" "-"
66.249.66.0 - - [12/Mar/2026:00:32:50 +0000] "GET /shop/item/orrery142701234696 HTTP/1.1" 200 202320 kaminibeauty.com "-" "Mozilla/5.0 (Linux; Android 6.0.1; Nexus 5X Build/MMB29P) AppleWebKit/537.36 (KHTML, like Gecko) Chrome/145.0.7632.116 Mobile Safari/537.36 (compatible; Googlebot/2.1; +http://www.google.com/bot.html)" "-"
207.46.13.0 - - [12/Mar/2026:00:32:50 +0000] "GET /shop/item/illlived17957164508 HTTP/1.1" 200 208210 kaminibeauty.com "-" "Mozilla/5.0 AppleWebKit/537.36 (KHTML, like Gecko; compatible; bingbot/2.0; +http://www.bing.com/bingbot.htm) Chrome/116.0.1938.76 Safari/537.36" "-"
2a03:2880:f800:: - - [12/Mar/2026:00:32:51 +0000] "GET /shop/item/ankylostoma112591462270 HTTP/1.1" 200 53807 kaminibeauty.com "-" "meta-externalagent/1.1 (+https://developers.facebook.com/docs/sharing/webmasters/crawler)" "-"
66.249.76.0 - - [12/Mar/2026:00:32:51 +0000] "GET /shop/item/mischoose17775408452 HTTP/1.1" 200 203693 kaminibeauty.com "-" "Mozilla/5.0 (Linux; Android 6.0.1; Nexus 5X Build/MMB29P) AppleWebKit/537.36 (KHTML, like Gecko) Chrome/145.0.7632.116 Mobile Safari/537.36 (compatible; Googlebot/2.1; +http://www.google.com/bot.html)" "-"
2a03:2880:f800:: - - [12/Mar/2026:00:32:51 +0000] "GET /shop/item/unconcludent172513812594 HTTP/1.1" 200 53807 kaminibeauty.com "-" "meta-externalagent/1.1 (+https://developers.facebook.com/docs/sharing/webmasters/crawler)" "-"
2a03:2880:f800:: - - [12/Mar/2026:00:32:52 +0000] "GET /shop/item/legitimateness1110218237 HTTP/1.1" 200 53807 kaminibeauty.com "-" "meta-externalagent/1.1 (+https://developers.facebook.com/docs/sharing/webmasters/crawler)" "-"
51.89.129.0 - - [12/Mar/2026:00:32:52 +0000] "GET /shop/item/nemorous161268301709?path=/homepages/19 HTTP/1.1" 200 30021 kaminibeauty.com "-" "Mozilla/5.0 (compatible; AhrefsBot/7.0; +http://ahrefs.com/robot/)" "-"
74.7.242.0 - - [12/Mar/2026:00:32:52 +0000] "GET /shop/item/cuffy15857294865?fileloc=//tmp/runlock-ws67255557-ws67255557:f4227c33295429c2f76b2e7df5eb28ee9b71f928a783d769b0c9d3cb&path=//tmp HTTP/1.1" 200 12268 kaminibeauty.com "https://kaminibeauty.com/shop/item/cuffy15857294865?path=//tmp" "Mozilla/5.0 AppleWebKit/537.36 (KHTML, like Gecko; compatible; GPTBot/1.3; +https://openai.com/gptbot)" "-"
2a03:2880:f800:: - - [12/Mar/2026:00:32:52 +0000] "GET /shop/item/beneficiate163726559762 HTTP/1.1" 200 53807 kaminibeauty.com "-" "meta-externalagent/1.1 (+https://developers.facebook.com/docs/sharing/webmasters/crawler)" "-"
2a03:2880:f800:: - - [12/Mar/2026:00:32:52 +0000] "GET /shop/item/brimmer14625233228 HTTP/1.1" 200 53807 kaminibeauty.com "-" "meta-externalagent/1.1 (+https://developers.facebook.com/docs/sharing/webmasters/crawler)" "-"
2a03:2880:f800:: - - [12/Mar/2026:00:32:53 +0000] "GET /shop/item/methodized143507304761 HTTP/1.1" 200 53807 kaminibeauty.com "-" "meta-externalagent/1.1 (+https://developers.facebook.com/docs/sharing/webmasters/crawler)" "-"
207.46.13.0 - - [12/Mar/2026:00:32:53 +0000] "GET /shop/item/violoncello14437287325 HTTP/1.1" 200 198816 kaminibeauty.com "-" "Mozilla/5.0 AppleWebKit/537.36 (KHTML, like Gecko; compatible; bingbot/2.0; +http://www.bing.com/bingbot.htm) Chrome/116.0.1938.76 Safari/537.36" "-"
2a03:2880:f800:: - - [12/Mar/2026:00:32:54 +0000] "GET /shop/item/huffer173346260087 HTTP/1.1" 200 53807 kaminibeauty.com "-" "meta-externalagent/1.1 (+https://developers.facebook.com/docs/sharing/webmasters/crawler)" "-"
2a03:2880:f800:: - - [12/Mar/2026:00:32:54 +0000] "GET /shop/item/tellable172182415416 HTTP/1.1" 200 53807 kaminibeauty.com "-" "meta-externalagent/1.1 (+https://developers.facebook.com/docs/sharing/webmasters/crawler)" "-"
216.73.216.0 - - [12/Mar/2026:00:32:54 +0000] "GET /shop/item/separator113191224202?fileloc=%2Fhomepages%2F4%2Fd4297730999%2Fhtdocs%2Fwordpress%2Fwp-includes%2Fclass-wp-comment.php&path=%2Fhomepages%2F4%2Fd4297730999%2Fhtdocs%2Fwordpress%2Fwp-includes HTTP/1.1" 200 22115 kaminibeauty.com "-" "Mozilla/5.0 AppleWebKit/537.36 (KHTML, like Gecko; compatible; ClaudeBot/1.0; +claudebot@anthropic.com)" "-"
66.249.76.0 - - [12/Mar/2026:00:32:54 +0000] "GET /shop/item/layland163464623895 HTTP/1.1" 200 208280 kaminibeauty.com "-" "Mozilla/5.0 (Linux; Android 6.0.1; Nexus 5X Build/MMB29P) AppleWebKit/537.36 (KHTML, like Gecko) Chrome/145.0.7632.116 Mobile Safari/537.36 (compatible; Googlebot/2.1; +http://www.google.com/bot.html)" "-"
74.7.242.0 - - [12/Mar/2026:00:32:55 +0000] "GET /shop/item/albans15354628930?fileloc=//tmp/runlock-ws67255540-ws67255540:d890fdc32f3a833d9a8e91b3ab5a8c54224c8d0c7ec730e771c6fdd4&path=//tmp HTTP/1.1" 200 12268 kaminibeauty.com "https://kaminibeauty.com/shop/item/albans15354628930?path=//tmp" "Mozilla/5.0 AppleWebKit/537.36 (KHTML, like Gecko; compatible; GPTBot/1.3; +https://openai.com/gptbot)" "-"
2a03:2880:f800:: - - [12/Mar/2026:00:32:55 +0000] "GET /shop/item/interloper132723411265 HTTP/1.1" 200 53807 kaminibeauty.com "-" "meta-externalagent/1.1 (+https://developers.facebook.com/docs/sharing/webmasters/crawler)" "-"
2a03:2880:f800:: - - [12/Mar/2026:00:32:55 +0000] "GET /shop/item/cairngorm16937425818 HTTP/1.1" 200 53807 kaminibeauty.com "-" "meta-externalagent/1.1 (+https://developers.facebook.com/docs/sharing/webmasters/crawler)" "-"
2a03:2880:f800:: - - [12/Mar/2026:00:32:56 +0000] "GET /shop/item/mosquito161629046244 HTTP/1.1" 200 53807 kaminibeauty.com "-" "meta-externalagent/1.1 (+https://developers.facebook.com/docs/sharing/webmasters/crawler)" "-"
2a03:2880:f800:: - - [12/Mar/2026:00:32:56 +0000] "GET /shop/item/oenanthone13458711060 HTTP/1.1" 200 53807 kaminibeauty.com "-" "meta-externalagent/1.1 (+https://developers.facebook.com/docs/sharing/webmasters/crawler)" "-"
2a03:2880:f800:: - - [12/Mar/2026:00:32:57 +0000] "GET /shop/item/subquintuple16597121225 HTTP/1.1" 200 53807 kaminibeauty.com "-" "meta-externalagent/1.1 (+https://developers.facebook.com/docs/sharing/webmasters/crawler)" "-"
207.46.13.0 - - [12/Mar/2026:00:32:57 +0000] "GET /shop/item/fowler152300458654 HTTP/1.1" 200 212777 kaminibeauty.com "-" "Mozilla/5.0 AppleWebKit/537.36 (KHTML, like Gecko; compatible; bingbot/2.0; +http://www.bing.com/bingbot.htm) Chrome/116.0.1938.76 Safari/537.36" "-"
2a03:2880:f800:: - - [12/Mar/2026:00:32:57 +0000] "GET /shop/item/oeilsdeboeuf14909988829 HTTP/1.1" 200 53807 kaminibeauty.com "-" "meta-externalagent/1.1 (+https://developers.facebook.com/docs/sharing/webmasters/crawler)" "-"
216.73.216.0 - - [12/Mar/2026:00:32:57 +0000] "GET /?path=%2Fhomepages%2F10%2Fd4297007769 HTTP/1.1" 200 19759 www.kaminibeauty.com "-" "Mozilla/5.0 AppleWebKit/537.36 (KHTML, like Gecko; compatible; ClaudeBot/1.0; +claudebot@anthropic.com)" "-"
2a03:2880:f800:: - - [12/Mar/2026:00:32:58 +0000] "GET /shop/item/lobefoot17325658889 HTTP/1.1" 200 53807 kaminibeauty.com "-" "meta-externalagent/1.1 (+https://developers.facebook.com/docs/sharing/webmasters/crawler)" "-"
74.7.242.0 - - [12/Mar/2026:00:32:58 +0000] "GET /shop/item/juncea15497631269?fileloc=//tmp/runlock-ws67303222-ws67303222:3f17e34e64802aa43b46368ede8972a89e4e069282838ed47f26d5ec&path=//tmp HTTP/1.1" 200 12268 kaminibeauty.com "https://kaminibeauty.com/shop/item/juncea15497631269?path=//tmp" "Mozilla/5.0 AppleWebKit/537.36 (KHTML, like Gecko; compatible; GPTBot/1.3; +https://openai.com/gptbot)" "-"
2a03:2880:f800:: - - [12/Mar/2026:00:32:58 +0000] "GET /shop/item/sistering142328064085 HTTP/1.1" 200 53807 kaminibeauty.com "-" "meta-externalagent/1.1 (+https://developers.facebook.com/docs/sharing/webmasters/crawler)" "-"
2a03:2880:f800:: - - [12/Mar/2026:00:32:59 +0000] "GET /shop/item/scourage12643379664 HTTP/1.1" 200 53807 kaminibeauty.com "-" "meta-externalagent/1.1 (+https://developers.facebook.com/docs/sharing/webmasters/crawler)" "-"
2a03:2880:f800:: - - [12/Mar/2026:00:32:59 +0000] "GET /shop/item/attitudes123076785115 HTTP/1.1" 200 53807 kaminibeauty.com "-" "meta-externalagent/1.1 (+https://developers.facebook.com/docs/sharing/webmasters/crawler)" "-"
2a03:2880:f800:: - - [12/Mar/2026:00:33:00 +0000] "GET /shop/item/traducingly162569518066 HTTP/1.1" 200 53807 kaminibeauty.com "-" "meta-externalagent/1.1 (+https://developers.facebook.com/docs/sharing/webmasters/crawler)" "-"
207.46.13.0 - - [12/Mar/2026:00:33:00 +0000] "GET /shop/item/subgutturosa111818486381 HTTP/1.1" 200 204668 kaminibeauty.com "-" "Mozilla/5.0 AppleWebKit/537.36 (KHTML, like Gecko; compatible; bingbot/2.0; +http://www.bing.com/bingbot.htm) Chrome/116.0.1938.76 Safari/537.36" "-"
2a03:2880:f800:: - - [12/Mar/2026:00:33:00 +0000] "GET /shop/item/apodictic161866982657 HTTP/1.1" 200 53807 kaminibeauty.com "-" "meta-externalagent/1.1 (+https://developers.facebook.com/docs/sharing/webmasters/crawler)" "-"
2a03:2880:f800:: - - [12/Mar/2026:00:33:01 +0000] "GET /shop/item/narinari16912456162 HTTP/1.1" 200 53807 kaminibeauty.com "-" "meta-externalagent/1.1 (+https://developers.facebook.com/docs/sharing/webmasters/crawler)" "-"
2a03:2880:f800:: - - [12/Mar/2026:00:33:01 +0000] "GET /shop/item/polycystina173492645767 HTTP/1.1" 200 53807 kaminibeauty.com "-" "meta-externalagent/1.1 (+https://developers.facebook.com/docs/sharing/webmasters/crawler)" "-"
74.7.242.0 - - [12/Mar/2026:00:33:01 +0000] "GET /shop/item/albans15354628930?fileloc=//tmp/runlock-ws67280017-ws67280017:58ef278383d68131000a293f313c218f69ce0318f2bb5b9be1595638&path=//tmp HTTP/1.1" 200 12268 kaminibeauty.com "https://kaminibeauty.com/shop/item/albans15354628930?path=//tmp" "Mozilla/5.0 AppleWebKit/537.36 (KHTML, like Gecko; compatible; GPTBot/1.3; +https://openai.com/gptbot)" "-"
2a03:2880:f800:: - - [12/Mar/2026:00:33:02 +0000] "GET /shop/item/marginalia113610292562 HTTP/1.1" 200 53807 kaminibeauty.com "-" "meta-externalagent/1.1 (+https://developers.facebook.com/docs/sharing/webmasters/crawler)" "-"
2a03:2880:f800:: - - [12/Mar/2026:00:33:02 +0000] "GET /shop/item/sating171549395355 HTTP/1.1" 200 53807 kaminibeauty.com "-" "meta-externalagent/1.1 (+https://developers.facebook.com/docs/sharing/webmasters/crawler)" "-"
66.249.66.0 - - [12/Mar/2026:00:33:02 +0000] "GET /shop/item/steamer161714871072 HTTP/1.1" 200 197858 kaminibeauty.com "-" "Mozilla/5.0 (Linux; Android 6.0.1; Nexus 5X Build/MMB29P) AppleWebKit/537.36 (KHTML, like Gecko) Chrome/145.0.7632.116 Mobile Safari/537.36 (compatible; Googlebot/2.1; +http://www.google.com/bot.html)" "-"
216.73.216.0 - - [12/Mar/2026:00:33:03 +0000] "GET /shop/item/separator113191224202?fileloc=%2Fhomepages%2F4%2Fd4297730999%2Fhtdocs%2Fwordpress%2Fwp-includes%2Fabilities-api.php&path=%2Fhomepages%2F4%2Fd4297730999%2Fhtdocs%2Fwordpress%2Fwp-includes HTTP/1.1" 200 37269 kaminibeauty.com "-" "Mozilla/5.0 AppleWebKit/537.36 (KHTML, like Gecko; compatible; ClaudeBot/1.0; +claudebot@anthropic.com)" "-"
2a03:2880:f800:: - - [12/Mar/2026:00:33:03 +0000] "GET /shop/item/sundried134188501551 HTTP/1.1" 200 53807 kaminibeauty.com "-" "meta-externalagent/1.1 (+https://developers.facebook.com/docs/sharing/webmasters/crawler)" "-"
207.46.13.0 - - [12/Mar/2026:00:33:03 +0000] "GET /shop/item/sodio13430271472 HTTP/1.1" 200 221671 kaminibeauty.com "-" "Mozilla/5.0 AppleWebKit/537.36 (KHTML, like Gecko; compatible; bingbot/2.0; +http://www.bing.com/bingbot.htm) Chrome/116.0.1938.76 Safari/537.36" "-"
2a03:2880:f800:: - - [12/Mar/2026:00:33:03 +0000] "GET /shop/item/photophonic121774841004 HTTP/1.1" 200 53807 kaminibeauty.com "-" "meta-externalagent/1.1 (+https://developers.facebook.com/docs/sharing/webmasters/crawler)" "-"
2a03:2880:f800:: - - [12/Mar/2026:00:33:04 +0000] "GET /shop/item/region172790581850 HTTP/1.1" 200 53807 kaminibeauty.com "-" "meta-externalagent/1.1 (+https://developers.facebook.com/docs/sharing/webmasters/crawler)" "-"
74.7.242.0 - - [12/Mar/2026:00:33:04 +0000] "GET /shop/item/albans15354628930?fileloc=//tmp/runlock-ws67441403-ws67441403:58ef278383d68131000a293f313c218f69ce0318f2bb5b9be1595638&path=//tmp HTTP/1.1" 200 12268 kaminibeauty.com "https://kaminibeauty.com/shop/item/albans15354628930?path=//tmp" "Mozilla/5.0 AppleWebKit/537.36 (KHTML, like Gecko; compatible; GPTBot/1.3; +https://openai.com/gptbot)" "-"
2a03:2880:f800:: - - [12/Mar/2026:00:33:04 +0000] "GET /shop/item/pretaporter174139462033 HTTP/1.1" 200 53807 kaminibeauty.com "-" "meta-externalagent/1.1 (+https://developers.facebook.com/docs/sharing/webmasters/crawler)" "-"
2a03:2880:f800:: - - [12/Mar/2026:00:33:05 +0000] "GET /shop/item/orleans163321901934 HTTP/1.1" 200 53807 kaminibeauty.com "-" "meta-externalagent/1.1 (+https://developers.facebook.com/docs/sharing/webmasters/crawler)" "-"
