2a03:2880:f800:: - - [12/Mar/2026:00:26:34 +0000] "GET /shop/item/suborder17956459340 HTTP/1.1" 200 53807 kaminibeauty.com "-" "meta-externalagent/1.1 (+https://developers.facebook.com/docs/sharing/webmasters/crawler)" "-"
2a03:2880:f800:: - - [12/Mar/2026:00:26:35 +0000] "GET /shop/item/indexed173107195745 HTTP/1.1" 200 53807 kaminibeauty.com "-" "meta-externalagent/1.1 (+https://developers.facebook.com/docs/sharing/webmasters/crawler)" "-"
2a03:2880:f800:: - - [12/Mar/2026:00:26:35 +0000] "GET /shop/item/squarrosodentate17300939382 HTTP/1.1" 200 53807 kaminibeauty.com "-" "meta-externalagent/1.1 (+https://developers.facebook.com/docs/sharing/webmasters/crawler)" "-"
66.249.66.0 - - [12/Mar/2026:00:26:35 +0000] "GET /shop/item/illustrative111039167843 HTTP/1.1" 200 197691 kaminibeauty.com "-" "Mozilla/5.0 (Linux; Android 6.0.1; Nexus 5X Build/MMB29P) AppleWebKit/537.36 (KHTML, like Gecko) Chrome/145.0.7632.116 Mobile Safari/537.36 (compatible; Googlebot/2.1; +http://www.google.com/bot.html)" "-"
66.249.66.0 - - [12/Mar/2026:00:26:35 +0000] "GET /shop/item/causatively11756067847 HTTP/1.1" 200 210323 kaminibeauty.com "-" "Mozilla/5.0 (Linux; Android 6.0.1; Nexus 5X Build/MMB29P) AppleWebKit/537.36 (KHTML, like Gecko) Chrome/145.0.7632.116 Mobile Safari/537.36 (compatible; Googlebot/2.1; +http://www.google.com/bot.html)" "-"
2a03:2880:f800:: - - [12/Mar/2026:00:26:35 +0000] "GET /shop/item/clientship152262726632 HTTP/1.1" 200 53807 kaminibeauty.com "-" "meta-externalagent/1.1 (+https://developers.facebook.com/docs/sharing/webmasters/crawler)" "-"
2a03:2880:f800:: - - [12/Mar/2026:00:26:36 +0000] "GET /shop/item/hoitytoity171501548505 HTTP/1.1" 200 53807 kaminibeauty.com "-" "meta-externalagent/1.1 (+https://developers.facebook.com/docs/sharing/webmasters/crawler)" "-"
74.7.242.0 - - [12/Mar/2026:00:26:36 +0000] "GET /shop/item/deads15785219490?fileloc=//bin/renice&path=//bin HTTP/1.1" 200 12188 kaminibeauty.com "https://kaminibeauty.com/shop/item/deads15785219490?path=//bin" "Mozilla/5.0 AppleWebKit/537.36 (KHTML, like Gecko; compatible; GPTBot/1.3; +https://openai.com/gptbot)" "-"
40.77.167.0 - - [12/Mar/2026:00:26:36 +0000] "GET /sitemap-subitems-1187.xml HTTP/1.1" 200 364910 kaminibeauty.com "-" "Mozilla/5.0 AppleWebKit/537.36 (KHTML, like Gecko; compatible; bingbot/2.0; +http://www.bing.com/bingbot.htm) Chrome/116.0.1938.76 Safari/537.36" "-"
2a03:2880:f800:: - - [12/Mar/2026:00:26:37 +0000] "GET /shop/item/hydrology16956965893 HTTP/1.1" 200 53807 kaminibeauty.com "-" "meta-externalagent/1.1 (+https://developers.facebook.com/docs/sharing/webmasters/crawler)" "-"
2a03:2880:f800:: - - [12/Mar/2026:00:26:37 +0000] "GET /shop/item/sinuating13879160043 HTTP/1.1" 200 53807 kaminibeauty.com "-" "meta-externalagent/1.1 (+https://developers.facebook.com/docs/sharing/webmasters/crawler)" "-"
2a03:2880:f800:: - - [12/Mar/2026:00:26:37 +0000] "GET /shop/item/saddling131008954705 HTTP/1.1" 200 53807 kaminibeauty.com "-" "meta-externalagent/1.1 (+https://developers.facebook.com/docs/sharing/webmasters/crawler)" "-"
2a03:2880:f800:: - - [12/Mar/2026:00:26:38 +0000] "GET /shop/item/inadequacy153227084696 HTTP/1.1" 200 53807 kaminibeauty.com "-" "meta-externalagent/1.1 (+https://developers.facebook.com/docs/sharing/webmasters/crawler)" "-"
2a03:2880:f800:: - - [12/Mar/2026:00:26:39 +0000] "GET /shop/item/dissolubility162696036825 HTTP/1.1" 200 53807 kaminibeauty.com "-" "meta-externalagent/1.1 (+https://developers.facebook.com/docs/sharing/webmasters/crawler)" "-"
2a03:2880:f800:: - - [12/Mar/2026:00:26:39 +0000] "GET /shop/item/chinking121147818004 HTTP/1.1" 200 53807 kaminibeauty.com "-" "meta-externalagent/1.1 (+https://developers.facebook.com/docs/sharing/webmasters/crawler)" "-"
74.7.242.0 - - [12/Mar/2026:00:26:39 +0000] "GET /shop/item/deads15785219490?fileloc=//bin/pstopnm&path=//bin HTTP/1.1" 200 12189 kaminibeauty.com "https://kaminibeauty.com/shop/item/deads15785219490?path=//bin" "Mozilla/5.0 AppleWebKit/537.36 (KHTML, like Gecko; compatible; GPTBot/1.3; +https://openai.com/gptbot)" "-"
40.77.167.0 - - [12/Mar/2026:00:26:39 +0000] "GET /sitemap-subitems-1500.xml HTTP/1.1" 200 364975 kaminibeauty.com "-" "Mozilla/5.0 AppleWebKit/537.36 (KHTML, like Gecko; compatible; bingbot/2.0; +http://www.bing.com/bingbot.htm) Chrome/116.0.1938.76 Safari/537.36" "-"
198.244.168.0 - - [12/Mar/2026:00:26:39 +0000] "GET /shop/item/nemorous161268301709?path=/homepages/37 HTTP/1.1" 200 32693 kaminibeauty.com "-" "Mozilla/5.0 (compatible; AhrefsBot/7.0; +http://ahrefs.com/robot/)" "-"
2a03:2880:f800:: - - [12/Mar/2026:00:26:40 +0000] "GET /shop/item/encounterer17929125898 HTTP/1.1" 200 53807 kaminibeauty.com "-" "meta-externalagent/1.1 (+https://developers.facebook.com/docs/sharing/webmasters/crawler)" "-"
2a03:2880:f800:: - - [12/Mar/2026:00:26:40 +0000] "GET /shop/item/instruction142346780455 HTTP/1.1" 200 53807 kaminibeauty.com "-" "meta-externalagent/1.1 (+https://developers.facebook.com/docs/sharing/webmasters/crawler)" "-"
2a03:2880:f800:: - - [12/Mar/2026:00:26:41 +0000] "GET /shop/item/discandy172658702887 HTTP/1.1" 200 53807 kaminibeauty.com "-" "meta-externalagent/1.1 (+https://developers.facebook.com/docs/sharing/webmasters/crawler)" "-"
2a03:2880:f800:: - - [12/Mar/2026:00:26:41 +0000] "GET /shop/item/despicableness174107291375 HTTP/1.1" 200 53807 kaminibeauty.com "-" "meta-externalagent/1.1 (+https://developers.facebook.com/docs/sharing/webmasters/crawler)" "-"
2a03:2880:f800:: - - [12/Mar/2026:00:26:41 +0000] "GET /shop/item/endpoint161640956846 HTTP/1.1" 200 53807 kaminibeauty.com "-" "meta-externalagent/1.1 (+https://developers.facebook.com/docs/sharing/webmasters/crawler)" "-"
74.7.242.0 - - [12/Mar/2026:00:26:42 +0000] "GET /shop/item/deads15785219490?fileloc=//bin/lynx&path=//bin HTTP/1.1" 200 12186 kaminibeauty.com "https://kaminibeauty.com/shop/item/deads15785219490?path=//bin" "Mozilla/5.0 AppleWebKit/537.36 (KHTML, like Gecko; compatible; GPTBot/1.3; +https://openai.com/gptbot)" "-"
40.77.167.0 - - [12/Mar/2026:00:26:42 +0000] "GET /sitemap-subitems-1892.xml HTTP/1.1" 200 365037 kaminibeauty.com "-" "Mozilla/5.0 AppleWebKit/537.36 (KHTML, like Gecko; compatible; bingbot/2.0; +http://www.bing.com/bingbot.htm) Chrome/116.0.1938.76 Safari/537.36" "-"
2a03:2880:f800:: - - [12/Mar/2026:00:26:42 +0000] "GET /shop/item/rubied113713844332 HTTP/1.1" 200 53807 kaminibeauty.com "-" "meta-externalagent/1.1 (+https://developers.facebook.com/docs/sharing/webmasters/crawler)" "-"
2a03:2880:f800:: - - [12/Mar/2026:00:26:42 +0000] "GET /shop/item/defiatory172615798056 HTTP/1.1" 200 53807 kaminibeauty.com "-" "meta-externalagent/1.1 (+https://developers.facebook.com/docs/sharing/webmasters/crawler)" "-"
2a03:2880:f800:: - - [12/Mar/2026:00:26:43 +0000] "GET /shop/item/testacean1629851660 HTTP/1.1" 200 53807 kaminibeauty.com "-" "meta-externalagent/1.1 (+https://developers.facebook.com/docs/sharing/webmasters/crawler)" "-"
2a03:2880:f800:: - - [12/Mar/2026:00:26:43 +0000] "GET /shop/item/ouroscopy11336679141 HTTP/1.1" 200 53807 kaminibeauty.com "-" "meta-externalagent/1.1 (+https://developers.facebook.com/docs/sharing/webmasters/crawler)" "-"
2a03:2880:f800:: - - [12/Mar/2026:00:26:44 +0000] "GET /shop/item/frighting16345958827 HTTP/1.1" 200 53807 kaminibeauty.com "-" "meta-externalagent/1.1 (+https://developers.facebook.com/docs/sharing/webmasters/crawler)" "-"
2a03:2880:f800:: - - [12/Mar/2026:00:26:44 +0000] "GET /shop/item/hygroscopicity134047766302 HTTP/1.1" 200 53807 kaminibeauty.com "-" "meta-externalagent/1.1 (+https://developers.facebook.com/docs/sharing/webmasters/crawler)" "-"
66.249.66.0 - - [12/Mar/2026:00:26:44 +0000] "GET /shop/item/stocking111726308417 HTTP/1.1" 200 198574 kaminibeauty.com "-" "Mozilla/5.0 (Linux; Android 6.0.1; Nexus 5X Build/MMB29P) AppleWebKit/537.36 (KHTML, like Gecko) Chrome/145.0.7632.116 Mobile Safari/537.36 (compatible; Googlebot/2.1; +http://www.google.com/bot.html)" "-"
40.77.167.0 - - [12/Mar/2026:00:26:45 +0000] "GET /sitemap-subitems-1888.xml HTTP/1.1" 200 364797 kaminibeauty.com "-" "Mozilla/5.0 AppleWebKit/537.36 (KHTML, like Gecko; compatible; bingbot/2.0; +http://www.bing.com/bingbot.htm) Chrome/116.0.1938.76 Safari/537.36" "-"
2a03:2880:f800:: - - [12/Mar/2026:00:26:45 +0000] "GET /shop/item/calamitousness161307095039 HTTP/1.1" 200 53807 kaminibeauty.com "-" "meta-externalagent/1.1 (+https://developers.facebook.com/docs/sharing/webmasters/crawler)" "-"
74.7.242.0 - - [12/Mar/2026:00:26:45 +0000] "GET /shop/item/ulmic15172214833?fileloc=//bin/rsync-ssl&path=//bin HTTP/1.1" 200 17875 kaminibeauty.com "https://kaminibeauty.com/shop/item/ulmic15172214833?path=//bin" "Mozilla/5.0 AppleWebKit/537.36 (KHTML, like Gecko; compatible; GPTBot/1.3; +https://openai.com/gptbot)" "-"
2a03:2880:f800:: - - [12/Mar/2026:00:26:45 +0000] "GET /shop/item/myriachit123144384509 HTTP/1.1" 200 53807 kaminibeauty.com "-" "meta-externalagent/1.1 (+https://developers.facebook.com/docs/sharing/webmasters/crawler)" "-"
66.249.76.0 - - [12/Mar/2026:00:26:45 +0000] "GET /shop/item/catapult161838266301 HTTP/1.1" 200 197382 kaminibeauty.com "-" "Mozilla/5.0 (Linux; Android 6.0.1; Nexus 5X Build/MMB29P) AppleWebKit/537.36 (KHTML, like Gecko) Chrome/145.0.7632.116 Mobile Safari/537.36 (compatible; Googlebot/2.1; +http://www.google.com/bot.html)" "-"
2a03:2880:f800:: - - [12/Mar/2026:00:26:46 +0000] "GET /shop/item/observantine16376170829 HTTP/1.1" 200 53807 kaminibeauty.com "-" "meta-externalagent/1.1 (+https://developers.facebook.com/docs/sharing/webmasters/crawler)" "-"
66.249.76.0 - - [12/Mar/2026:00:26:46 +0000] "GET /shop/item/evilfavoredness11358874294 HTTP/1.1" 200 208602 kaminibeauty.com "-" "Mozilla/5.0 (Linux; Android 6.0.1; Nexus 5X Build/MMB29P) AppleWebKit/537.36 (KHTML, like Gecko) Chrome/145.0.7632.116 Mobile Safari/537.36 (compatible; Googlebot/2.1; +http://www.google.com/bot.html)" "-"
2a03:2880:f800:: - - [12/Mar/2026:00:26:47 +0000] "GET /shop/item/ivories144161870540 HTTP/1.1" 200 53807 kaminibeauty.com "-" "meta-externalagent/1.1 (+https://developers.facebook.com/docs/sharing/webmasters/crawler)" "-"
2a03:2880:f800:: - - [12/Mar/2026:00:26:47 +0000] "GET /shop/item/elimate131461394427 HTTP/1.1" 200 53807 kaminibeauty.com "-" "meta-externalagent/1.1 (+https://developers.facebook.com/docs/sharing/webmasters/crawler)" "-"
2a03:2880:f800:: - - [12/Mar/2026:00:26:47 +0000] "GET /shop/item/commendatory112474710450 HTTP/1.1" 200 53807 kaminibeauty.com "-" "meta-externalagent/1.1 (+https://developers.facebook.com/docs/sharing/webmasters/crawler)" "-"
2a03:2880:f800:: - - [12/Mar/2026:00:26:48 +0000] "GET /shop/item/pineal121413130078 HTTP/1.1" 200 53807 kaminibeauty.com "-" "meta-externalagent/1.1 (+https://developers.facebook.com/docs/sharing/webmasters/crawler)" "-"
2a03:2880:f800:: - - [12/Mar/2026:00:26:48 +0000] "GET /shop/item/bowdlerizing153232757454 HTTP/1.1" 200 53807 kaminibeauty.com "-" "meta-externalagent/1.1 (+https://developers.facebook.com/docs/sharing/webmasters/crawler)" "-"
157.55.39.0 - - [12/Mar/2026:00:26:48 +0000] "GET /shop/item/podica141537824975 HTTP/1.1" 200 201562 kaminibeauty.com "-" "Mozilla/5.0 AppleWebKit/537.36 (KHTML, like Gecko; compatible; bingbot/2.0; +http://www.bing.com/bingbot.htm) Chrome/116.0.1938.76 Safari/537.36" "-"
74.7.242.0 - - [12/Mar/2026:00:26:48 +0000] "GET /shop/item/deads15785219490?fileloc=//bin/arch&path=//bin HTTP/1.1" 200 12186 kaminibeauty.com "https://kaminibeauty.com/shop/item/deads15785219490?path=//bin" "Mozilla/5.0 AppleWebKit/537.36 (KHTML, like Gecko; compatible; GPTBot/1.3; +https://openai.com/gptbot)" "-"
2a03:2880:f800:: - - [12/Mar/2026:00:26:49 +0000] "GET /shop/item/humidity15619931153 HTTP/1.1" 200 53807 kaminibeauty.com "-" "meta-externalagent/1.1 (+https://developers.facebook.com/docs/sharing/webmasters/crawler)" "-"
2a03:2880:f800:: - - [12/Mar/2026:00:26:50 +0000] "GET /shop/item/tolylene171042008710 HTTP/1.1" 200 53807 kaminibeauty.com "-" "meta-externalagent/1.1 (+https://developers.facebook.com/docs/sharing/webmasters/crawler)" "-"
2a03:2880:f800:: - - [12/Mar/2026:00:26:50 +0000] "GET /shop/item/reticulum161463885685 HTTP/1.1" 200 53807 kaminibeauty.com "-" "meta-externalagent/1.1 (+https://developers.facebook.com/docs/sharing/webmasters/crawler)" "-"
2a03:2880:f800:: - - [12/Mar/2026:00:26:51 +0000] "GET /shop/item/farthermost172471317141 HTTP/1.1" 200 53807 kaminibeauty.com "-" "meta-externalagent/1.1 (+https://developers.facebook.com/docs/sharing/webmasters/crawler)" "-"
2a03:2880:f800:: - - [12/Mar/2026:00:26:51 +0000] "GET /shop/item/latinization171900270684 HTTP/1.1" 200 53807 kaminibeauty.com "-" "meta-externalagent/1.1 (+https://developers.facebook.com/docs/sharing/webmasters/crawler)" "-"
157.55.39.0 - - [12/Mar/2026:00:26:51 +0000] "GET /shop/item/urophasianus153358571569 HTTP/1.1" 200 193867 kaminibeauty.com "-" "Mozilla/5.0 AppleWebKit/537.36 (KHTML, like Gecko; compatible; bingbot/2.0; +http://www.bing.com/bingbot.htm) Chrome/116.0.1938.76 Safari/537.36" "-"
2a03:2880:f800:: - - [12/Mar/2026:00:26:51 +0000] "GET /shop/item/cauge172495844453 HTTP/1.1" 200 53807 kaminibeauty.com "-" "meta-externalagent/1.1 (+https://developers.facebook.com/docs/sharing/webmasters/crawler)" "-"
74.7.242.0 - - [12/Mar/2026:00:26:52 +0000] "GET /shop/item/deads15785219490?fileloc=//bin/bsd-write&path=//bin HTTP/1.1" 200 12191 kaminibeauty.com "https://kaminibeauty.com/shop/item/deads15785219490?path=//bin" "Mozilla/5.0 AppleWebKit/537.36 (KHTML, like Gecko; compatible; GPTBot/1.3; +https://openai.com/gptbot)" "-"
2a03:2880:f800:: - - [12/Mar/2026:00:26:52 +0000] "GET /shop/item/transhape131174344827 HTTP/1.1" 200 53807 kaminibeauty.com "-" "meta-externalagent/1.1 (+https://developers.facebook.com/docs/sharing/webmasters/crawler)" "-"
119.12.198.0 - - [12/Mar/2026:00:26:53 +0000] "POST /xmlrpc.php HTTP/1.1" 200 53807 kaminibeauty.com "-" "Python-xmlrpc/3.13" "-"
2a03:2880:f800:: - - [12/Mar/2026:00:26:53 +0000] "GET /shop/item/decorum162829250907 HTTP/1.1" 200 53807 kaminibeauty.com "-" "meta-externalagent/1.1 (+https://developers.facebook.com/docs/sharing/webmasters/crawler)" "-"
2a03:2880:f800:: - - [12/Mar/2026:00:26:53 +0000] "GET /shop/item/ingenerabillty153083977908 HTTP/1.1" 200 53807 kaminibeauty.com "-" "meta-externalagent/1.1 (+https://developers.facebook.com/docs/sharing/webmasters/crawler)" "-"
2a03:2880:f800:: - - [12/Mar/2026:00:26:53 +0000] "GET /shop/item/washerwomans152745951498 HTTP/1.1" 200 53807 kaminibeauty.com "-" "meta-externalagent/1.1 (+https://developers.facebook.com/docs/sharing/webmasters/crawler)" "-"
2a03:2880:f800:: - - [12/Mar/2026:00:26:54 +0000] "GET /shop/item/overlooker112040626227 HTTP/1.1" 200 53807 kaminibeauty.com "-" "meta-externalagent/1.1 (+https://developers.facebook.com/docs/sharing/webmasters/crawler)" "-"
157.55.39.0 - - [12/Mar/2026:00:26:54 +0000] "GET /shop/item/turnep122326708867 HTTP/1.1" 200 211494 kaminibeauty.com "-" "Mozilla/5.0 AppleWebKit/537.36 (KHTML, like Gecko; compatible; bingbot/2.0; +http://www.bing.com/bingbot.htm) Chrome/116.0.1938.76 Safari/537.36" "-"
66.249.76.0 - - [12/Mar/2026:00:26:54 +0000] "GET /shop/item/scragged112975424075 HTTP/1.1" 200 216052 kaminibeauty.com "-" "Mozilla/5.0 (Linux; Android 6.0.1; Nexus 5X Build/MMB29P) AppleWebKit/537.36 (KHTML, like Gecko) Chrome/145.0.7632.116 Mobile Safari/537.36 (compatible; Googlebot/2.1; +http://www.google.com/bot.html)" "-"
2a03:2880:f800:: - - [12/Mar/2026:00:26:54 +0000] "GET /shop/item/reinfund173168790591 HTTP/1.1" 200 53807 kaminibeauty.com "-" "meta-externalagent/1.1 (+https://developers.facebook.com/docs/sharing/webmasters/crawler)" "-"
74.7.242.0 - - [12/Mar/2026:00:26:55 +0000] "GET /shop/item/dandie15519738634?fileloc=//bin/c99&path=//bin HTTP/1.1" 200 12676 kaminibeauty.com "https://kaminibeauty.com/shop/item/dandie15519738634?path=//bin" "Mozilla/5.0 AppleWebKit/537.36 (KHTML, like Gecko; compatible; GPTBot/1.3; +https://openai.com/gptbot)" "-"
2a03:2880:f800:: - - [12/Mar/2026:00:26:55 +0000] "GET /shop/item/countervallation173444751094 HTTP/1.1" 200 53807 kaminibeauty.com "-" "meta-externalagent/1.1 (+https://developers.facebook.com/docs/sharing/webmasters/crawler)" "-"
2a03:2880:f800:: - - [12/Mar/2026:00:26:55 +0000] "GET /shop/item/vervel143510658733 HTTP/1.1" 200 53807 kaminibeauty.com "-" "meta-externalagent/1.1 (+https://developers.facebook.com/docs/sharing/webmasters/crawler)" "-"
2a03:2880:f800:: - - [12/Mar/2026:00:26:56 +0000] "GET /shop/item/scirrhus171552728063 HTTP/1.1" 200 53807 kaminibeauty.com "-" "meta-externalagent/1.1 (+https://developers.facebook.com/docs/sharing/webmasters/crawler)" "-"
2a03:2880:f800:: - - [12/Mar/2026:00:26:57 +0000] "GET /shop/item/ideologist12303917781 HTTP/1.1" 200 53807 kaminibeauty.com "-" "meta-externalagent/1.1 (+https://developers.facebook.com/docs/sharing/webmasters/crawler)" "-"
2a03:2880:f800:: - - [12/Mar/2026:00:26:57 +0000] "GET /shop/item/plectospondylous132492320077 HTTP/1.1" 200 53807 kaminibeauty.com "-" "meta-externalagent/1.1 (+https://developers.facebook.com/docs/sharing/webmasters/crawler)" "-"
157.55.39.0 - - [12/Mar/2026:00:26:57 +0000] "GET /shop/item/coldest1531863262 HTTP/1.1" 200 192930 kaminibeauty.com "-" "Mozilla/5.0 AppleWebKit/537.36 (KHTML, like Gecko; compatible; bingbot/2.0; +http://www.bing.com/bingbot.htm) Chrome/116.0.1938.76 Safari/537.36" "-"
2a03:2880:f800:: - - [12/Mar/2026:00:26:58 +0000] "GET /shop/item/unmistakably162423293278 HTTP/1.1" 200 53807 kaminibeauty.com "-" "meta-externalagent/1.1 (+https://developers.facebook.com/docs/sharing/webmasters/crawler)" "-"
74.7.242.0 - - [12/Mar/2026:00:26:58 +0000] "GET /shop/item/dandie15519738634?fileloc=//bin/su&path=//bin HTTP/1.1" 200 12184 kaminibeauty.com "https://kaminibeauty.com/shop/item/dandie15519738634?path=//bin" "Mozilla/5.0 AppleWebKit/537.36 (KHTML, like Gecko; compatible; GPTBot/1.3; +https://openai.com/gptbot)" "-"
66.249.76.0 - - [12/Mar/2026:00:26:58 +0000] "GET /shop/item/gavial111383548842 HTTP/1.1" 200 197813 kaminibeauty.com "-" "Mozilla/5.0 (Linux; Android 6.0.1; Nexus 5X Build/MMB29P) AppleWebKit/537.36 (KHTML, like Gecko) Chrome/145.0.7632.116 Mobile Safari/537.36 (compatible; Googlebot/2.1; +http://www.google.com/bot.html)" "-"
2a03:2880:f800:: - - [12/Mar/2026:00:26:58 +0000] "GET /shop/item/correctioner142577140119 HTTP/1.1" 200 53807 kaminibeauty.com "-" "meta-externalagent/1.1 (+https://developers.facebook.com/docs/sharing/webmasters/crawler)" "-"
2a03:2880:f800:: - - [12/Mar/2026:00:26:58 +0000] "GET /shop/item/mutagenicity131814370834 HTTP/1.1" 200 53807 kaminibeauty.com "-" "meta-externalagent/1.1 (+https://developers.facebook.com/docs/sharing/webmasters/crawler)" "-"
2a03:2880:f800:: - - [12/Mar/2026:00:26:59 +0000] "GET /shop/item/suspiciency161629837204 HTTP/1.1" 200 53807 kaminibeauty.com "-" "meta-externalagent/1.1 (+https://developers.facebook.com/docs/sharing/webmasters/crawler)" "-"
2a03:2880:f800:: - - [12/Mar/2026:00:27:00 +0000] "GET /shop/item/paragoge153333523963 HTTP/1.1" 200 53807 kaminibeauty.com "-" "meta-externalagent/1.1 (+https://developers.facebook.com/docs/sharing/webmasters/crawler)" "-"
2a03:2880:f800:: - - [12/Mar/2026:00:27:00 +0000] "GET /shop/item/capoches151202897118 HTTP/1.1" 200 53807 kaminibeauty.com "-" "meta-externalagent/1.1 (+https://developers.facebook.com/docs/sharing/webmasters/crawler)" "-"
157.55.39.0 - - [12/Mar/2026:00:27:00 +0000] "GET /shop/item/prefaced123219934373 HTTP/1.1" 200 213740 kaminibeauty.com "-" "Mozilla/5.0 AppleWebKit/537.36 (KHTML, like Gecko; compatible; bingbot/2.0; +http://www.bing.com/bingbot.htm) Chrome/116.0.1938.76 Safari/537.36" "-"
2a03:2880:f800:: - - [12/Mar/2026:00:27:00 +0000] "GET /shop/item/cultirostres142904551396 HTTP/1.1" 200 53807 kaminibeauty.com "-" "meta-externalagent/1.1 (+https://developers.facebook.com/docs/sharing/webmasters/crawler)" "-"
74.7.242.0 - - [12/Mar/2026:00:27:01 +0000] "GET /shop/item/deads15785219490?fileloc=//bin/ptx&path=//bin HTTP/1.1" 200 12185 kaminibeauty.com "https://kaminibeauty.com/shop/item/deads15785219490?path=//bin" "Mozilla/5.0 AppleWebKit/537.36 (KHTML, like Gecko; compatible; GPTBot/1.3; +https://openai.com/gptbot)" "-"
2a03:2880:f800:: - - [12/Mar/2026:00:27:01 +0000] "GET /shop/item/ichthyomorphous171801915099 HTTP/1.1" 200 53807 kaminibeauty.com "-" "meta-externalagent/1.1 (+https://developers.facebook.com/docs/sharing/webmasters/crawler)" "-"
2a03:2880:f800:: - - [12/Mar/2026:00:27:01 +0000] "GET /shop/item/analectic163150844893 HTTP/1.1" 200 53807 kaminibeauty.com "-" "meta-externalagent/1.1 (+https://developers.facebook.com/docs/sharing/webmasters/crawler)" "-"
2a03:2880:f800:: - - [12/Mar/2026:00:27:02 +0000] "GET /shop/item/stanchness142420663610 HTTP/1.1" 200 53807 kaminibeauty.com "-" "meta-externalagent/1.1 (+https://developers.facebook.com/docs/sharing/webmasters/crawler)" "-"
2a03:2880:f800:: - - [12/Mar/2026:00:27:02 +0000] "GET /shop/item/pleiad173081254301 HTTP/1.1" 200 53807 kaminibeauty.com "-" "meta-externalagent/1.1 (+https://developers.facebook.com/docs/sharing/webmasters/crawler)" "-"
2a03:2880:f800:: - - [12/Mar/2026:00:27:03 +0000] "GET /shop/item/saved17467656303 HTTP/1.1" 200 53807 kaminibeauty.com "-" "meta-externalagent/1.1 (+https://developers.facebook.com/docs/sharing/webmasters/crawler)" "-"
157.55.39.0 - - [12/Mar/2026:00:27:03 +0000] "GET /shop/item/carle123686277246 HTTP/1.1" 200 208854 kaminibeauty.com "-" "Mozilla/5.0 AppleWebKit/537.36 (KHTML, like Gecko; compatible; bingbot/2.0; +http://www.bing.com/bingbot.htm) Chrome/116.0.1938.76 Safari/537.36" "-"
51.195.244.0 - - [12/Mar/2026:00:27:03 +0000] "GET /shop/item/nemorous161268301709?path=/homepages/36 HTTP/1.1" 200 31357 kaminibeauty.com "-" "Mozilla/5.0 (compatible; AhrefsBot/7.0; +http://ahrefs.com/robot/)" "-"
2a03:2880:f800:: - - [12/Mar/2026:00:27:03 +0000] "GET /shop/item/conclusive15683637946 HTTP/1.1" 200 53807 kaminibeauty.com "-" "meta-externalagent/1.1 (+https://developers.facebook.com/docs/sharing/webmasters/crawler)" "-"
2a03:2880:f800:: - - [12/Mar/2026:00:27:04 +0000] "GET /shop/item/traitress141115916384 HTTP/1.1" 200 53807 kaminibeauty.com "-" "meta-externalagent/1.1 (+https://developers.facebook.com/docs/sharing/webmasters/crawler)" "-"
74.7.242.0 - - [12/Mar/2026:00:27:04 +0000] "GET /shop/item/deads15785219490?path=//lib/man-db HTTP/1.1" 200 25388 kaminibeauty.com "https://kaminibeauty.com/shop/item/deads15785219490?path=//lib" "Mozilla/5.0 AppleWebKit/537.36 (KHTML, like Gecko; compatible; GPTBot/1.3; +https://openai.com/gptbot)" "-"
2a03:2880:f800:: - - [12/Mar/2026:00:27:04 +0000] "GET /shop/item/melainotype131731782966 HTTP/1.1" 200 53807 kaminibeauty.com "-" "meta-externalagent/1.1 (+https://developers.facebook.com/docs/sharing/webmasters/crawler)" "-"
2a03:2880:f800:: - - [12/Mar/2026:00:27:05 +0000] "GET /shop/item/endoskeleton141467314012 HTTP/1.1" 200 53807 kaminibeauty.com "-" "meta-externalagent/1.1 (+https://developers.facebook.com/docs/sharing/webmasters/crawler)" "-"
66.249.66.0 - - [12/Mar/2026:00:27:05 +0000] "GET /shop/item/promisedpredicate11884821 HTTP/1.1" 200 200401 kaminibeauty.com "-" "Mozilla/5.0 (Linux; Android 6.0.1; Nexus 5X Build/MMB29P) AppleWebKit/537.36 (KHTML, like Gecko) Chrome/145.0.7632.116 Mobile Safari/537.36 (compatible; Googlebot/2.1; +http://www.google.com/bot.html)" "-"
2a03:2880:f800:: - - [12/Mar/2026:00:27:06 +0000] "GET /shop/item/intorting151513172644 HTTP/1.1" 200 53807 kaminibeauty.com "-" "meta-externalagent/1.1 (+https://developers.facebook.com/docs/sharing/webmasters/crawler)" "-"
2a03:2880:f800:: - - [12/Mar/2026:00:27:06 +0000] "GET /shop/item/hydrobranchiate16291332622 HTTP/1.1" 200 53807 kaminibeauty.com "-" "meta-externalagent/1.1 (+https://developers.facebook.com/docs/sharing/webmasters/crawler)" "-"
157.55.39.0 - - [12/Mar/2026:00:27:06 +0000] "GET /shop/item/dissertate133991769948 HTTP/1.1" 200 195029 kaminibeauty.com "-" "Mozilla/5.0 AppleWebKit/537.36 (KHTML, like Gecko; compatible; bingbot/2.0; +http://www.bing.com/bingbot.htm) Chrome/116.0.1938.76 Safari/537.36" "-"
2a03:2880:f800:: - - [12/Mar/2026:00:27:07 +0000] "GET /shop/item/curiosities162727114682 HTTP/1.1" 200 53807 kaminibeauty.com "-" "meta-externalagent/1.1 (+https://developers.facebook.com/docs/sharing/webmasters/crawler)" "-"
74.7.242.0 - - [12/Mar/2026:00:27:07 +0000] "GET /shop/item/cuffy15857294865?path=//etc/rc5.d HTTP/1.1" 200 15451 kaminibeauty.com "https://kaminibeauty.com/shop/item/cuffy15857294865?path=//etc" "Mozilla/5.0 AppleWebKit/537.36 (KHTML, like Gecko; compatible; GPTBot/1.3; +https://openai.com/gptbot)" "-"
2a03:2880:f800:: - - [12/Mar/2026:00:27:07 +0000] "GET /shop/item/copticum112893329692 HTTP/1.1" 200 53807 kaminibeauty.com "-" "meta-externalagent/1.1 (+https://developers.facebook.com/docs/sharing/webmasters/crawler)" "-"
2a03:2880:f800:: - - [12/Mar/2026:00:27:07 +0000] "GET /shop/item/summation141531208765 HTTP/1.1" 200 53807 kaminibeauty.com "-" "meta-externalagent/1.1 (+https://developers.facebook.com/docs/sharing/webmasters/crawler)" "-"
2a03:2880:f800:: - - [12/Mar/2026:00:27:08 +0000] "GET /shop/item/stressful111508733631 HTTP/1.1" 200 53807 kaminibeauty.com "-" "meta-externalagent/1.1 (+https://developers.facebook.com/docs/sharing/webmasters/crawler)" "-"
2a03:2880:f800:: - - [12/Mar/2026:00:27:08 +0000] "GET /shop/item/pennyworth162968016409 HTTP/1.1" 200 53807 kaminibeauty.com "-" "meta-externalagent/1.1 (+https://developers.facebook.com/docs/sharing/webmasters/crawler)" "-"
66.249.66.0 - - [12/Mar/2026:00:27:09 +0000] "GET /shop/item/clinochlore1150996783 HTTP/1.1" 200 201624 kaminibeauty.com "-" "Mozilla/5.0 (Linux; Android 6.0.1; Nexus 5X Build/MMB29P) AppleWebKit/537.36 (KHTML, like Gecko) Chrome/145.0.7632.116 Mobile Safari/537.36 (compatible; Googlebot/2.1; +http://www.google.com/bot.html)" "-"
157.55.39.0 - - [12/Mar/2026:00:27:09 +0000] "GET /shop/item/rupturing161456100109 HTTP/1.1" 200 210123 kaminibeauty.com "-" "Mozilla/5.0 AppleWebKit/537.36 (KHTML, like Gecko; compatible; bingbot/2.0; +http://www.bing.com/bingbot.htm) Chrome/116.0.1938.76 Safari/537.36" "-"
2a03:2880:f800:: - - [12/Mar/2026:00:27:09 +0000] "GET /shop/item/xiphisterna17426258425 HTTP/1.1" 200 53807 kaminibeauty.com "-" "meta-externalagent/1.1 (+https://developers.facebook.com/docs/sharing/webmasters/crawler)" "-"
2a03:2880:f800:: - - [12/Mar/2026:00:27:10 +0000] "GET /shop/item/pensively173410660159 HTTP/1.1" 200 53807 kaminibeauty.com "-" "meta-externalagent/1.1 (+https://developers.facebook.com/docs/sharing/webmasters/crawler)" "-"
2a03:2880:f800:: - - [12/Mar/2026:00:27:10 +0000] "GET /shop/item/prochronize132580491617 HTTP/1.1" 200 53807 kaminibeauty.com "-" "meta-externalagent/1.1 (+https://developers.facebook.com/docs/sharing/webmasters/crawler)" "-"
74.7.242.0 - - [12/Mar/2026:00:27:10 +0000] "GET /shop/item/cuffy15857294865?path=//etc/rc0.d HTTP/1.1" 200 14069 kaminibeauty.com "https://kaminibeauty.com/shop/item/cuffy15857294865?path=//etc" "Mozilla/5.0 AppleWebKit/537.36 (KHTML, like Gecko; compatible; GPTBot/1.3; +https://openai.com/gptbot)" "-"
2a03:2880:f800:: - - [12/Mar/2026:00:27:11 +0000] "GET /shop/item/phytophagic162921073153 HTTP/1.1" 200 53807 kaminibeauty.com "-" "meta-externalagent/1.1 (+https://developers.facebook.com/docs/sharing/webmasters/crawler)" "-"
2a03:2880:f800:: - - [12/Mar/2026:00:27:11 +0000] "GET /shop/item/telemachus161847415468 HTTP/1.1" 200 53807 kaminibeauty.com "-" "meta-externalagent/1.1 (+https://developers.facebook.com/docs/sharing/webmasters/crawler)" "-"
2a03:2880:f800:: - - [12/Mar/2026:00:27:11 +0000] "GET /shop/item/unlearn133880480526 HTTP/1.1" 200 53807 kaminibeauty.com "-" "meta-externalagent/1.1 (+https://developers.facebook.com/docs/sharing/webmasters/crawler)" "-"
212.70.4.0 - - [12/Mar/2026:00:27:11 +0000] "POST /xmlrpc.php HTTP/1.1" 200 53807 kaminibeauty.com "-" "Python-xmlrpc/3.13" "-"
2a03:2880:f800:: - - [12/Mar/2026:00:27:11 +0000] "GET /shop/item/divorcive173368908280 HTTP/1.1" 200 53807 kaminibeauty.com "-" "meta-externalagent/1.1 (+https://developers.facebook.com/docs/sharing/webmasters/crawler)" "-"
157.55.39.0 - - [12/Mar/2026:00:27:12 +0000] "GET /shop/item/impregnated162696536555 HTTP/1.1" 200 223909 kaminibeauty.com "-" "Mozilla/5.0 AppleWebKit/537.36 (KHTML, like Gecko; compatible; bingbot/2.0; +http://www.bing.com/bingbot.htm) Chrome/116.0.1938.76 Safari/537.36" "-"
2a03:2880:f800:: - - [12/Mar/2026:00:27:12 +0000] "GET /shop/item/hardshelled133890492967 HTTP/1.1" 200 53807 kaminibeauty.com "-" "meta-externalagent/1.1 (+https://developers.facebook.com/docs/sharing/webmasters/crawler)" "-"
2a03:2880:f800:: - - [12/Mar/2026:00:27:13 +0000] "GET /shop/item/photochromic112126708231 HTTP/1.1" 200 53807 kaminibeauty.com "-" "meta-externalagent/1.1 (+https://developers.facebook.com/docs/sharing/webmasters/crawler)" "-"
66.249.66.0 - - [12/Mar/2026:00:27:13 +0000] "GET /shop/item/uncontestable113105217877 HTTP/1.1" 200 197170 kaminibeauty.com "-" "Mozilla/5.0 (Linux; Android 6.0.1; Nexus 5X Build/MMB29P) AppleWebKit/537.36 (KHTML, like Gecko) Chrome/145.0.7632.116 Mobile Safari/537.36 (compatible; Googlebot/2.1; +http://www.google.com/bot.html)" "-"
2a03:2880:f800:: - - [12/Mar/2026:00:27:13 +0000] "GET /shop/item/canoed172460344450 HTTP/1.1" 200 53807 kaminibeauty.com "-" "meta-externalagent/1.1 (+https://developers.facebook.com/docs/sharing/webmasters/crawler)" "-"
74.7.242.0 - - [12/Mar/2026:00:27:13 +0000] "GET /shop/item/cuffy15857294865?path=//etc/rc4.d HTTP/1.1" 200 15451 kaminibeauty.com "https://kaminibeauty.com/shop/item/cuffy15857294865?path=//etc" "Mozilla/5.0 AppleWebKit/537.36 (KHTML, like Gecko; compatible; GPTBot/1.3; +https://openai.com/gptbot)" "-"
51.195.215.0 - - [12/Mar/2026:00:27:13 +0000] "GET /shop/item/nemorous161268301709?path=/homepages/35 HTTP/1.1" 200 27349 kaminibeauty.com "-" "Mozilla/5.0 (compatible; AhrefsBot/7.0; +http://ahrefs.com/robot/)" "-"
2a03:2880:f800:: - - [12/Mar/2026:00:27:14 +0000] "GET /shop/item/trothless171623934299 HTTP/1.1" 200 53807 kaminibeauty.com "-" "meta-externalagent/1.1 (+https://developers.facebook.com/docs/sharing/webmasters/crawler)" "-"
2a03:2880:f800:: - - [12/Mar/2026:00:27:14 +0000] "GET /shop/item/venturesomely163254983153 HTTP/1.1" 200 53807 kaminibeauty.com "-" "meta-externalagent/1.1 (+https://developers.facebook.com/docs/sharing/webmasters/crawler)" "-"
2a03:2880:f800:: - - [12/Mar/2026:00:27:15 +0000] "GET /shop/item/malachurus171255170947 HTTP/1.1" 200 53807 kaminibeauty.com "-" "meta-externalagent/1.1 (+https://developers.facebook.com/docs/sharing/webmasters/crawler)" "-"
157.55.39.0 - - [12/Mar/2026:00:27:15 +0000] "GET /shop/item/desquamative142397368422 HTTP/1.1" 200 198546 kaminibeauty.com "-" "Mozilla/5.0 AppleWebKit/537.36 (KHTML, like Gecko; compatible; bingbot/2.0; +http://www.bing.com/bingbot.htm) Chrome/116.0.1938.76 Safari/537.36" "-"
2a03:2880:f800:: - - [12/Mar/2026:00:27:16 +0000] "GET /shop/item/grandmother154005413870 HTTP/1.1" 200 53807 kaminibeauty.com "-" "meta-externalagent/1.1 (+https://developers.facebook.com/docs/sharing/webmasters/crawler)" "-"
2a03:2880:f800:: - - [12/Mar/2026:00:27:16 +0000] "GET /shop/item/laevulin17294520083 HTTP/1.1" 200 53807 kaminibeauty.com "-" "meta-externalagent/1.1 (+https://developers.facebook.com/docs/sharing/webmasters/crawler)" "-"
2a03:2880:f800:: - - [12/Mar/2026:00:27:16 +0000] "GET /shop/item/chandry151959192683 HTTP/1.1" 200 53807 kaminibeauty.com "-" "meta-externalagent/1.1 (+https://developers.facebook.com/docs/sharing/webmasters/crawler)" "-"
74.7.242.0 - - [12/Mar/2026:00:27:17 +0000] "GET /shop/item/cuffy15857294865?path=//etc/rc6.d HTTP/1.1" 200 14069 kaminibeauty.com "https://kaminibeauty.com/shop/item/cuffy15857294865?path=//etc" "Mozilla/5.0 AppleWebKit/537.36 (KHTML, like Gecko; compatible; GPTBot/1.3; +https://openai.com/gptbot)" "-"
2a03:2880:f800:: - - [12/Mar/2026:00:27:17 +0000] "GET /shop/item/lasciviousness14425287640 HTTP/1.1" 200 53807 kaminibeauty.com "-" "meta-externalagent/1.1 (+https://developers.facebook.com/docs/sharing/webmasters/crawler)" "-"
2a03:2880:f800:: - - [12/Mar/2026:00:27:18 +0000] "GET /shop/item/helenium171043263946 HTTP/1.1" 200 53807 kaminibeauty.com "-" "meta-externalagent/1.1 (+https://developers.facebook.com/docs/sharing/webmasters/crawler)" "-"
2a03:2880:f800:: - - [12/Mar/2026:00:27:18 +0000] "GET /shop/item/camarilla142010998918 HTTP/1.1" 200 53807 kaminibeauty.com "-" "meta-externalagent/1.1 (+https://developers.facebook.com/docs/sharing/webmasters/crawler)" "-"
2a03:2880:f800:: - - [12/Mar/2026:00:27:18 +0000] "GET /shop/item/machinate163667258495 HTTP/1.1" 200 53807 kaminibeauty.com "-" "meta-externalagent/1.1 (+https://developers.facebook.com/docs/sharing/webmasters/crawler)" "-"
157.55.39.0 - - [12/Mar/2026:00:27:18 +0000] "GET /shop/item/disposed141354044902 HTTP/1.1" 200 213813 kaminibeauty.com "-" "Mozilla/5.0 AppleWebKit/537.36 (KHTML, like Gecko; compatible; bingbot/2.0; +http://www.bing.com/bingbot.htm) Chrome/116.0.1938.76 Safari/537.36" "-"
2a03:2880:f800:: - - [12/Mar/2026:00:27:19 +0000] "GET /shop/item/conchometry161549076294 HTTP/1.1" 200 53807 kaminibeauty.com "-" "meta-externalagent/1.1 (+https://developers.facebook.com/docs/sharing/webmasters/crawler)" "-"
2a03:2880:f800:: - - [12/Mar/2026:00:27:19 +0000] "GET /shop/item/enseam16680172931 HTTP/1.1" 200 53807 kaminibeauty.com "-" "meta-externalagent/1.1 (+https://developers.facebook.com/docs/sharing/webmasters/crawler)" "-"
74.7.242.0 - - [12/Mar/2026:00:27:20 +0000] "GET /shop/item/cuffy15857294865?path=//etc/rc2.d HTTP/1.1" 200 15451 kaminibeauty.com "https://kaminibeauty.com/shop/item/cuffy15857294865?path=//etc" "Mozilla/5.0 AppleWebKit/537.36 (KHTML, like Gecko; compatible; GPTBot/1.3; +https://openai.com/gptbot)" "-"
2a03:2880:f800:: - - [12/Mar/2026:00:27:20 +0000] "GET /shop/item/acanthopis124291047415 HTTP/1.1" 200 53807 kaminibeauty.com "-" "meta-externalagent/1.1 (+https://developers.facebook.com/docs/sharing/webmasters/crawler)" "-"
66.249.76.0 - - [12/Mar/2026:00:27:20 +0000] "GET /shop/item/sunburning113726842871 HTTP/1.1" 200 195352 kaminibeauty.com "-" "Mozilla/5.0 (Linux; Android 6.0.1; Nexus 5X Build/MMB29P) AppleWebKit/537.36 (KHTML, like Gecko) Chrome/145.0.7632.116 Mobile Safari/537.36 (compatible; Googlebot/2.1; +http://www.google.com/bot.html)" "-"
2a03:2880:f800:: - - [12/Mar/2026:00:27:21 +0000] "GET /shop/item/napoleonist131986189469 HTTP/1.1" 200 53807 kaminibeauty.com "-" "meta-externalagent/1.1 (+https://developers.facebook.com/docs/sharing/webmasters/crawler)" "-"
2a03:2880:f800:: - - [12/Mar/2026:00:27:21 +0000] "GET /shop/item/reticule151598259748 HTTP/1.1" 200 53807 kaminibeauty.com "-" "meta-externalagent/1.1 (+https://developers.facebook.com/docs/sharing/webmasters/crawler)" "-"
2a03:2880:f800:: - - [12/Mar/2026:00:27:22 +0000] "GET /shop/item/discommoded173815253183 HTTP/1.1" 200 53807 kaminibeauty.com "-" "meta-externalagent/1.1 (+https://developers.facebook.com/docs/sharing/webmasters/crawler)" "-"
157.55.39.0 - - [12/Mar/2026:00:27:22 +0000] "GET /shop/item/hulking133650686324 HTTP/1.1" 200 206269 kaminibeauty.com "-" "Mozilla/5.0 AppleWebKit/537.36 (KHTML, like Gecko; compatible; bingbot/2.0; +http://www.bing.com/bingbot.htm) Chrome/116.0.1938.76 Safari/537.36" "-"
2a03:2880:f800:: - - [12/Mar/2026:00:27:22 +0000] "GET /shop/item/cupressaceae12208422494 HTTP/1.1" 200 53807 kaminibeauty.com "-" "meta-externalagent/1.1 (+https://developers.facebook.com/docs/sharing/webmasters/crawler)" "-"
2a03:2880:f800:: - - [12/Mar/2026:00:27:22 +0000] "GET /shop/item/untangibly151051023503 HTTP/1.1" 200 53807 kaminibeauty.com "-" "meta-externalagent/1.1 (+https://developers.facebook.com/docs/sharing/webmasters/crawler)" "-"
2a03:2880:f800:: - - [12/Mar/2026:00:27:23 +0000] "GET /shop/item/threestorey122629231869 HTTP/1.1" 200 53807 kaminibeauty.com "-" "meta-externalagent/1.1 (+https://developers.facebook.com/docs/sharing/webmasters/crawler)" "-"
74.7.242.0 - - [12/Mar/2026:00:27:23 +0000] "GET /shop/item/cuffy15857294865?path=//etc/rc1.d HTTP/1.1" 200 12643 kaminibeauty.com "https://kaminibeauty.com/shop/item/cuffy15857294865?path=//etc" "Mozilla/5.0 AppleWebKit/537.36 (KHTML, like Gecko; compatible; GPTBot/1.3; +https://openai.com/gptbot)" "-"
2a03:2880:f800:: - - [12/Mar/2026:00:27:23 +0000] "GET /shop/item/ampullate141065280118 HTTP/1.1" 200 53807 kaminibeauty.com "-" "meta-externalagent/1.1 (+https://developers.facebook.com/docs/sharing/webmasters/crawler)" "-"
2a03:2880:f800:: - - [12/Mar/2026:00:27:24 +0000] "GET /shop/item/atonement172102556738 HTTP/1.1" 200 53807 kaminibeauty.com "-" "meta-externalagent/1.1 (+https://developers.facebook.com/docs/sharing/webmasters/crawler)" "-"
66.249.66.0 - - [12/Mar/2026:00:27:24 +0000] "GET /shop/item/battalia11988739851 HTTP/1.1" 200 195646 kaminibeauty.com "-" "Mozilla/5.0 (Linux; Android 6.0.1; Nexus 5X Build/MMB29P) AppleWebKit/537.36 (KHTML, like Gecko) Chrome/145.0.7632.116 Mobile Safari/537.36 (compatible; Googlebot/2.1; +http://www.google.com/bot.html)" "-"
157.55.39.0 - - [12/Mar/2026:00:27:24 +0000] "GET /shop/item/herborization15204314224 HTTP/1.1" 200 197908 kaminibeauty.com "-" "Mozilla/5.0 AppleWebKit/537.36 (KHTML, like Gecko; compatible; bingbot/2.0; +http://www.bing.com/bingbot.htm) Chrome/116.0.1938.76 Safari/537.36" "-"
2a03:2880:f800:: - - [12/Mar/2026:00:27:25 +0000] "GET /shop/item/passeres172742109689 HTTP/1.1" 200 53807 kaminibeauty.com "-" "meta-externalagent/1.1 (+https://developers.facebook.com/docs/sharing/webmasters/crawler)" "-"
2a03:2880:f800:: - - [12/Mar/2026:00:27:25 +0000] "GET /shop/item/inconsequent1631822235 HTTP/1.1" 200 53807 kaminibeauty.com "-" "meta-externalagent/1.1 (+https://developers.facebook.com/docs/sharing/webmasters/crawler)" "-"
2a03:2880:f800:: - - [12/Mar/2026:00:27:25 +0000] "GET /shop/item/bossism11263397388 HTTP/1.1" 200 53807 kaminibeauty.com "-" "meta-externalagent/1.1 (+https://developers.facebook.com/docs/sharing/webmasters/crawler)" "-"
2a03:2880:f800:: - - [12/Mar/2026:00:27:26 +0000] "GET /shop/item/memorandum16295672397 HTTP/1.1" 200 53807 kaminibeauty.com "-" "meta-externalagent/1.1 (+https://developers.facebook.com/docs/sharing/webmasters/crawler)" "-"
74.7.242.0 - - [12/Mar/2026:00:27:26 +0000] "GET /shop/item/cuffy15857294865?path=//etc/rc3.d HTTP/1.1" 200 15451 kaminibeauty.com "https://kaminibeauty.com/shop/item/cuffy15857294865?path=//etc" "Mozilla/5.0 AppleWebKit/537.36 (KHTML, like Gecko; compatible; GPTBot/1.3; +https://openai.com/gptbot)" "-"
2a03:2880:f800:: - - [12/Mar/2026:00:27:26 +0000] "GET /shop/item/triplicostate161486150229 HTTP/1.1" 200 53807 kaminibeauty.com "-" "meta-externalagent/1.1 (+https://developers.facebook.com/docs/sharing/webmasters/crawler)" "-"
2a03:2880:f800:: - - [12/Mar/2026:00:27:27 +0000] "GET /shop/item/overstory162938828125 HTTP/1.1" 200 53807 kaminibeauty.com "-" "meta-externalagent/1.1 (+https://developers.facebook.com/docs/sharing/webmasters/crawler)" "-"
157.55.39.0 - - [12/Mar/2026:00:27:27 +0000] "GET /shop/item/filchingly121794921311 HTTP/1.1" 200 206105 kaminibeauty.com "-" "Mozilla/5.0 AppleWebKit/537.36 (KHTML, like Gecko; compatible; bingbot/2.0; +http://www.bing.com/bingbot.htm) Chrome/116.0.1938.76 Safari/537.36" "-"
2a03:2880:f800:: - - [12/Mar/2026:00:27:27 +0000] "GET /shop/item/lutulent163080489798 HTTP/1.1" 200 53807 kaminibeauty.com "-" "meta-externalagent/1.1 (+https://developers.facebook.com/docs/sharing/webmasters/crawler)" "-"
66.249.66.0 - - [12/Mar/2026:00:27:27 +0000] "GET /sitemap-subitems-1971.xml HTTP/1.1" 200 364985 kaminibeauty.com "-" "Mozilla/5.0 (compatible; Googlebot/2.1; +http://www.google.com/bot.html)" "-"
2a03:2880:f800:: - - [12/Mar/2026:00:27:28 +0000] "GET /shop/item/tonguing161955180058 HTTP/1.1" 200 53807 kaminibeauty.com "-" "meta-externalagent/1.1 (+https://developers.facebook.com/docs/sharing/webmasters/crawler)" "-"
2a03:2880:f800:: - - [12/Mar/2026:00:27:28 +0000] "GET /shop/item/tonsilotome123580639637 HTTP/1.1" 200 53807 kaminibeauty.com "-" "meta-externalagent/1.1 (+https://developers.facebook.com/docs/sharing/webmasters/crawler)" "-"
2a03:2880:f800:: - - [12/Mar/2026:00:27:29 +0000] "GET /shop/item/cytosine162984215950 HTTP/1.1" 200 53807 kaminibeauty.com "-" "meta-externalagent/1.1 (+https://developers.facebook.com/docs/sharing/webmasters/crawler)" "-"
2a03:2880:f800:: - - [12/Mar/2026:00:27:29 +0000] "GET /shop/item/soutache154267047322 HTTP/1.1" 200 53807 kaminibeauty.com "-" "meta-externalagent/1.1 (+https://developers.facebook.com/docs/sharing/webmasters/crawler)" "-"
74.7.242.0 - - [12/Mar/2026:00:27:29 +0000] "GET /shop/item/cuffy15857294865?path=//etc/php7.4 HTTP/1.1" 200 14051 kaminibeauty.com "https://kaminibeauty.com/shop/item/cuffy15857294865?path=//etc" "Mozilla/5.0 AppleWebKit/537.36 (KHTML, like Gecko; compatible; GPTBot/1.3; +https://openai.com/gptbot)" "-"
2a03:2880:f800:: - - [12/Mar/2026:00:27:30 +0000] "GET /shop/item/filioque172417122510 HTTP/1.1" 200 53807 kaminibeauty.com "-" "meta-externalagent/1.1 (+https://developers.facebook.com/docs/sharing/webmasters/crawler)" "-"
157.55.39.0 - - [12/Mar/2026:00:27:30 +0000] "GET /shop/item/overtime17306521380 HTTP/1.1" 200 192773 kaminibeauty.com "-" "Mozilla/5.0 AppleWebKit/537.36 (KHTML, like Gecko; compatible; bingbot/2.0; +http://www.bing.com/bingbot.htm) Chrome/116.0.1938.76 Safari/537.36" "-"
2a03:2880:f800:: - - [12/Mar/2026:00:27:30 +0000] "GET /shop/item/grazier164281656704 HTTP/1.1" 200 53807 kaminibeauty.com "-" "meta-externalagent/1.1 (+https://developers.facebook.com/docs/sharing/webmasters/crawler)" "-"
2a03:2880:f800:: - - [12/Mar/2026:00:27:31 +0000] "GET /shop/item/anglofrench171356354723 HTTP/1.1" 200 53807 kaminibeauty.com "-" "meta-externalagent/1.1 (+https://developers.facebook.com/docs/sharing/webmasters/crawler)" "-"
66.249.66.0 - - [12/Mar/2026:00:27:31 +0000] "GET /shop/item/callotis112299565118 HTTP/1.1" 200 213933 kaminibeauty.com "-" "Mozilla/5.0 (Linux; Android 6.0.1; Nexus 5X Build/MMB29P) AppleWebKit/537.36 (KHTML, like Gecko) Chrome/145.0.7632.116 Mobile Safari/537.36 (compatible; Googlebot/2.1; +http://www.google.com/bot.html)" "-"
2a03:2880:f800:: - - [12/Mar/2026:00:27:32 +0000] "GET /shop/item/biuret153801701298 HTTP/1.1" 200 53807 kaminibeauty.com "-" "meta-externalagent/1.1 (+https://developers.facebook.com/docs/sharing/webmasters/crawler)" "-"
2a03:2880:f800:: - - [12/Mar/2026:00:27:32 +0000] "GET /shop/item/infliction122814370058 HTTP/1.1" 200 53807 kaminibeauty.com "-" "meta-externalagent/1.1 (+https://developers.facebook.com/docs/sharing/webmasters/crawler)" "-"
74.7.242.0 - - [12/Mar/2026:00:27:32 +0000] "GET /shop/item/hydra15646805907?path=//mnt HTTP/1.1" 200 15177 kaminibeauty.com "https://kaminibeauty.com/shop/item/hydra15646805907?path=/" "Mozilla/5.0 AppleWebKit/537.36 (KHTML, like Gecko; compatible; GPTBot/1.3; +https://openai.com/gptbot)" "-"
2a03:2880:f800:: - - [12/Mar/2026:00:27:33 +0000] "GET /shop/item/cosecant111256985232 HTTP/1.1" 200 53807 kaminibeauty.com "-" "meta-externalagent/1.1 (+https://developers.facebook.com/docs/sharing/webmasters/crawler)" "-"
2a03:2880:f800:: - - [12/Mar/2026:00:27:33 +0000] "GET /shop/item/technocratic121524703540 HTTP/1.1" 200 53807 kaminibeauty.com "-" "meta-externalagent/1.1 (+https://developers.facebook.com/docs/sharing/webmasters/crawler)" "-"
2a03:2880:f800:: - - [12/Mar/2026:00:27:33 +0000] "GET /shop/item/grumousness172105195355 HTTP/1.1" 200 53807 kaminibeauty.com "-" "meta-externalagent/1.1 (+https://developers.facebook.com/docs/sharing/webmasters/crawler)" "-"
2a03:2880:f800:: - - [12/Mar/2026:00:27:34 +0000] "GET /shop/item/bedlam173176696613 HTTP/1.1" 200 53807 kaminibeauty.com "-" "meta-externalagent/1.1 (+https://developers.facebook.com/docs/sharing/webmasters/crawler)" "-"
198.244.168.0 - - [12/Mar/2026:00:27:35 +0000] "GET /shop/item/nemorous161268301709?path=/homepages/34 HTTP/1.1" 200 31357 kaminibeauty.com "-" "Mozilla/5.0 (compatible; AhrefsBot/7.0; +http://ahrefs.com/robot/)" "-"
2a03:2880:f800:: - - [12/Mar/2026:00:27:35 +0000] "GET /shop/item/hatchet174289183534 HTTP/1.1" 200 53807 kaminibeauty.com "-" "meta-externalagent/1.1 (+https://developers.facebook.com/docs/sharing/webmasters/crawler)" "-"
2a03:2880:f800:: - - [12/Mar/2026:00:27:35 +0000] "GET /shop/item/glossarially16341568200 HTTP/1.1" 200 53807 kaminibeauty.com "-" "meta-externalagent/1.1 (+https://developers.facebook.com/docs/sharing/webmasters/crawler)" "-"
66.249.66.0 - - [12/Mar/2026:00:27:35 +0000] "GET /shop/item/telepolariscope112921667202 HTTP/1.1" 200 205887 kaminibeauty.com "-" "Mozilla/5.0 (Linux; Android 6.0.1; Nexus 5X Build/MMB29P) AppleWebKit/537.36 (KHTML, like Gecko) Chrome/145.0.7632.116 Mobile Safari/537.36 (compatible; Googlebot/2.1; +http://www.google.com/bot.html)" "-"
157.55.39.0 - - [12/Mar/2026:00:27:35 +0000] "GET /shop/item/lappic133109953600 HTTP/1.1" 200 197898 kaminibeauty.com "-" "Mozilla/5.0 AppleWebKit/537.36 (KHTML, like Gecko; compatible; bingbot/2.0; +http://www.bing.com/bingbot.htm) Chrome/116.0.1938.76 Safari/537.36" "-"
74.7.242.0 - - [12/Mar/2026:00:27:35 +0000] "GET /shop/item/rondo15475082493?path=//mnt HTTP/1.1" 200 15177 kaminibeauty.com "https://kaminibeauty.com/shop/item/rondo15475082493?path=/" "Mozilla/5.0 AppleWebKit/537.36 (KHTML, like Gecko; compatible; GPTBot/1.3; +https://openai.com/gptbot)" "-"
2a03:2880:f800:: - - [12/Mar/2026:00:27:35 +0000] "GET /shop/item/effusive1540772787 HTTP/1.1" 200 53807 kaminibeauty.com "-" "meta-externalagent/1.1 (+https://developers.facebook.com/docs/sharing/webmasters/crawler)" "-"
2a03:2880:f800:: - - [12/Mar/2026:00:27:36 +0000] "GET /shop/item/griff113536665596 HTTP/1.1" 200 53807 kaminibeauty.com "-" "meta-externalagent/1.1 (+https://developers.facebook.com/docs/sharing/webmasters/crawler)" "-"
2a03:2880:f800:: - - [12/Mar/2026:00:27:36 +0000] "GET /shop/item/waged17236295728 HTTP/1.1" 200 53807 kaminibeauty.com "-" "meta-externalagent/1.1 (+https://developers.facebook.com/docs/sharing/webmasters/crawler)" "-"
157.55.39.0 - - [12/Mar/2026:00:27:36 +0000] "GET /shop/item/suborbital14409853928 HTTP/1.1" 200 204642 kaminibeauty.com "-" "Mozilla/5.0 AppleWebKit/537.36 (KHTML, like Gecko; compatible; bingbot/2.0; +http://www.bing.com/bingbot.htm) Chrome/116.0.1938.76 Safari/537.36" "-"
66.249.66.0 - - [12/Mar/2026:00:27:37 +0000] "GET /index.php?shop/item/fascicularly131610101510 HTTP/1.1" 200 208441 kaminibeauty.com "-" "Mozilla/5.0 (Linux; Android 6.0.1; Nexus 5X Build/MMB29P) AppleWebKit/537.36 (KHTML, like Gecko) Chrome/145.0.7632.116 Mobile Safari/537.36 (compatible; Googlebot/2.1; +http://www.google.com/bot.html)" "-"
2a03:2880:f800:: - - [12/Mar/2026:00:27:37 +0000] "GET /shop/item/archchancellor122219954776 HTTP/1.1" 200 53807 kaminibeauty.com "-" "meta-externalagent/1.1 (+https://developers.facebook.com/docs/sharing/webmasters/crawler)" "-"
2a03:2880:f800:: - - [12/Mar/2026:00:27:38 +0000] "GET /shop/item/myomorpha171617909592 HTTP/1.1" 200 53807 kaminibeauty.com "-" "meta-externalagent/1.1 (+https://developers.facebook.com/docs/sharing/webmasters/crawler)" "-"
2a03:2880:f800:: - - [12/Mar/2026:00:27:38 +0000] "GET /shop/item/shadiest144141368223 HTTP/1.1" 200 53807 kaminibeauty.com "-" "meta-externalagent/1.1 (+https://developers.facebook.com/docs/sharing/webmasters/crawler)" "-"
2a03:2880:f800:: - - [12/Mar/2026:00:27:38 +0000] "GET /shop/item/weigela161666783404 HTTP/1.1" 200 53807 kaminibeauty.com "-" "meta-externalagent/1.1 (+https://developers.facebook.com/docs/sharing/webmasters/crawler)" "-"
74.7.242.0 - - [12/Mar/2026:00:27:39 +0000] "GET /shop/item/ulmic15172214833?path=//var HTTP/1.1" 200 28033 kaminibeauty.com "https://kaminibeauty.com/shop/item/ulmic15172214833?path=/" "Mozilla/5.0 AppleWebKit/537.36 (KHTML, like Gecko; compatible; GPTBot/1.3; +https://openai.com/gptbot)" "-"
2a03:2880:f800:: - - [12/Mar/2026:00:27:39 +0000] "GET /shop/item/solecist161851221763 HTTP/1.1" 200 53807 kaminibeauty.com "-" "meta-externalagent/1.1 (+https://developers.facebook.com/docs/sharing/webmasters/crawler)" "-"
157.55.39.0 - - [12/Mar/2026:00:27:39 +0000] "GET /shop/item/clairobscur14781662538 HTTP/1.1" 200 203298 kaminibeauty.com "-" "Mozilla/5.0 AppleWebKit/537.36 (KHTML, like Gecko; compatible; bingbot/2.0; +http://www.bing.com/bingbot.htm) Chrome/116.0.1938.76 Safari/537.36" "-"
2a03:2880:f800:: - - [12/Mar/2026:00:27:40 +0000] "GET /shop/item/whatnot123083925822 HTTP/1.1" 200 53807 kaminibeauty.com "-" "meta-externalagent/1.1 (+https://developers.facebook.com/docs/sharing/webmasters/crawler)" "-"
2a03:2880:f800:: - - [12/Mar/2026:00:27:40 +0000] "GET /shop/item/borsht113903073442 HTTP/1.1" 200 53807 kaminibeauty.com "-" "meta-externalagent/1.1 (+https://developers.facebook.com/docs/sharing/webmasters/crawler)" "-"
2a03:2880:f800:: - - [12/Mar/2026:00:27:41 +0000] "GET /shop/item/contemplant131934415936 HTTP/1.1" 200 53807 kaminibeauty.com "-" "meta-externalagent/1.1 (+https://developers.facebook.com/docs/sharing/webmasters/crawler)" "-"
2a03:2880:f800:: - - [12/Mar/2026:00:27:41 +0000] "GET /shop/item/remembering124169880404 HTTP/1.1" 200 53807 kaminibeauty.com "-" "meta-externalagent/1.1 (+https://developers.facebook.com/docs/sharing/webmasters/crawler)" "-"
2a03:2880:f800:: - - [12/Mar/2026:00:27:41 +0000] "GET /shop/item/colocynthis134144392539 HTTP/1.1" 200 53807 kaminibeauty.com "-" "meta-externalagent/1.1 (+https://developers.facebook.com/docs/sharing/webmasters/crawler)" "-"
2a03:2880:f800:: - - [12/Mar/2026:00:27:41 +0000] "GET /shop/item/bibliomaniacal121684290877 HTTP/1.1" 200 53807 kaminibeauty.com "-" "meta-externalagent/1.1 (+https://developers.facebook.com/docs/sharing/webmasters/crawler)" "-"
