2a03:2880:f800:: - - [12/Mar/2026:00:08:24 +0000] "GET /shop/item/nonphotobiotic153339728101 HTTP/1.1" 200 53807 kaminibeauty.com "-" "meta-externalagent/1.1 (+https://developers.facebook.com/docs/sharing/webmasters/crawler)" "-"
216.73.216.0 - - [12/Mar/2026:00:08:25 +0000] "GET /?path=%2F%2Fkunden%2Fkunden%2Flib64 HTTP/1.1" 429 267 www.kaminibeauty.com "-" "Mozilla/5.0 AppleWebKit/537.36 (KHTML, like Gecko; compatible; ClaudeBot/1.0; +claudebot@anthropic.com)" "-"
74.7.242.0 - - [12/Mar/2026:00:08:25 +0000] "GET /shop/item/laxus152974985006?fileloc=//bin/vdir&path=//bin HTTP/1.1" 200 12186 kaminibeauty.com "https://kaminibeauty.com/shop/item/laxus152974985006?path=//bin" "Mozilla/5.0 AppleWebKit/537.36 (KHTML, like Gecko; compatible; GPTBot/1.3; +https://openai.com/gptbot)" "-"
2a03:2880:f800:: - - [12/Mar/2026:00:08:25 +0000] "GET /shop/item/epistrophe111960990694 HTTP/1.1" 200 53807 kaminibeauty.com "-" "meta-externalagent/1.1 (+https://developers.facebook.com/docs/sharing/webmasters/crawler)" "-"
2a03:2880:f800:: - - [12/Mar/2026:00:08:25 +0000] "GET /shop/item/stundism173782705309 HTTP/1.1" 200 53807 kaminibeauty.com "-" "meta-externalagent/1.1 (+https://developers.facebook.com/docs/sharing/webmasters/crawler)" "-"
207.46.13.0 - - [12/Mar/2026:00:08:25 +0000] "GET /shop/item/porichthys141612340632 HTTP/1.1" 200 194690 kaminibeauty.com "-" "Mozilla/5.0 AppleWebKit/537.36 (KHTML, like Gecko; compatible; bingbot/2.0; +http://www.bing.com/bingbot.htm) Chrome/116.0.1938.76 Safari/537.36" "-"
2a03:2880:f800:: - - [12/Mar/2026:00:08:26 +0000] "GET /shop/item/equibalancing164280040596 HTTP/1.1" 200 53807 kaminibeauty.com "-" "meta-externalagent/1.1 (+https://developers.facebook.com/docs/sharing/webmasters/crawler)" "-"
66.249.76.0 - - [12/Mar/2026:00:08:26 +0000] "GET /shop/item/blindfold113507493973 HTTP/1.1" 200 194643 kaminibeauty.com "-" "Mozilla/5.0 (Linux; Android 6.0.1; Nexus 5X Build/MMB29P) AppleWebKit/537.36 (KHTML, like Gecko) Chrome/145.0.7632.116 Mobile Safari/537.36 (compatible; Googlebot/2.1; +http://www.google.com/bot.html)" "-"
2a03:2880:f800:: - - [12/Mar/2026:00:08:26 +0000] "GET /shop/item/wordbook123298715940 HTTP/1.1" 200 53807 kaminibeauty.com "-" "meta-externalagent/1.1 (+https://developers.facebook.com/docs/sharing/webmasters/crawler)" "-"
2a03:2880:f800:: - - [12/Mar/2026:00:08:27 +0000] "GET /shop/item/perineoplasty162279398072 HTTP/1.1" 200 53807 kaminibeauty.com "-" "meta-externalagent/1.1 (+https://developers.facebook.com/docs/sharing/webmasters/crawler)" "-"
2a03:2880:f800:: - - [12/Mar/2026:00:08:28 +0000] "GET /shop/item/vernant11672319779 HTTP/1.1" 200 53807 kaminibeauty.com "-" "meta-externalagent/1.1 (+https://developers.facebook.com/docs/sharing/webmasters/crawler)" "-"
2a03:2880:f800:: - - [12/Mar/2026:00:08:28 +0000] "GET /shop/item/nonepiscopal171721668837 HTTP/1.1" 200 53807 kaminibeauty.com "-" "meta-externalagent/1.1 (+https://developers.facebook.com/docs/sharing/webmasters/crawler)" "-"
74.7.242.0 - - [12/Mar/2026:00:08:28 +0000] "GET /shop/item/waler152923804897?fileloc=//bin/gd2togif&path=//bin HTTP/1.1" 200 12190 kaminibeauty.com "https://kaminibeauty.com/shop/item/waler152923804897?path=//bin" "Mozilla/5.0 AppleWebKit/537.36 (KHTML, like Gecko; compatible; GPTBot/1.3; +https://openai.com/gptbot)" "-"
207.46.13.0 - - [12/Mar/2026:00:08:28 +0000] "GET /shop/item/greenstall141739756504 HTTP/1.1" 200 198048 kaminibeauty.com "-" "Mozilla/5.0 AppleWebKit/537.36 (KHTML, like Gecko; compatible; bingbot/2.0; +http://www.bing.com/bingbot.htm) Chrome/116.0.1938.76 Safari/537.36" "-"
216.73.216.0 - - [12/Mar/2026:00:08:29 +0000] "GET /?fileloc=%2F%2Fsbin%2FMAKEDEV&path=%2F%2Fsbin HTTP/1.1" 429 267 www.kaminibeauty.com "-" "Mozilla/5.0 AppleWebKit/537.36 (KHTML, like Gecko; compatible; ClaudeBot/1.0; +claudebot@anthropic.com)" "-"
2a03:2880:f800:: - - [12/Mar/2026:00:08:29 +0000] "GET /shop/item/bubon151113683434 HTTP/1.1" 200 53807 kaminibeauty.com "-" "meta-externalagent/1.1 (+https://developers.facebook.com/docs/sharing/webmasters/crawler)" "-"
2a03:2880:f800:: - - [12/Mar/2026:00:08:29 +0000] "GET /shop/item/flippantly174294444086 HTTP/1.1" 200 53807 kaminibeauty.com "-" "meta-externalagent/1.1 (+https://developers.facebook.com/docs/sharing/webmasters/crawler)" "-"
2a03:2880:f800:: - - [12/Mar/2026:00:08:29 +0000] "GET /shop/item/igneous171529438825 HTTP/1.1" 200 53807 kaminibeauty.com "-" "meta-externalagent/1.1 (+https://developers.facebook.com/docs/sharing/webmasters/crawler)" "-"
66.249.76.0 - - [12/Mar/2026:00:08:29 +0000] "GET /shop/item/adipolysis114038788171 HTTP/1.1" 200 204763 kaminibeauty.com "-" "Mozilla/5.0 (Linux; Android 6.0.1; Nexus 5X Build/MMB29P) AppleWebKit/537.36 (KHTML, like Gecko) Chrome/145.0.7632.116 Mobile Safari/537.36 (compatible; Googlebot/2.1; +http://www.google.com/bot.html)" "-"
85.89.201.0 - - [12/Mar/2026:00:08:30 +0000] "POST /xmlrpc.php HTTP/1.1" 200 53807 kaminibeauty.com "-" "Python-xmlrpc/3.13" "-"
2a03:2880:f800:: - - [12/Mar/2026:00:08:30 +0000] "GET /shop/item/obequitation131367449082 HTTP/1.1" 200 53807 kaminibeauty.com "-" "meta-externalagent/1.1 (+https://developers.facebook.com/docs/sharing/webmasters/crawler)" "-"
2a03:2880:f800:: - - [12/Mar/2026:00:08:31 +0000] "GET /shop/item/ringlestone143445129534 HTTP/1.1" 200 53807 kaminibeauty.com "-" "meta-externalagent/1.1 (+https://developers.facebook.com/docs/sharing/webmasters/crawler)" "-"
2a03:2880:f800:: - - [12/Mar/2026:00:08:31 +0000] "GET /shop/item/apodictic171499744001 HTTP/1.1" 200 53807 kaminibeauty.com "-" "meta-externalagent/1.1 (+https://developers.facebook.com/docs/sharing/webmasters/crawler)" "-"
74.7.242.0 - - [12/Mar/2026:00:08:31 +0000] "GET /shop/item/waler152923804897?fileloc=//bin/mysql_find_rows&path=//bin HTTP/1.1" 200 15773 kaminibeauty.com "https://kaminibeauty.com/shop/item/waler152923804897?path=//bin" "Mozilla/5.0 AppleWebKit/537.36 (KHTML, like Gecko; compatible; GPTBot/1.3; +https://openai.com/gptbot)" "-"
207.46.13.0 - - [12/Mar/2026:00:08:31 +0000] "GET /shop/item/victorine154016464232 HTTP/1.1" 200 206112 kaminibeauty.com "-" "Mozilla/5.0 AppleWebKit/537.36 (KHTML, like Gecko; compatible; bingbot/2.0; +http://www.bing.com/bingbot.htm) Chrome/116.0.1938.76 Safari/537.36" "-"
2a03:2880:f800:: - - [12/Mar/2026:00:08:31 +0000] "GET /shop/item/intolerance164011195137 HTTP/1.1" 200 53807 kaminibeauty.com "-" "meta-externalagent/1.1 (+https://developers.facebook.com/docs/sharing/webmasters/crawler)" "-"
2a03:2880:f800:: - - [12/Mar/2026:00:08:32 +0000] "GET /shop/item/forthward1156523872 HTTP/1.1" 200 53807 kaminibeauty.com "-" "meta-externalagent/1.1 (+https://developers.facebook.com/docs/sharing/webmasters/crawler)" "-"
2a03:2880:f800:: - - [12/Mar/2026:00:08:32 +0000] "GET /shop/item/quitclaiming111975734696 HTTP/1.1" 200 53807 kaminibeauty.com "-" "meta-externalagent/1.1 (+https://developers.facebook.com/docs/sharing/webmasters/crawler)" "-"
2a03:2880:f800:: - - [12/Mar/2026:00:08:33 +0000] "GET /shop/item/indistinctiveness124186764591 HTTP/1.1" 200 53807 kaminibeauty.com "-" "meta-externalagent/1.1 (+https://developers.facebook.com/docs/sharing/webmasters/crawler)" "-"
2a03:2880:f800:: - - [12/Mar/2026:00:08:33 +0000] "GET /shop/item/redskin172639680077 HTTP/1.1" 200 53807 kaminibeauty.com "-" "meta-externalagent/1.1 (+https://developers.facebook.com/docs/sharing/webmasters/crawler)" "-"
66.249.66.0 - - [12/Mar/2026:00:08:33 +0000] "GET /shop/item/counterirritation112960154368 HTTP/1.1" 200 199224 kaminibeauty.com "-" "Mozilla/5.0 (Linux; Android 6.0.1; Nexus 5X Build/MMB29P) AppleWebKit/537.36 (KHTML, like Gecko) Chrome/145.0.7632.116 Mobile Safari/537.36 (compatible; Googlebot/2.1; +http://www.google.com/bot.html)" "-"
216.73.216.0 - - [12/Mar/2026:00:08:34 +0000] "GET /?fileloc=%2F%2Fbin%2Fwinicontoppm&path=%2F%2Fbin HTTP/1.1" 429 267 www.kaminibeauty.com "-" "Mozilla/5.0 AppleWebKit/537.36 (KHTML, like Gecko; compatible; ClaudeBot/1.0; +claudebot@anthropic.com)" "-"
2a03:2880:f800:: - - [12/Mar/2026:00:08:34 +0000] "GET /shop/item/lately172036527360 HTTP/1.1" 200 53807 kaminibeauty.com "-" "meta-externalagent/1.1 (+https://developers.facebook.com/docs/sharing/webmasters/crawler)" "-"
74.7.242.0 - - [12/Mar/2026:00:08:34 +0000] "GET /shop/item/waler152923804897?fileloc=//bin/pdf2dsc&path=//bin HTTP/1.1" 200 12996 kaminibeauty.com "https://kaminibeauty.com/shop/item/waler152923804897?path=//bin" "Mozilla/5.0 AppleWebKit/537.36 (KHTML, like Gecko; compatible; GPTBot/1.3; +https://openai.com/gptbot)" "-"
2a03:2880:f800:: - - [12/Mar/2026:00:08:34 +0000] "GET /shop/item/holocentrum172552864118 HTTP/1.1" 200 53807 kaminibeauty.com "-" "meta-externalagent/1.1 (+https://developers.facebook.com/docs/sharing/webmasters/crawler)" "-"
2a03:2880:f800:: - - [12/Mar/2026:00:08:35 +0000] "GET /shop/item/deteriority163619297168 HTTP/1.1" 200 53807 kaminibeauty.com "-" "meta-externalagent/1.1 (+https://developers.facebook.com/docs/sharing/webmasters/crawler)" "-"
207.46.13.0 - - [12/Mar/2026:00:08:35 +0000] "GET /shop/item/stonesmith122380564340 HTTP/1.1" 200 201171 kaminibeauty.com "-" "Mozilla/5.0 AppleWebKit/537.36 (KHTML, like Gecko; compatible; bingbot/2.0; +http://www.bing.com/bingbot.htm) Chrome/116.0.1938.76 Safari/537.36" "-"
2a03:2880:f800:: - - [12/Mar/2026:00:08:36 +0000] "GET /shop/item/burmanniaceae173941301319 HTTP/1.1" 200 53807 kaminibeauty.com "-" "meta-externalagent/1.1 (+https://developers.facebook.com/docs/sharing/webmasters/crawler)" "-"
2a03:2880:f800:: - - [12/Mar/2026:00:08:36 +0000] "GET /shop/item/counseloratlaw15666821932 HTTP/1.1" 200 53807 kaminibeauty.com "-" "meta-externalagent/1.1 (+https://developers.facebook.com/docs/sharing/webmasters/crawler)" "-"
2a03:2880:f800:: - - [12/Mar/2026:00:08:37 +0000] "GET /shop/item/confix153572906087 HTTP/1.1" 200 53807 kaminibeauty.com "-" "meta-externalagent/1.1 (+https://developers.facebook.com/docs/sharing/webmasters/crawler)" "-"
2a03:2880:f800:: - - [12/Mar/2026:00:08:37 +0000] "GET /shop/item/dispatched17328753675 HTTP/1.1" 200 53807 kaminibeauty.com "-" "meta-externalagent/1.1 (+https://developers.facebook.com/docs/sharing/webmasters/crawler)" "-"
2a03:2880:f800:: - - [12/Mar/2026:00:08:37 +0000] "GET /shop/item/undersaturated163522559872 HTTP/1.1" 200 53807 kaminibeauty.com "-" "meta-externalagent/1.1 (+https://developers.facebook.com/docs/sharing/webmasters/crawler)" "-"
74.7.242.0 - - [12/Mar/2026:00:08:37 +0000] "GET /shop/item/laxus152974985006?fileloc=//bin/quota&path=//bin HTTP/1.1" 200 12187 kaminibeauty.com "https://kaminibeauty.com/shop/item/laxus152974985006?path=//bin" "Mozilla/5.0 AppleWebKit/537.36 (KHTML, like Gecko; compatible; GPTBot/1.3; +https://openai.com/gptbot)" "-"
207.46.13.0 - - [12/Mar/2026:00:08:37 +0000] "GET /shop/item/course163026175187 HTTP/1.1" 200 210705 kaminibeauty.com "-" "Mozilla/5.0 AppleWebKit/537.36 (KHTML, like Gecko; compatible; bingbot/2.0; +http://www.bing.com/bingbot.htm) Chrome/116.0.1938.76 Safari/537.36" "-"
2a03:2880:f800:: - - [12/Mar/2026:00:08:38 +0000] "GET /shop/item/afghanistani151787092158 HTTP/1.1" 200 53807 kaminibeauty.com "-" "meta-externalagent/1.1 (+https://developers.facebook.com/docs/sharing/webmasters/crawler)" "-"
2a03:2880:f800:: - - [12/Mar/2026:00:08:38 +0000] "GET /shop/item/kuran16169483089 HTTP/1.1" 200 53807 kaminibeauty.com "-" "meta-externalagent/1.1 (+https://developers.facebook.com/docs/sharing/webmasters/crawler)" "-"
216.73.216.0 - - [12/Mar/2026:00:08:39 +0000] "GET /?fileloc=%2F%2Fsbin%2Fchpasswd&path=%2F%2Fsbin HTTP/1.1" 429 267 www.kaminibeauty.com "-" "Mozilla/5.0 AppleWebKit/537.36 (KHTML, like Gecko; compatible; ClaudeBot/1.0; +claudebot@anthropic.com)" "-"
2a03:2880:f800:: - - [12/Mar/2026:00:08:39 +0000] "GET /shop/item/gecarcinian163556094757 HTTP/1.1" 200 53807 kaminibeauty.com "-" "meta-externalagent/1.1 (+https://developers.facebook.com/docs/sharing/webmasters/crawler)" "-"
2a03:2880:f800:: - - [12/Mar/2026:00:08:40 +0000] "GET /shop/item/whilere121686852649 HTTP/1.1" 200 53807 kaminibeauty.com "-" "meta-externalagent/1.1 (+https://developers.facebook.com/docs/sharing/webmasters/crawler)" "-"
2a03:2880:f800:: - - [12/Mar/2026:00:08:40 +0000] "GET /shop/item/perceivable123497914456 HTTP/1.1" 200 53807 kaminibeauty.com "-" "meta-externalagent/1.1 (+https://developers.facebook.com/docs/sharing/webmasters/crawler)" "-"
2a03:2880:f800:: - - [12/Mar/2026:00:08:40 +0000] "GET /shop/item/buttery121002008535 HTTP/1.1" 200 53807 kaminibeauty.com "-" "meta-externalagent/1.1 (+https://developers.facebook.com/docs/sharing/webmasters/crawler)" "-"
207.46.13.0 - - [12/Mar/2026:00:08:40 +0000] "GET /shop/item/sickish16173359854 HTTP/1.1" 200 212292 kaminibeauty.com "-" "Mozilla/5.0 AppleWebKit/537.36 (KHTML, like Gecko; compatible; bingbot/2.0; +http://www.bing.com/bingbot.htm) Chrome/116.0.1938.76 Safari/537.36" "-"
74.7.242.0 - - [12/Mar/2026:00:08:41 +0000] "GET /shop/item/waler152923804897?fileloc=//bin/man-recode&path=//bin HTTP/1.1" 200 12192 kaminibeauty.com "https://kaminibeauty.com/shop/item/waler152923804897?path=//bin" "Mozilla/5.0 AppleWebKit/537.36 (KHTML, like Gecko; compatible; GPTBot/1.3; +https://openai.com/gptbot)" "-"
2a03:2880:f800:: - - [12/Mar/2026:00:08:41 +0000] "GET /shop/item/constraining143116905923 HTTP/1.1" 200 53807 kaminibeauty.com "-" "meta-externalagent/1.1 (+https://developers.facebook.com/docs/sharing/webmasters/crawler)" "-"
66.249.66.0 - - [12/Mar/2026:00:08:41 +0000] "GET /shop/item/bedizen11772716949 HTTP/1.1" 200 206221 kaminibeauty.com "-" "Mozilla/5.0 (Linux; Android 6.0.1; Nexus 5X Build/MMB29P) AppleWebKit/537.36 (KHTML, like Gecko) Chrome/145.0.7632.116 Mobile Safari/537.36 (compatible; Googlebot/2.1; +http://www.google.com/bot.html)" "-"
2a03:2880:f800:: - - [12/Mar/2026:00:08:41 +0000] "GET /shop/item/sincerest151597495625 HTTP/1.1" 200 53807 kaminibeauty.com "-" "meta-externalagent/1.1 (+https://developers.facebook.com/docs/sharing/webmasters/crawler)" "-"
213.188.69.0 - - [12/Mar/2026:00:08:42 +0000] "POST /xmlrpc.php HTTP/1.1" 200 53807 kaminibeauty.com "-" "Python-xmlrpc/3.13" "-"
2a03:2880:f800:: - - [12/Mar/2026:00:08:42 +0000] "GET /shop/item/albans17705288386 HTTP/1.1" 200 53807 kaminibeauty.com "-" "meta-externalagent/1.1 (+https://developers.facebook.com/docs/sharing/webmasters/crawler)" "-"
2a03:2880:f800:: - - [12/Mar/2026:00:08:42 +0000] "GET /shop/item/imputably153711602839 HTTP/1.1" 200 53807 kaminibeauty.com "-" "meta-externalagent/1.1 (+https://developers.facebook.com/docs/sharing/webmasters/crawler)" "-"
2a03:2880:f800:: - - [12/Mar/2026:00:08:43 +0000] "GET /shop/item/cosmothetic16124710489 HTTP/1.1" 200 53807 kaminibeauty.com "-" "meta-externalagent/1.1 (+https://developers.facebook.com/docs/sharing/webmasters/crawler)" "-"
2a03:2880:f800:: - - [12/Mar/2026:00:08:43 +0000] "GET /shop/item/calivere164070605730 HTTP/1.1" 200 53807 kaminibeauty.com "-" "meta-externalagent/1.1 (+https://developers.facebook.com/docs/sharing/webmasters/crawler)" "-"
207.46.13.0 - - [12/Mar/2026:00:08:43 +0000] "GET /shop/item/zoophilist142784855465 HTTP/1.1" 200 203097 kaminibeauty.com "-" "Mozilla/5.0 AppleWebKit/537.36 (KHTML, like Gecko; compatible; bingbot/2.0; +http://www.bing.com/bingbot.htm) Chrome/116.0.1938.76 Safari/537.36" "-"
216.73.216.0 - - [12/Mar/2026:00:08:44 +0000] "GET /?fileloc=%2F%2Fbin%2Fpod2latex&path=%2F%2Fbin HTTP/1.1" 429 267 www.kaminibeauty.com "-" "Mozilla/5.0 AppleWebKit/537.36 (KHTML, like Gecko; compatible; ClaudeBot/1.0; +claudebot@anthropic.com)" "-"
2a03:2880:f800:: - - [12/Mar/2026:00:08:44 +0000] "GET /shop/item/fluoridate13296385188 HTTP/1.1" 200 53807 kaminibeauty.com "-" "meta-externalagent/1.1 (+https://developers.facebook.com/docs/sharing/webmasters/crawler)" "-"
2a03:2880:f800:: - - [12/Mar/2026:00:08:44 +0000] "GET /shop/item/amentaceous143848656518 HTTP/1.1" 200 53807 kaminibeauty.com "-" "meta-externalagent/1.1 (+https://developers.facebook.com/docs/sharing/webmasters/crawler)" "-"
74.7.242.0 - - [12/Mar/2026:00:08:44 +0000] "GET /shop/item/waler152923804897?fileloc=//bin/shasum&path=//bin HTTP/1.1" 200 22853 kaminibeauty.com "https://kaminibeauty.com/shop/item/waler152923804897?path=//bin" "Mozilla/5.0 AppleWebKit/537.36 (KHTML, like Gecko; compatible; GPTBot/1.3; +https://openai.com/gptbot)" "-"
157.55.39.0 - - [12/Mar/2026:00:08:44 +0000] "GET /shop/item/nonadmission14541553910 HTTP/1.1" 200 217481 www.kaminibeauty.com "-" "Mozilla/5.0 AppleWebKit/537.36 (KHTML, like Gecko; compatible; bingbot/2.0; +http://www.bing.com/bingbot.htm) Chrome/116.0.1938.76 Safari/537.36" "-"
66.249.76.0 - - [12/Mar/2026:00:08:45 +0000] "GET /shop/item/mycelium11257716569 HTTP/1.1" 200 207099 kaminibeauty.com "-" "Mozilla/5.0 (Linux; Android 6.0.1; Nexus 5X Build/MMB29P) AppleWebKit/537.36 (KHTML, like Gecko) Chrome/145.0.7632.116 Mobile Safari/537.36 (compatible; Googlebot/2.1; +http://www.google.com/bot.html)" "-"
2a03:2880:f800:: - - [12/Mar/2026:00:08:45 +0000] "GET /shop/item/hyalite13387769209 HTTP/1.1" 200 53807 kaminibeauty.com "-" "meta-externalagent/1.1 (+https://developers.facebook.com/docs/sharing/webmasters/crawler)" "-"
2a03:2880:f800:: - - [12/Mar/2026:00:08:45 +0000] "GET /shop/item/homogenized1248298713 HTTP/1.1" 200 53807 kaminibeauty.com "-" "meta-externalagent/1.1 (+https://developers.facebook.com/docs/sharing/webmasters/crawler)" "-"
2a03:2880:f800:: - - [12/Mar/2026:00:08:46 +0000] "GET /shop/item/charghela113732969656 HTTP/1.1" 200 53807 kaminibeauty.com "-" "meta-externalagent/1.1 (+https://developers.facebook.com/docs/sharing/webmasters/crawler)" "-"
2a03:2880:f800:: - - [12/Mar/2026:00:08:46 +0000] "GET /shop/item/livery13904648143 HTTP/1.1" 200 53807 kaminibeauty.com "-" "meta-externalagent/1.1 (+https://developers.facebook.com/docs/sharing/webmasters/crawler)" "-"
2a03:2880:f800:: - - [12/Mar/2026:00:08:47 +0000] "GET /shop/item/consolidant161658139292 HTTP/1.1" 200 53807 kaminibeauty.com "-" "meta-externalagent/1.1 (+https://developers.facebook.com/docs/sharing/webmasters/crawler)" "-"
161.123.149.0 - - [12/Mar/2026:00:08:47 +0000] "POST /xmlrpc.php HTTP/1.1" 200 53807 kaminibeauty.com "-" "Python-xmlrpc/3.13" "-"
2a03:2880:f800:: - - [12/Mar/2026:00:08:47 +0000] "GET /shop/item/misalter141765630086 HTTP/1.1" 200 53807 kaminibeauty.com "-" "meta-externalagent/1.1 (+https://developers.facebook.com/docs/sharing/webmasters/crawler)" "-"
74.7.242.0 - - [12/Mar/2026:00:08:47 +0000] "GET /shop/item/laxus152974985006?fileloc=//bin/reset&path=//bin HTTP/1.1" 200 12187 kaminibeauty.com "https://kaminibeauty.com/shop/item/laxus152974985006?path=//bin" "Mozilla/5.0 AppleWebKit/537.36 (KHTML, like Gecko; compatible; GPTBot/1.3; +https://openai.com/gptbot)" "-"
207.46.13.0 - - [12/Mar/2026:00:08:47 +0000] "GET /shop/item/disruly151334873456 HTTP/1.1" 200 214887 kaminibeauty.com "-" "Mozilla/5.0 AppleWebKit/537.36 (KHTML, like Gecko; compatible; bingbot/2.0; +http://www.bing.com/bingbot.htm) Chrome/116.0.1938.76 Safari/537.36" "-"
2a03:2880:f800:: - - [12/Mar/2026:00:08:48 +0000] "GET /shop/item/riders16840350455 HTTP/1.1" 200 53807 kaminibeauty.com "-" "meta-externalagent/1.1 (+https://developers.facebook.com/docs/sharing/webmasters/crawler)" "-"
2a03:2880:f800:: - - [12/Mar/2026:00:08:48 +0000] "GET /shop/item/soyle162801890222 HTTP/1.1" 200 53807 kaminibeauty.com "-" "meta-externalagent/1.1 (+https://developers.facebook.com/docs/sharing/webmasters/crawler)" "-"
216.73.216.0 - - [12/Mar/2026:00:08:49 +0000] "GET /?fileloc=%2F%2Fbin%2Fx86_64-linux-gnu-gcov-10&path=%2F%2Fbin HTTP/1.1" 429 267 www.kaminibeauty.com "-" "Mozilla/5.0 AppleWebKit/537.36 (KHTML, like Gecko; compatible; ClaudeBot/1.0; +claudebot@anthropic.com)" "-"
2a03:2880:f800:: - - [12/Mar/2026:00:08:49 +0000] "GET /shop/item/arrogative122113461887 HTTP/1.1" 200 53807 kaminibeauty.com "-" "meta-externalagent/1.1 (+https://developers.facebook.com/docs/sharing/webmasters/crawler)" "-"
2a03:2880:f800:: - - [12/Mar/2026:00:08:49 +0000] "GET /shop/item/rietbok112177425853 HTTP/1.1" 200 53807 kaminibeauty.com "-" "meta-externalagent/1.1 (+https://developers.facebook.com/docs/sharing/webmasters/crawler)" "-"
212.103.58.0 - - [12/Mar/2026:00:08:50 +0000] "POST /xmlrpc.php HTTP/1.1" 200 53807 kaminibeauty.com "-" "Python-xmlrpc/3.13" "-"
51.89.129.0 - - [12/Mar/2026:00:08:50 +0000] "GET /shop/item/nemorous161268301709?path=//sys HTTP/1.1" 200 12605 kaminibeauty.com "-" "Mozilla/5.0 (compatible; AhrefsBot/7.0; +http://ahrefs.com/robot/)" "-"
2a03:2880:f800:: - - [12/Mar/2026:00:08:50 +0000] "GET /shop/item/bethought163395071813 HTTP/1.1" 200 53807 kaminibeauty.com "-" "meta-externalagent/1.1 (+https://developers.facebook.com/docs/sharing/webmasters/crawler)" "-"
2a03:2880:f800:: - - [12/Mar/2026:00:08:50 +0000] "GET /shop/item/babblery114108133577 HTTP/1.1" 200 53807 kaminibeauty.com "-" "meta-externalagent/1.1 (+https://developers.facebook.com/docs/sharing/webmasters/crawler)" "-"
74.7.242.0 - - [12/Mar/2026:00:08:50 +0000] "GET /shop/item/waler152923804897?fileloc=//bin/gunzip&path=//bin HTTP/1.1" 200 14596 kaminibeauty.com "https://kaminibeauty.com/shop/item/waler152923804897?path=//bin" "Mozilla/5.0 AppleWebKit/537.36 (KHTML, like Gecko; compatible; GPTBot/1.3; +https://openai.com/gptbot)" "-"
207.46.13.0 - - [12/Mar/2026:00:08:50 +0000] "GET /shop/item/traulism164124528703 HTTP/1.1" 200 196157 kaminibeauty.com "-" "Mozilla/5.0 AppleWebKit/537.36 (KHTML, like Gecko; compatible; bingbot/2.0; +http://www.bing.com/bingbot.htm) Chrome/116.0.1938.76 Safari/537.36" "-"
2a03:2880:f800:: - - [12/Mar/2026:00:08:51 +0000] "GET /shop/item/temptingly14771337978 HTTP/1.1" 200 53807 kaminibeauty.com "-" "meta-externalagent/1.1 (+https://developers.facebook.com/docs/sharing/webmasters/crawler)" "-"
2a03:2880:f800:: - - [12/Mar/2026:00:08:51 +0000] "GET /shop/item/phenose12913023376 HTTP/1.1" 200 53807 kaminibeauty.com "-" "meta-externalagent/1.1 (+https://developers.facebook.com/docs/sharing/webmasters/crawler)" "-"
2a03:2880:f800:: - - [12/Mar/2026:00:08:52 +0000] "GET /shop/item/galvanizing1443461816 HTTP/1.1" 200 53807 kaminibeauty.com "-" "meta-externalagent/1.1 (+https://developers.facebook.com/docs/sharing/webmasters/crawler)" "-"
2a03:2880:f800:: - - [12/Mar/2026:00:08:52 +0000] "GET /shop/item/craber141565015731 HTTP/1.1" 200 53807 kaminibeauty.com "-" "meta-externalagent/1.1 (+https://developers.facebook.com/docs/sharing/webmasters/crawler)" "-"
66.249.76.0 - - [12/Mar/2026:00:08:53 +0000] "GET /shop/item/allowedly121166180793 HTTP/1.1" 200 210736 kaminibeauty.com "-" "Mozilla/5.0 (Linux; Android 6.0.1; Nexus 5X Build/MMB29P) AppleWebKit/537.36 (KHTML, like Gecko) Chrome/145.0.7632.116 Mobile Safari/537.36 (compatible; Googlebot/2.1; +http://www.google.com/bot.html)" "-"
66.249.66.0 - - [12/Mar/2026:00:08:53 +0000] "GET /shop/item/pulldevil11631144314 HTTP/1.1" 200 199663 kaminibeauty.com "-" "Mozilla/5.0 (Linux; Android 6.0.1; Nexus 5X Build/MMB29P) AppleWebKit/537.36 (KHTML, like Gecko) Chrome/145.0.7632.116 Mobile Safari/537.36 (compatible; Googlebot/2.1; +http://www.google.com/bot.html)" "-"
2a03:2880:f800:: - - [12/Mar/2026:00:08:53 +0000] "GET /shop/item/perflation111811591047 HTTP/1.1" 200 53807 kaminibeauty.com "-" "meta-externalagent/1.1 (+https://developers.facebook.com/docs/sharing/webmasters/crawler)" "-"
207.46.13.0 - - [12/Mar/2026:00:08:53 +0000] "GET /shop/item/mayan121250393807 HTTP/1.1" 200 207869 kaminibeauty.com "-" "Mozilla/5.0 AppleWebKit/537.36 (KHTML, like Gecko; compatible; bingbot/2.0; +http://www.bing.com/bingbot.htm) Chrome/116.0.1938.76 Safari/537.36" "-"
2a03:2880:f800:: - - [12/Mar/2026:00:08:53 +0000] "GET /shop/item/kafal161436563001 HTTP/1.1" 200 53807 kaminibeauty.com "-" "meta-externalagent/1.1 (+https://developers.facebook.com/docs/sharing/webmasters/crawler)" "-"
74.7.242.0 - - [12/Mar/2026:00:08:53 +0000] "GET /shop/item/laxus152974985006?fileloc=//bin/mkfifo&path=//bin HTTP/1.1" 200 12188 kaminibeauty.com "https://kaminibeauty.com/shop/item/laxus152974985006?path=//bin" "Mozilla/5.0 AppleWebKit/537.36 (KHTML, like Gecko; compatible; GPTBot/1.3; +https://openai.com/gptbot)" "-"
216.73.216.0 - - [12/Mar/2026:00:08:54 +0000] "GET /?path=%2F%2Fkunden%2Fkunden%2Flib32 HTTP/1.1" 429 267 www.kaminibeauty.com "-" "Mozilla/5.0 AppleWebKit/537.36 (KHTML, like Gecko; compatible; ClaudeBot/1.0; +claudebot@anthropic.com)" "-"
2a03:2880:f800:: - - [12/Mar/2026:00:08:54 +0000] "GET /shop/item/teter17669880826 HTTP/1.1" 200 53807 kaminibeauty.com "-" "meta-externalagent/1.1 (+https://developers.facebook.com/docs/sharing/webmasters/crawler)" "-"
2a03:2880:f800:: - - [12/Mar/2026:00:08:54 +0000] "GET /shop/item/irradiating112852723359 HTTP/1.1" 200 53807 kaminibeauty.com "-" "meta-externalagent/1.1 (+https://developers.facebook.com/docs/sharing/webmasters/crawler)" "-"
2a03:2880:f800:: - - [12/Mar/2026:00:08:55 +0000] "GET /shop/item/enfeoffing123312328908 HTTP/1.1" 200 53807 kaminibeauty.com "-" "meta-externalagent/1.1 (+https://developers.facebook.com/docs/sharing/webmasters/crawler)" "-"
2a03:2880:f800:: - - [12/Mar/2026:00:08:56 +0000] "GET /shop/item/gyrodus17455651744 HTTP/1.1" 200 53807 kaminibeauty.com "-" "meta-externalagent/1.1 (+https://developers.facebook.com/docs/sharing/webmasters/crawler)" "-"
2a03:2880:f800:: - - [12/Mar/2026:00:08:56 +0000] "GET /shop/item/whoremonger152730501138 HTTP/1.1" 200 53807 kaminibeauty.com "-" "meta-externalagent/1.1 (+https://developers.facebook.com/docs/sharing/webmasters/crawler)" "-"
207.46.13.0 - - [12/Mar/2026:00:08:56 +0000] "GET /shop/item/torvum141928712746 HTTP/1.1" 200 208351 kaminibeauty.com "-" "Mozilla/5.0 AppleWebKit/537.36 (KHTML, like Gecko; compatible; bingbot/2.0; +http://www.bing.com/bingbot.htm) Chrome/116.0.1938.76 Safari/537.36" "-"
2a03:2880:f800:: - - [12/Mar/2026:00:08:56 +0000] "GET /shop/item/pilularis16307339657 HTTP/1.1" 200 53807 kaminibeauty.com "-" "meta-externalagent/1.1 (+https://developers.facebook.com/docs/sharing/webmasters/crawler)" "-"
74.7.242.0 - - [12/Mar/2026:00:08:56 +0000] "GET /shop/item/waler152923804897?fileloc=//etc/subgid&path=//etc HTTP/1.1" 200 12188 kaminibeauty.com "https://kaminibeauty.com/shop/item/waler152923804897?path=//etc" "Mozilla/5.0 AppleWebKit/537.36 (KHTML, like Gecko; compatible; GPTBot/1.3; +https://openai.com/gptbot)" "-"
66.249.76.0 - - [12/Mar/2026:00:08:56 +0000] "GET /shop/item/assertorial111601887080 HTTP/1.1" 200 198876 kaminibeauty.com "-" "Mozilla/5.0 (Linux; Android 6.0.1; Nexus 5X Build/MMB29P) AppleWebKit/537.36 (KHTML, like Gecko) Chrome/145.0.7632.116 Mobile Safari/537.36 (compatible; Googlebot/2.1; +http://www.google.com/bot.html)" "-"
2a03:2880:f800:: - - [12/Mar/2026:00:08:57 +0000] "GET /shop/item/polychloride132469804291 HTTP/1.1" 200 53807 kaminibeauty.com "-" "meta-externalagent/1.1 (+https://developers.facebook.com/docs/sharing/webmasters/crawler)" "-"
2a03:2880:f800:: - - [12/Mar/2026:00:08:57 +0000] "GET /shop/item/apogon12152627733 HTTP/1.1" 200 53807 kaminibeauty.com "-" "meta-externalagent/1.1 (+https://developers.facebook.com/docs/sharing/webmasters/crawler)" "-"
2a03:2880:f800:: - - [12/Mar/2026:00:08:58 +0000] "GET /shop/item/belesprit161214212592 HTTP/1.1" 200 53807 kaminibeauty.com "-" "meta-externalagent/1.1 (+https://developers.facebook.com/docs/sharing/webmasters/crawler)" "-"
2a03:2880:f800:: - - [12/Mar/2026:00:08:58 +0000] "GET /shop/item/scrutator122134779542 HTTP/1.1" 200 53807 kaminibeauty.com "-" "meta-externalagent/1.1 (+https://developers.facebook.com/docs/sharing/webmasters/crawler)" "-"
207.46.13.0 - - [12/Mar/2026:00:08:58 +0000] "GET /shop/item/epinicion142277130122 HTTP/1.1" 200 209289 kaminibeauty.com "-" "Mozilla/5.0 AppleWebKit/537.36 (KHTML, like Gecko; compatible; bingbot/2.0; +http://www.bing.com/bingbot.htm) Chrome/116.0.1938.76 Safari/537.36" "-"
216.73.216.0 - - [12/Mar/2026:00:08:59 +0000] "GET /?fileloc=%2F%2Fbin%2Fimgtoppm&path=%2F%2Fbin HTTP/1.1" 429 267 www.kaminibeauty.com "-" "Mozilla/5.0 AppleWebKit/537.36 (KHTML, like Gecko; compatible; ClaudeBot/1.0; +claudebot@anthropic.com)" "-"
119.12.201.0 - - [12/Mar/2026:00:08:59 +0000] "POST /xmlrpc.php HTTP/1.1" 200 53807 kaminibeauty.com "-" "Python-xmlrpc/3.13" "-"
2a03:2880:f800:: - - [12/Mar/2026:00:08:59 +0000] "GET /shop/item/rostrata161652220899 HTTP/1.1" 200 53807 kaminibeauty.com "-" "meta-externalagent/1.1 (+https://developers.facebook.com/docs/sharing/webmasters/crawler)" "-"
2a03:2880:f800:: - - [12/Mar/2026:00:08:59 +0000] "GET /shop/item/torpescence141907833722 HTTP/1.1" 200 53807 kaminibeauty.com "-" "meta-externalagent/1.1 (+https://developers.facebook.com/docs/sharing/webmasters/crawler)" "-"
74.7.242.0 - - [12/Mar/2026:00:09:00 +0000] "GET /shop/item/laxus152974985006?fileloc=//bin/unzip&path=//bin HTTP/1.1" 200 12187 kaminibeauty.com "https://kaminibeauty.com/shop/item/laxus152974985006?path=//bin" "Mozilla/5.0 AppleWebKit/537.36 (KHTML, like Gecko; compatible; GPTBot/1.3; +https://openai.com/gptbot)" "-"
66.249.66.0 - - [12/Mar/2026:00:09:00 +0000] "GET /shop/item/perispermic11511952618 HTTP/1.1" 200 202599 kaminibeauty.com "-" "Mozilla/5.0 (Linux; Android 6.0.1; Nexus 5X Build/MMB29P) AppleWebKit/537.36 (KHTML, like Gecko) Chrome/145.0.7632.116 Mobile Safari/537.36 (compatible; Googlebot/2.1; +http://www.google.com/bot.html)" "-"
2a03:2880:f800:: - - [12/Mar/2026:00:09:00 +0000] "GET /shop/item/contemplative133533813346 HTTP/1.1" 200 53807 kaminibeauty.com "-" "meta-externalagent/1.1 (+https://developers.facebook.com/docs/sharing/webmasters/crawler)" "-"
2a03:2880:f800:: - - [12/Mar/2026:00:09:00 +0000] "GET /shop/item/viperous14645320812 HTTP/1.1" 200 53807 kaminibeauty.com "-" "meta-externalagent/1.1 (+https://developers.facebook.com/docs/sharing/webmasters/crawler)" "-"
2a03:2880:f800:: - - [12/Mar/2026:00:09:01 +0000] "GET /shop/item/periphrased174203750170 HTTP/1.1" 200 53807 kaminibeauty.com "-" "meta-externalagent/1.1 (+https://developers.facebook.com/docs/sharing/webmasters/crawler)" "-"
2a03:2880:f800:: - - [12/Mar/2026:00:09:01 +0000] "GET /shop/item/lanarius171251202259 HTTP/1.1" 200 53807 kaminibeauty.com "-" "meta-externalagent/1.1 (+https://developers.facebook.com/docs/sharing/webmasters/crawler)" "-"
207.46.13.0 - - [12/Mar/2026:00:09:01 +0000] "GET /shop/item/sickleman131993597963 HTTP/1.1" 200 209072 kaminibeauty.com "-" "Mozilla/5.0 AppleWebKit/537.36 (KHTML, like Gecko; compatible; bingbot/2.0; +http://www.bing.com/bingbot.htm) Chrome/116.0.1938.76 Safari/537.36" "-"
2a03:2880:f800:: - - [12/Mar/2026:00:09:02 +0000] "GET /shop/item/undaunted151186888537 HTTP/1.1" 200 53807 kaminibeauty.com "-" "meta-externalagent/1.1 (+https://developers.facebook.com/docs/sharing/webmasters/crawler)" "-"
2a03:2880:f800:: - - [12/Mar/2026:00:09:03 +0000] "GET /shop/item/assimilating162048528717 HTTP/1.1" 200 53807 kaminibeauty.com "-" "meta-externalagent/1.1 (+https://developers.facebook.com/docs/sharing/webmasters/crawler)" "-"
2a03:2880:f800:: - - [12/Mar/2026:00:09:03 +0000] "GET /shop/item/rubiretin143708224114 HTTP/1.1" 200 53807 kaminibeauty.com "-" "meta-externalagent/1.1 (+https://developers.facebook.com/docs/sharing/webmasters/crawler)" "-"
74.7.242.0 - - [12/Mar/2026:00:09:03 +0000] "GET /shop/item/laxus152974985006?fileloc=//bin/colcrt&path=//bin HTTP/1.1" 200 12188 kaminibeauty.com "https://kaminibeauty.com/shop/item/laxus152974985006?path=//bin" "Mozilla/5.0 AppleWebKit/537.36 (KHTML, like Gecko; compatible; GPTBot/1.3; +https://openai.com/gptbot)" "-"
2a03:2880:f800:: - - [12/Mar/2026:00:09:03 +0000] "GET /shop/item/shroud131126589184 HTTP/1.1" 200 53807 kaminibeauty.com "-" "meta-externalagent/1.1 (+https://developers.facebook.com/docs/sharing/webmasters/crawler)" "-"
216.73.216.0 - - [12/Mar/2026:00:09:04 +0000] "GET /?fileloc=%2F%2Fbin%2Fsavelog&path=%2F%2Fbin HTTP/1.1" 429 267 www.kaminibeauty.com "-" "Mozilla/5.0 AppleWebKit/537.36 (KHTML, like Gecko; compatible; ClaudeBot/1.0; +claudebot@anthropic.com)" "-"
2a03:2880:f800:: - - [12/Mar/2026:00:09:04 +0000] "GET /shop/item/phryma13103785126 HTTP/1.1" 200 53807 kaminibeauty.com "-" "meta-externalagent/1.1 (+https://developers.facebook.com/docs/sharing/webmasters/crawler)" "-"
2a03:2880:f800:: - - [12/Mar/2026:00:09:04 +0000] "GET /shop/item/impavidly16995236441 HTTP/1.1" 200 53807 kaminibeauty.com "-" "meta-externalagent/1.1 (+https://developers.facebook.com/docs/sharing/webmasters/crawler)" "-"
2a03:2880:f800:: - - [12/Mar/2026:00:09:05 +0000] "GET /shop/item/gluten171551853725 HTTP/1.1" 200 53807 kaminibeauty.com "-" "meta-externalagent/1.1 (+https://developers.facebook.com/docs/sharing/webmasters/crawler)" "-"
207.46.13.0 - - [12/Mar/2026:00:09:05 +0000] "GET /shop/item/paladumenta122309439681 HTTP/1.1" 200 210895 kaminibeauty.com "-" "Mozilla/5.0 AppleWebKit/537.36 (KHTML, like Gecko; compatible; bingbot/2.0; +http://www.bing.com/bingbot.htm) Chrome/116.0.1938.76 Safari/537.36" "-"
2a03:2880:f800:: - - [12/Mar/2026:00:09:05 +0000] "GET /shop/item/decretory172479719939 HTTP/1.1" 200 53807 kaminibeauty.com "-" "meta-externalagent/1.1 (+https://developers.facebook.com/docs/sharing/webmasters/crawler)" "-"
66.249.66.0 - - [12/Mar/2026:00:09:05 +0000] "GET /shop/item/selfassertion19763490473 HTTP/1.1" 200 193356 kaminibeauty.com "-" "Mozilla/5.0 (Linux; Android 6.0.1; Nexus 5X Build/MMB29P) AppleWebKit/537.36 (KHTML, like Gecko) Chrome/145.0.7632.116 Mobile Safari/537.36 (compatible; Googlebot/2.1; +http://www.google.com/bot.html)" "-"
2a03:2880:f800:: - - [12/Mar/2026:00:09:06 +0000] "GET /shop/item/illuded133366554494 HTTP/1.1" 200 53807 kaminibeauty.com "-" "meta-externalagent/1.1 (+https://developers.facebook.com/docs/sharing/webmasters/crawler)" "-"
74.7.242.0 - - [12/Mar/2026:00:09:06 +0000] "GET /shop/item/laxus152974985006?fileloc=//bin/cmake&path=//bin HTTP/1.1" 200 12187 kaminibeauty.com "https://kaminibeauty.com/shop/item/laxus152974985006?path=//bin" "Mozilla/5.0 AppleWebKit/537.36 (KHTML, like Gecko; compatible; GPTBot/1.3; +https://openai.com/gptbot)" "-"
2a03:2880:f800:: - - [12/Mar/2026:00:09:06 +0000] "GET /shop/item/bombace173475728487 HTTP/1.1" 200 53807 kaminibeauty.com "-" "meta-externalagent/1.1 (+https://developers.facebook.com/docs/sharing/webmasters/crawler)" "-"
66.249.66.0 - - [12/Mar/2026:00:09:06 +0000] "GET /shop/item/scrophulariaceae172701021545 HTTP/1.1" 200 219960 kaminibeauty.com "-" "Mozilla/5.0 (Linux; Android 6.0.1; Nexus 5X Build/MMB29P) AppleWebKit/537.36 (KHTML, like Gecko) Chrome/145.0.7632.116 Mobile Safari/537.36 (compatible; Googlebot/2.1; +http://www.google.com/bot.html)" "-"
2a03:2880:f800:: - - [12/Mar/2026:00:09:07 +0000] "GET /shop/item/silicification172433621884 HTTP/1.1" 200 53807 kaminibeauty.com "-" "meta-externalagent/1.1 (+https://developers.facebook.com/docs/sharing/webmasters/crawler)" "-"
2a03:2880:f800:: - - [12/Mar/2026:00:09:07 +0000] "GET /shop/item/sesquioxide141776998243 HTTP/1.1" 200 53807 kaminibeauty.com "-" "meta-externalagent/1.1 (+https://developers.facebook.com/docs/sharing/webmasters/crawler)" "-"
66.249.66.0 - - [12/Mar/2026:00:09:07 +0000] "GET /shop/item/adornment113467675486 HTTP/1.1" 200 206178 kaminibeauty.com "-" "Mozilla/5.0 (Linux; Android 6.0.1; Nexus 5X Build/MMB29P) AppleWebKit/537.36 (KHTML, like Gecko) Chrome/145.0.7632.116 Mobile Safari/537.36 (compatible; Googlebot/2.1; +http://www.google.com/bot.html)" "-"
207.46.13.0 - - [12/Mar/2026:00:09:07 +0000] "GET /shop/item/tantalizer144247939868 HTTP/1.1" 200 196103 kaminibeauty.com "-" "Mozilla/5.0 AppleWebKit/537.36 (KHTML, like Gecko; compatible; bingbot/2.0; +http://www.bing.com/bingbot.htm) Chrome/116.0.1938.76 Safari/537.36" "-"
2a03:2880:f800:: - - [12/Mar/2026:00:09:08 +0000] "GET /shop/item/diathesis173297935167 HTTP/1.1" 200 53807 kaminibeauty.com "-" "meta-externalagent/1.1 (+https://developers.facebook.com/docs/sharing/webmasters/crawler)" "-"
2a03:2880:f800:: - - [12/Mar/2026:00:09:08 +0000] "GET /shop/item/graafian174018003075 HTTP/1.1" 200 53807 kaminibeauty.com "-" "meta-externalagent/1.1 (+https://developers.facebook.com/docs/sharing/webmasters/crawler)" "-"
216.73.216.0 - - [12/Mar/2026:00:09:09 +0000] "GET /?fileloc=%2F%2Fbin%2Fconjure-im6&path=%2F%2Fbin HTTP/1.1" 429 267 www.kaminibeauty.com "-" "Mozilla/5.0 AppleWebKit/537.36 (KHTML, like Gecko; compatible; ClaudeBot/1.0; +claudebot@anthropic.com)" "-"
2a03:2880:f800:: - - [12/Mar/2026:00:09:09 +0000] "GET /shop/item/trawlwarp161441538290 HTTP/1.1" 200 53807 kaminibeauty.com "-" "meta-externalagent/1.1 (+https://developers.facebook.com/docs/sharing/webmasters/crawler)" "-"
2a03:2880:f800:: - - [12/Mar/2026:00:09:09 +0000] "GET /shop/item/concerning172869523350 HTTP/1.1" 200 53807 kaminibeauty.com "-" "meta-externalagent/1.1 (+https://developers.facebook.com/docs/sharing/webmasters/crawler)" "-"
74.7.242.0 - - [12/Mar/2026:00:09:09 +0000] "GET /shop/item/waler152923804897?fileloc=//tmp/runlock-ws67402851-ws67402851:9cef32402c0093e19324502ea8275c0ece10ccb94fff2c4e7514638c&path=//tmp HTTP/1.1" 200 12268 kaminibeauty.com "https://kaminibeauty.com/shop/item/waler152923804897?path=//tmp" "Mozilla/5.0 AppleWebKit/537.36 (KHTML, like Gecko; compatible; GPTBot/1.3; +https://openai.com/gptbot)" "-"
2a03:2880:f800:: - - [12/Mar/2026:00:09:10 +0000] "GET /shop/item/calque162572491108 HTTP/1.1" 200 53807 kaminibeauty.com "-" "meta-externalagent/1.1 (+https://developers.facebook.com/docs/sharing/webmasters/crawler)" "-"
2a03:2880:f800:: - - [12/Mar/2026:00:09:10 +0000] "GET /shop/item/outspend132251186365 HTTP/1.1" 200 53807 kaminibeauty.com "-" "meta-externalagent/1.1 (+https://developers.facebook.com/docs/sharing/webmasters/crawler)" "-"
207.46.13.0 - - [12/Mar/2026:00:09:10 +0000] "GET /shop/item/groundnut133625250326 HTTP/1.1" 200 194540 kaminibeauty.com "-" "Mozilla/5.0 AppleWebKit/537.36 (KHTML, like Gecko; compatible; bingbot/2.0; +http://www.bing.com/bingbot.htm) Chrome/116.0.1938.76 Safari/537.36" "-"
2a03:2880:f800:: - - [12/Mar/2026:00:09:11 +0000] "GET /shop/item/matronizing123705432991 HTTP/1.1" 200 53807 kaminibeauty.com "-" "meta-externalagent/1.1 (+https://developers.facebook.com/docs/sharing/webmasters/crawler)" "-"
2a03:2880:f800:: - - [12/Mar/2026:00:09:11 +0000] "GET /shop/item/furlough161342922878 HTTP/1.1" 200 53807 kaminibeauty.com "-" "meta-externalagent/1.1 (+https://developers.facebook.com/docs/sharing/webmasters/crawler)" "-"
66.249.66.0 - - [12/Mar/2026:00:09:11 +0000] "GET /shop/item/latticing112874662222 HTTP/1.1" 200 205140 kaminibeauty.com "-" "Mozilla/5.0 (Linux; Android 6.0.1; Nexus 5X Build/MMB29P) AppleWebKit/537.36 (KHTML, like Gecko) Chrome/145.0.7632.116 Mobile Safari/537.36 (compatible; Googlebot/2.1; +http://www.google.com/bot.html)" "-"
2a03:2880:f800:: - - [12/Mar/2026:00:09:12 +0000] "GET /shop/item/brawling172655119114 HTTP/1.1" 200 53807 kaminibeauty.com "-" "meta-externalagent/1.1 (+https://developers.facebook.com/docs/sharing/webmasters/crawler)" "-"
2a03:2880:f800:: - - [12/Mar/2026:00:09:12 +0000] "GET /shop/item/calamiferous112575199773 HTTP/1.1" 200 53807 kaminibeauty.com "-" "meta-externalagent/1.1 (+https://developers.facebook.com/docs/sharing/webmasters/crawler)" "-"
74.7.242.0 - - [12/Mar/2026:00:09:12 +0000] "GET /shop/item/laxus152974985006?fileloc=//tmp/runlock-ws67360451-ws67360451:58ef278383d68131000a293f313c218f69ce0318f2bb5b9be1595638&path=//tmp HTTP/1.1" 200 12268 kaminibeauty.com "https://kaminibeauty.com/shop/item/laxus152974985006?path=//tmp" "Mozilla/5.0 AppleWebKit/537.36 (KHTML, like Gecko; compatible; GPTBot/1.3; +https://openai.com/gptbot)" "-"
2a03:2880:f800:: - - [12/Mar/2026:00:09:13 +0000] "GET /shop/item/illegitimate132131520825 HTTP/1.1" 200 53807 kaminibeauty.com "-" "meta-externalagent/1.1 (+https://developers.facebook.com/docs/sharing/webmasters/crawler)" "-"
216.73.216.0 - - [12/Mar/2026:00:09:14 +0000] "GET /?fileloc=%2F%2Fbin%2Feyuvtoppm&path=%2F%2Fbin HTTP/1.1" 429 267 www.kaminibeauty.com "-" "Mozilla/5.0 AppleWebKit/537.36 (KHTML, like Gecko; compatible; ClaudeBot/1.0; +claudebot@anthropic.com)" "-"
2a03:2880:f800:: - - [12/Mar/2026:00:09:14 +0000] "GET /shop/item/collapsable132811808328 HTTP/1.1" 200 53807 kaminibeauty.com "-" "meta-externalagent/1.1 (+https://developers.facebook.com/docs/sharing/webmasters/crawler)" "-"
207.46.13.0 - - [12/Mar/2026:00:09:14 +0000] "GET /shop/item/wellhead152989952508 HTTP/1.1" 200 192272 kaminibeauty.com "-" "Mozilla/5.0 AppleWebKit/537.36 (KHTML, like Gecko; compatible; bingbot/2.0; +http://www.bing.com/bingbot.htm) Chrome/116.0.1938.76 Safari/537.36" "-"
2a03:2880:f800:: - - [12/Mar/2026:00:09:14 +0000] "GET /shop/item/perfusing171056050440 HTTP/1.1" 200 53807 kaminibeauty.com "-" "meta-externalagent/1.1 (+https://developers.facebook.com/docs/sharing/webmasters/crawler)" "-"
2a03:2880:f800:: - - [12/Mar/2026:00:09:14 +0000] "GET /shop/item/poephagus1447981416 HTTP/1.1" 200 53807 kaminibeauty.com "-" "meta-externalagent/1.1 (+https://developers.facebook.com/docs/sharing/webmasters/crawler)" "-"
2a03:2880:f800:: - - [12/Mar/2026:00:09:15 +0000] "GET /shop/item/aeglefinus17642812028 HTTP/1.1" 200 53807 kaminibeauty.com "-" "meta-externalagent/1.1 (+https://developers.facebook.com/docs/sharing/webmasters/crawler)" "-"
2a03:2880:f800:: - - [12/Mar/2026:00:09:15 +0000] "GET /shop/item/gainless13270167633 HTTP/1.1" 200 53807 kaminibeauty.com "-" "meta-externalagent/1.1 (+https://developers.facebook.com/docs/sharing/webmasters/crawler)" "-"
2a03:2880:f800:: - - [12/Mar/2026:00:09:16 +0000] "GET /shop/item/betumbled121119673549 HTTP/1.1" 200 53807 kaminibeauty.com "-" "meta-externalagent/1.1 (+https://developers.facebook.com/docs/sharing/webmasters/crawler)" "-"
74.7.242.0 - - [12/Mar/2026:00:09:16 +0000] "GET /shop/item/waler152923804897?fileloc=//tmp/runlock-ws67170739-ws67170739:044c7bfc84b2834b29ead7253f63f50937c0f6180e5a20144484a1b2&path=//tmp HTTP/1.1" 200 12268 kaminibeauty.com "https://kaminibeauty.com/shop/item/waler152923804897?path=//tmp" "Mozilla/5.0 AppleWebKit/537.36 (KHTML, like Gecko; compatible; GPTBot/1.3; +https://openai.com/gptbot)" "-"
5.62.155.0 - - [12/Mar/2026:00:09:16 +0000] "POST /xmlrpc.php HTTP/1.1" 200 53807 kaminibeauty.com "-" "Python-xmlrpc/3.13" "-"
66.249.66.0 - - [12/Mar/2026:00:09:16 +0000] "GET /shop/item/culverkey121873460913 HTTP/1.1" 200 202852 kaminibeauty.com "-" "Mozilla/5.0 (Linux; Android 6.0.1; Nexus 5X Build/MMB29P) AppleWebKit/537.36 (KHTML, like Gecko) Chrome/145.0.7632.116 Mobile Safari/537.36 (compatible; Googlebot/2.1; +http://www.google.com/bot.html)" "-"
207.46.13.0 - - [12/Mar/2026:00:09:16 +0000] "GET /shop/item/crossdresser152311466723 HTTP/1.1" 200 209651 kaminibeauty.com "-" "Mozilla/5.0 AppleWebKit/537.36 (KHTML, like Gecko; compatible; bingbot/2.0; +http://www.bing.com/bingbot.htm) Chrome/116.0.1938.76 Safari/537.36" "-"
2a03:2880:f800:: - - [12/Mar/2026:00:09:17 +0000] "GET /shop/item/disinter164055957213 HTTP/1.1" 200 53807 kaminibeauty.com "-" "meta-externalagent/1.1 (+https://developers.facebook.com/docs/sharing/webmasters/crawler)" "-"
2a03:2880:f800:: - - [12/Mar/2026:00:09:17 +0000] "GET /shop/item/triticin131634391398 HTTP/1.1" 200 53807 kaminibeauty.com "-" "meta-externalagent/1.1 (+https://developers.facebook.com/docs/sharing/webmasters/crawler)" "-"
2a03:2880:f800:: - - [12/Mar/2026:00:09:17 +0000] "GET /shop/item/tinsmith173772204635 HTTP/1.1" 200 53807 kaminibeauty.com "-" "meta-externalagent/1.1 (+https://developers.facebook.com/docs/sharing/webmasters/crawler)" "-"
66.249.76.0 - - [12/Mar/2026:00:09:17 +0000] "GET /shop/item/threevalved16839292146 HTTP/1.1" 200 197415 kaminibeauty.com "-" "Mozilla/5.0 (Linux; Android 6.0.1; Nexus 5X Build/MMB29P) AppleWebKit/537.36 (KHTML, like Gecko) Chrome/145.0.7632.116 Mobile Safari/537.36 (compatible; Googlebot/2.1; +http://www.google.com/bot.html)" "-"
2a03:2880:f800:: - - [12/Mar/2026:00:09:18 +0000] "GET /shop/item/deuterocanonical132751426079 HTTP/1.1" 200 53807 kaminibeauty.com "-" "meta-externalagent/1.1 (+https://developers.facebook.com/docs/sharing/webmasters/crawler)" "-"
2a03:2880:f800:: - - [12/Mar/2026:00:09:18 +0000] "GET /shop/item/syllabicating171363624841 HTTP/1.1" 200 53807 kaminibeauty.com "-" "meta-externalagent/1.1 (+https://developers.facebook.com/docs/sharing/webmasters/crawler)" "-"
216.73.216.0 - - [12/Mar/2026:00:09:19 +0000] "GET /?fileloc=%2F%2Fbin%2Fjmacs&path=%2F%2Fbin HTTP/1.1" 429 267 www.kaminibeauty.com "-" "Mozilla/5.0 AppleWebKit/537.36 (KHTML, like Gecko; compatible; ClaudeBot/1.0; +claudebot@anthropic.com)" "-"
2a03:2880:f800:: - - [12/Mar/2026:00:09:19 +0000] "GET /shop/item/sisterhood16135680807 HTTP/1.1" 200 53807 kaminibeauty.com "-" "meta-externalagent/1.1 (+https://developers.facebook.com/docs/sharing/webmasters/crawler)" "-"
74.7.242.0 - - [12/Mar/2026:00:09:19 +0000] "GET /shop/item/laxus152974985006?fileloc=//tmp/runlock-ws67189764-ws67189764:044c7bfc84b2834b29ead7253f63f50937c0f6180e5a20144484a1b2&path=//tmp HTTP/1.1" 200 12268 kaminibeauty.com "https://kaminibeauty.com/shop/item/laxus152974985006?path=//tmp" "Mozilla/5.0 AppleWebKit/537.36 (KHTML, like Gecko; compatible; GPTBot/1.3; +https://openai.com/gptbot)" "-"
2a03:2880:f800:: - - [12/Mar/2026:00:09:19 +0000] "GET /shop/item/sudatoria143232739508 HTTP/1.1" 200 53807 kaminibeauty.com "-" "meta-externalagent/1.1 (+https://developers.facebook.com/docs/sharing/webmasters/crawler)" "-"
207.46.13.0 - - [12/Mar/2026:00:09:19 +0000] "GET /shop/item/unscrupulously143821051098 HTTP/1.1" 200 197301 kaminibeauty.com "-" "Mozilla/5.0 AppleWebKit/537.36 (KHTML, like Gecko; compatible; bingbot/2.0; +http://www.bing.com/bingbot.htm) Chrome/116.0.1938.76 Safari/537.36" "-"
2a03:2880:f800:: - - [12/Mar/2026:00:09:19 +0000] "GET /shop/item/bedraggled172562695982 HTTP/1.1" 200 53807 kaminibeauty.com "-" "meta-externalagent/1.1 (+https://developers.facebook.com/docs/sharing/webmasters/crawler)" "-"
66.249.66.0 - - [12/Mar/2026:00:09:19 +0000] "GET /shop/item/hydrocarbonaceous113649834297 HTTP/1.1" 200 195108 kaminibeauty.com "-" "Mozilla/5.0 (Linux; Android 6.0.1; Nexus 5X Build/MMB29P) AppleWebKit/537.36 (KHTML, like Gecko) Chrome/145.0.7632.116 Mobile Safari/537.36 (compatible; Googlebot/2.1; +http://www.google.com/bot.html)" "-"
2a03:2880:f800:: - - [12/Mar/2026:00:09:21 +0000] "GET /shop/item/ingrieve162927099052 HTTP/1.1" 200 53807 kaminibeauty.com "-" "meta-externalagent/1.1 (+https://developers.facebook.com/docs/sharing/webmasters/crawler)" "-"
2a03:2880:f800:: - - [12/Mar/2026:00:09:21 +0000] "GET /shop/item/instup17710650204 HTTP/1.1" 200 53807 kaminibeauty.com "-" "meta-externalagent/1.1 (+https://developers.facebook.com/docs/sharing/webmasters/crawler)" "-"
2a03:2880:f800:: - - [12/Mar/2026:00:09:22 +0000] "GET /shop/item/auxotroph14336746235 HTTP/1.1" 200 53807 kaminibeauty.com "-" "meta-externalagent/1.1 (+https://developers.facebook.com/docs/sharing/webmasters/crawler)" "-"
2a03:2880:f800:: - - [12/Mar/2026:00:09:22 +0000] "GET /shop/item/remerge151877663562 HTTP/1.1" 200 53807 kaminibeauty.com "-" "meta-externalagent/1.1 (+https://developers.facebook.com/docs/sharing/webmasters/crawler)" "-"
74.7.242.0 - - [12/Mar/2026:00:09:22 +0000] "GET /shop/item/waler152923804897?fileloc=//tmp/runlock-ws67666963-ws67666963:b607de809abb48b884b3b0610d70f0c2966948c58d16dd61a143102f&path=//tmp HTTP/1.1" 200 12268 kaminibeauty.com "https://kaminibeauty.com/shop/item/waler152923804897?path=//tmp" "Mozilla/5.0 AppleWebKit/537.36 (KHTML, like Gecko; compatible; GPTBot/1.3; +https://openai.com/gptbot)" "-"
66.249.66.0 - - [12/Mar/2026:00:09:22 +0000] "GET /shop/item/navigator113323676339 HTTP/1.1" 200 208542 kaminibeauty.com "-" "Mozilla/5.0 (Linux; Android 6.0.1; Nexus 5X Build/MMB29P) AppleWebKit/537.36 (KHTML, like Gecko) Chrome/145.0.7632.116 Mobile Safari/537.36 (compatible; Googlebot/2.1; +http://www.google.com/bot.html)" "-"
2a03:2880:f800:: - - [12/Mar/2026:00:09:23 +0000] "GET /shop/item/immemorable143672578004 HTTP/1.1" 200 53807 kaminibeauty.com "-" "meta-externalagent/1.1 (+https://developers.facebook.com/docs/sharing/webmasters/crawler)" "-"
2a03:2880:f800:: - - [12/Mar/2026:00:09:23 +0000] "GET /shop/item/nerveless17495705535 HTTP/1.1" 200 53807 kaminibeauty.com "-" "meta-externalagent/1.1 (+https://developers.facebook.com/docs/sharing/webmasters/crawler)" "-"
207.46.13.0 - - [12/Mar/2026:00:09:23 +0000] "GET /shop/item/woolenet113286029544 HTTP/1.1" 200 212521 kaminibeauty.com "-" "Mozilla/5.0 AppleWebKit/537.36 (KHTML, like Gecko; compatible; bingbot/2.0; +http://www.bing.com/bingbot.htm) Chrome/116.0.1938.76 Safari/537.36" "-"
2a03:2880:f800:: - - [12/Mar/2026:00:09:23 +0000] "GET /shop/item/confiscate162098423261 HTTP/1.1" 200 53807 kaminibeauty.com "-" "meta-externalagent/1.1 (+https://developers.facebook.com/docs/sharing/webmasters/crawler)" "-"
216.73.216.0 - - [12/Mar/2026:00:09:24 +0000] "GET /?fileloc=%2F%2Fbin%2Fst4topgm&path=%2F%2Fbin HTTP/1.1" 429 267 www.kaminibeauty.com "-" "Mozilla/5.0 AppleWebKit/537.36 (KHTML, like Gecko; compatible; ClaudeBot/1.0; +claudebot@anthropic.com)" "-"
2a03:2880:f800:: - - [12/Mar/2026:00:09:24 +0000] "GET /shop/item/implicative143606467055 HTTP/1.1" 200 53807 kaminibeauty.com "-" "meta-externalagent/1.1 (+https://developers.facebook.com/docs/sharing/webmasters/crawler)" "-"
2a03:2880:f800:: - - [12/Mar/2026:00:09:25 +0000] "GET /shop/item/acephalan143820881928 HTTP/1.1" 200 53807 kaminibeauty.com "-" "meta-externalagent/1.1 (+https://developers.facebook.com/docs/sharing/webmasters/crawler)" "-"
2a03:2880:f800:: - - [12/Mar/2026:00:09:25 +0000] "GET /shop/item/bluiter123068416473 HTTP/1.1" 200 53807 kaminibeauty.com "-" "meta-externalagent/1.1 (+https://developers.facebook.com/docs/sharing/webmasters/crawler)" "-"
