74.7.242.0 - - [12/Mar/2026:00:02:49 +0000] "GET /shop/item/gayal153077360450?fileloc=//tmp/runlock-ws67467982-ws67467982:54d515ed882864933c7771d933621916c6421d7fb66ce66b0dd37b49&path=//tmp HTTP/1.1" 200 12268 kaminibeauty.com "https://kaminibeauty.com/shop/item/gayal153077360450?path=//tmp" "Mozilla/5.0 AppleWebKit/537.36 (KHTML, like Gecko; compatible; GPTBot/1.3; +https://openai.com/gptbot)" "-"
2a03:2880:f800:: - - [12/Mar/2026:00:02:49 +0000] "GET /shop/item/myochrome124223781575 HTTP/1.1" 200 53807 kaminibeauty.com "-" "meta-externalagent/1.1 (+https://developers.facebook.com/docs/sharing/webmasters/crawler)" "-"
2a03:2880:f800:: - - [12/Mar/2026:00:02:49 +0000] "GET /shop/item/inocular171102789188 HTTP/1.1" 200 53807 kaminibeauty.com "-" "meta-externalagent/1.1 (+https://developers.facebook.com/docs/sharing/webmasters/crawler)" "-"
207.46.13.0 - - [12/Mar/2026:00:02:49 +0000] "GET /shop/item/constitute142850234789 HTTP/1.1" 200 199107 kaminibeauty.com "-" "Mozilla/5.0 AppleWebKit/537.36 (KHTML, like Gecko; compatible; bingbot/2.0; +http://www.bing.com/bingbot.htm) Chrome/116.0.1938.76 Safari/537.36" "-"
2a03:2880:f800:: - - [12/Mar/2026:00:02:50 +0000] "GET /shop/item/druidish174043839967 HTTP/1.1" 200 53807 kaminibeauty.com "-" "meta-externalagent/1.1 (+https://developers.facebook.com/docs/sharing/webmasters/crawler)" "-"
2a03:2880:f800:: - - [12/Mar/2026:00:02:50 +0000] "GET /shop/item/dowress163831101005 HTTP/1.1" 200 53807 kaminibeauty.com "-" "meta-externalagent/1.1 (+https://developers.facebook.com/docs/sharing/webmasters/crawler)" "-"
51.89.129.0 - - [12/Mar/2026:00:02:50 +0000] "GET /shop/item/nemorous161268301709?pilihan&path=/ HTTP/1.1" 200 44505 kaminibeauty.com "-" "Mozilla/5.0 (compatible; AhrefsBot/7.0; +http://ahrefs.com/robot/)" "-"
2a03:2880:f800:: - - [12/Mar/2026:00:02:51 +0000] "GET /shop/item/femerell11666916311 HTTP/1.1" 200 53807 kaminibeauty.com "-" "meta-externalagent/1.1 (+https://developers.facebook.com/docs/sharing/webmasters/crawler)" "-"
216.73.216.0 - - [12/Mar/2026:00:02:51 +0000] "GET /?path=%2F%2Fetc%2Flibpaper.d HTTP/1.1" 200 12653 www.kaminibeauty.com "-" "Mozilla/5.0 AppleWebKit/537.36 (KHTML, like Gecko; compatible; ClaudeBot/1.0; +claudebot@anthropic.com)" "-"
66.249.76.0 - - [12/Mar/2026:00:02:51 +0000] "GET /shop/item/rhizocarpous12359296715 HTTP/1.1" 200 220183 kaminibeauty.com "-" "Mozilla/5.0 (Linux; Android 6.0.1; Nexus 5X Build/MMB29P) AppleWebKit/537.36 (KHTML, like Gecko) Chrome/145.0.7632.116 Mobile Safari/537.36 (compatible; Googlebot/2.1; +http://www.google.com/bot.html)" "-"
2a03:2880:f800:: - - [12/Mar/2026:00:02:51 +0000] "GET /shop/item/botocudos152324300927 HTTP/1.1" 200 53807 kaminibeauty.com "-" "meta-externalagent/1.1 (+https://developers.facebook.com/docs/sharing/webmasters/crawler)" "-"
58.97.135.0 - - [12/Mar/2026:00:02:52 +0000] "POST /xmlrpc.php HTTP/1.1" 200 53807 kaminibeauty.com "-" "Python-xmlrpc/3.13" "-"
2a03:2880:f800:: - - [12/Mar/2026:00:02:52 +0000] "GET /shop/item/hiatuses12470031161 HTTP/1.1" 200 53807 kaminibeauty.com "-" "meta-externalagent/1.1 (+https://developers.facebook.com/docs/sharing/webmasters/crawler)" "-"
74.7.242.0 - - [12/Mar/2026:00:02:52 +0000] "GET /shop/item/gayal153077360450?fileloc=//tmp/runlock-ws67259995-ws67259995:618361736a195778e9c28e1b00f5deeec01faffc9cbb3dbc8887eaeb&path=//tmp HTTP/1.1" 200 12268 kaminibeauty.com "https://kaminibeauty.com/shop/item/gayal153077360450?path=//tmp" "Mozilla/5.0 AppleWebKit/537.36 (KHTML, like Gecko; compatible; GPTBot/1.3; +https://openai.com/gptbot)" "-"
2a03:2880:f800:: - - [12/Mar/2026:00:02:52 +0000] "GET /shop/item/diffinitive133143927088 HTTP/1.1" 200 53807 kaminibeauty.com "-" "meta-externalagent/1.1 (+https://developers.facebook.com/docs/sharing/webmasters/crawler)" "-"
207.46.13.0 - - [12/Mar/2026:00:02:52 +0000] "GET /shop/item/swaybracing113733795270 HTTP/1.1" 200 204356 kaminibeauty.com "-" "Mozilla/5.0 AppleWebKit/537.36 (KHTML, like Gecko; compatible; bingbot/2.0; +http://www.bing.com/bingbot.htm) Chrome/116.0.1938.76 Safari/537.36" "-"
2a03:2880:f800:: - - [12/Mar/2026:00:02:53 +0000] "GET /shop/item/receive121429844655 HTTP/1.1" 200 53807 kaminibeauty.com "-" "meta-externalagent/1.1 (+https://developers.facebook.com/docs/sharing/webmasters/crawler)" "-"
2a03:2880:f800:: - - [12/Mar/2026:00:02:53 +0000] "GET /shop/item/tropical17443441353 HTTP/1.1" 200 53807 kaminibeauty.com "-" "meta-externalagent/1.1 (+https://developers.facebook.com/docs/sharing/webmasters/crawler)" "-"
2a03:2880:f800:: - - [12/Mar/2026:00:02:54 +0000] "GET /shop/item/unnoble164184962545 HTTP/1.1" 200 53807 kaminibeauty.com "-" "meta-externalagent/1.1 (+https://developers.facebook.com/docs/sharing/webmasters/crawler)" "-"
216.73.216.0 - - [12/Mar/2026:00:02:54 +0000] "GET /?path=%2F%2Fkunden%2Fbin HTTP/1.1" 200 1812465 www.kaminibeauty.com "-" "Mozilla/5.0 AppleWebKit/537.36 (KHTML, like Gecko; compatible; ClaudeBot/1.0; +claudebot@anthropic.com)" "-"
2a03:2880:f800:: - - [12/Mar/2026:00:02:54 +0000] "GET /shop/item/anastomose17345658978 HTTP/1.1" 200 53807 kaminibeauty.com "-" "meta-externalagent/1.1 (+https://developers.facebook.com/docs/sharing/webmasters/crawler)" "-"
2a03:2880:f800:: - - [12/Mar/2026:00:02:55 +0000] "GET /shop/item/urens161135432317 HTTP/1.1" 200 53807 kaminibeauty.com "-" "meta-externalagent/1.1 (+https://developers.facebook.com/docs/sharing/webmasters/crawler)" "-"
74.7.242.0 - - [12/Mar/2026:00:02:55 +0000] "GET /shop/item/wickedly15703950426?fileloc=//bin/php7.4&path=//bin HTTP/1.1" 200 12188 kaminibeauty.com "https://kaminibeauty.com/shop/item/wickedly15703950426?path=//bin" "Mozilla/5.0 AppleWebKit/537.36 (KHTML, like Gecko; compatible; GPTBot/1.3; +https://openai.com/gptbot)" "-"
66.249.66.0 - - [12/Mar/2026:00:02:55 +0000] "GET /shop/item/coxcombry171697422933 HTTP/1.1" 200 210910 kaminibeauty.com "-" "Mozilla/5.0 (Linux; Android 6.0.1; Nexus 5X Build/MMB29P) AppleWebKit/537.36 (KHTML, like Gecko) Chrome/145.0.7632.116 Mobile Safari/537.36 (compatible; Googlebot/2.1; +http://www.google.com/bot.html)" "-"
66.249.66.0 - - [12/Mar/2026:00:02:55 +0000] "GET /shop/item/depletive122749724075 HTTP/1.1" 200 209559 kaminibeauty.com "-" "Mozilla/5.0 (Linux; Android 6.0.1; Nexus 5X Build/MMB29P) AppleWebKit/537.36 (KHTML, like Gecko) Chrome/145.0.7632.116 Mobile Safari/537.36 (compatible; Googlebot/2.1; +http://www.google.com/bot.html)" "-"
2a03:2880:f800:: - - [12/Mar/2026:00:02:55 +0000] "GET /shop/item/emailing171655140605 HTTP/1.1" 200 53807 kaminibeauty.com "-" "meta-externalagent/1.1 (+https://developers.facebook.com/docs/sharing/webmasters/crawler)" "-"
207.46.13.0 - - [12/Mar/2026:00:02:55 +0000] "GET /shop/item/monomaniac141375242813 HTTP/1.1" 200 200357 kaminibeauty.com "-" "Mozilla/5.0 AppleWebKit/537.36 (KHTML, like Gecko; compatible; bingbot/2.0; +http://www.bing.com/bingbot.htm) Chrome/116.0.1938.76 Safari/537.36" "-"
2a03:2880:f800:: - - [12/Mar/2026:00:02:56 +0000] "GET /shop/item/binned14979639990 HTTP/1.1" 200 53807 kaminibeauty.com "-" "meta-externalagent/1.1 (+https://developers.facebook.com/docs/sharing/webmasters/crawler)" "-"
2a03:2880:f800:: - - [12/Mar/2026:00:02:56 +0000] "GET /shop/item/blaptoides172889790730 HTTP/1.1" 200 53807 kaminibeauty.com "-" "meta-externalagent/1.1 (+https://developers.facebook.com/docs/sharing/webmasters/crawler)" "-"
121.91.190.0 - - [12/Mar/2026:00:02:57 +0000] "POST /xmlrpc.php HTTP/1.1" 200 53807 kaminibeauty.com "-" "Python-xmlrpc/3.13" "-"
2a03:2880:f800:: - - [12/Mar/2026:00:02:57 +0000] "GET /shop/item/coneine161932285924 HTTP/1.1" 200 53807 kaminibeauty.com "-" "meta-externalagent/1.1 (+https://developers.facebook.com/docs/sharing/webmasters/crawler)" "-"
216.73.216.0 - - [12/Mar/2026:00:02:57 +0000] "GET /?fileloc=%2Fhomepages%2F4%2Fd4297730999%2Fhtdocs%2Fwordpress%2Fwp-includes%2Fblock-patterns%2Fquery-offset-posts.php&path=%2Fhomepages%2F4%2Fd4297730999%2Fhtdocs%2Fwordpress%2Fwp-includes%2Fblock-patterns HTTP/1.1" 200 15722 www.kaminibeauty.com "-" "Mozilla/5.0 AppleWebKit/537.36 (KHTML, like Gecko; compatible; ClaudeBot/1.0; +claudebot@anthropic.com)" "-"
2a03:2880:f800:: - - [12/Mar/2026:00:02:57 +0000] "GET /shop/item/paludinae162442267202 HTTP/1.1" 200 53807 kaminibeauty.com "-" "meta-externalagent/1.1 (+https://developers.facebook.com/docs/sharing/webmasters/crawler)" "-"
66.249.66.0 - - [12/Mar/2026:00:02:57 +0000] "GET /shop/item/tooth122083464478 HTTP/1.1" 200 211362 kaminibeauty.com "-" "Mozilla/5.0 (Linux; Android 6.0.1; Nexus 5X Build/MMB29P) AppleWebKit/537.36 (KHTML, like Gecko) Chrome/145.0.7632.116 Mobile Safari/537.36 (compatible; Googlebot/2.1; +http://www.google.com/bot.html)" "-"
2a03:2880:f800:: - - [12/Mar/2026:00:02:58 +0000] "GET /shop/item/sarcle12390674783 HTTP/1.1" 200 53807 kaminibeauty.com "-" "meta-externalagent/1.1 (+https://developers.facebook.com/docs/sharing/webmasters/crawler)" "-"
2a03:2880:f800:: - - [12/Mar/2026:00:02:58 +0000] "GET /shop/item/scolopacine132998822114 HTTP/1.1" 200 53807 kaminibeauty.com "-" "meta-externalagent/1.1 (+https://developers.facebook.com/docs/sharing/webmasters/crawler)" "-"
74.7.242.0 - - [12/Mar/2026:00:02:58 +0000] "GET /shop/item/cajolery153837425049?fileloc=//bin/ps2epsi&path=//bin HTTP/1.1" 200 13647 kaminibeauty.com "https://kaminibeauty.com/shop/item/cajolery153837425049?path=//bin" "Mozilla/5.0 AppleWebKit/537.36 (KHTML, like Gecko; compatible; GPTBot/1.3; +https://openai.com/gptbot)" "-"
2a03:2880:f800:: - - [12/Mar/2026:00:02:59 +0000] "GET /shop/item/commemorator162771690487 HTTP/1.1" 200 53807 kaminibeauty.com "-" "meta-externalagent/1.1 (+https://developers.facebook.com/docs/sharing/webmasters/crawler)" "-"
207.46.13.0 - - [12/Mar/2026:00:02:59 +0000] "GET /shop/item/coerebidae16630311845 HTTP/1.1" 200 205081 kaminibeauty.com "-" "Mozilla/5.0 AppleWebKit/537.36 (KHTML, like Gecko; compatible; bingbot/2.0; +http://www.bing.com/bingbot.htm) Chrome/116.0.1938.76 Safari/537.36" "-"
66.249.76.0 - - [12/Mar/2026:00:02:59 +0000] "GET /shop/item/dividend123897074860 HTTP/1.1" 200 218535 kaminibeauty.com "-" "Mozilla/5.0 (Linux; Android 6.0.1; Nexus 5X Build/MMB29P) AppleWebKit/537.36 (KHTML, like Gecko) Chrome/145.0.7632.116 Mobile Safari/537.36 (compatible; Googlebot/2.1; +http://www.google.com/bot.html)" "-"
2a03:2880:f800:: - - [12/Mar/2026:00:02:59 +0000] "GET /shop/item/megalesian123250227131 HTTP/1.1" 200 53807 kaminibeauty.com "-" "meta-externalagent/1.1 (+https://developers.facebook.com/docs/sharing/webmasters/crawler)" "-"
2a03:2880:f800:: - - [12/Mar/2026:00:03:00 +0000] "GET /shop/item/belgard121536724779 HTTP/1.1" 200 53807 kaminibeauty.com "-" "meta-externalagent/1.1 (+https://developers.facebook.com/docs/sharing/webmasters/crawler)" "-"
216.73.216.0 - - [12/Mar/2026:00:03:00 +0000] "GET /?path=%2F%2Fkunden%2Fopt HTTP/1.1" 200 12648 www.kaminibeauty.com "-" "Mozilla/5.0 AppleWebKit/537.36 (KHTML, like Gecko; compatible; ClaudeBot/1.0; +claudebot@anthropic.com)" "-"
2a03:2880:f800:: - - [12/Mar/2026:00:03:01 +0000] "GET /shop/item/cernuus113923617893 HTTP/1.1" 200 53807 kaminibeauty.com "-" "meta-externalagent/1.1 (+https://developers.facebook.com/docs/sharing/webmasters/crawler)" "-"
2a03:2880:f800:: - - [12/Mar/2026:00:03:01 +0000] "GET /shop/item/doubtance133378412556 HTTP/1.1" 200 53807 kaminibeauty.com "-" "meta-externalagent/1.1 (+https://developers.facebook.com/docs/sharing/webmasters/crawler)" "-"
89.184.209.0 - - [12/Mar/2026:00:03:01 +0000] "POST /xmlrpc.php HTTP/1.1" 200 53807 kaminibeauty.com "-" "Python-xmlrpc/3.13" "-"
74.7.242.0 - - [12/Mar/2026:00:03:01 +0000] "GET /shop/item/cajolery153837425049?fileloc=//bin/pnmtile&path=//bin HTTP/1.1" 200 12189 kaminibeauty.com "https://kaminibeauty.com/shop/item/cajolery153837425049?path=//bin" "Mozilla/5.0 AppleWebKit/537.36 (KHTML, like Gecko; compatible; GPTBot/1.3; +https://openai.com/gptbot)" "-"
2a03:2880:f800:: - - [12/Mar/2026:00:03:01 +0000] "GET /shop/item/delicacy12468841869 HTTP/1.1" 200 53807 kaminibeauty.com "-" "meta-externalagent/1.1 (+https://developers.facebook.com/docs/sharing/webmasters/crawler)" "-"
2a03:2880:f800:: - - [12/Mar/2026:00:03:02 +0000] "GET /shop/item/trichophyton142031190311 HTTP/1.1" 200 53807 kaminibeauty.com "-" "meta-externalagent/1.1 (+https://developers.facebook.com/docs/sharing/webmasters/crawler)" "-"
207.46.13.0 - - [12/Mar/2026:00:03:02 +0000] "GET /shop/item/puntel17515795635 HTTP/1.1" 200 218842 kaminibeauty.com "-" "Mozilla/5.0 AppleWebKit/537.36 (KHTML, like Gecko; compatible; bingbot/2.0; +http://www.bing.com/bingbot.htm) Chrome/116.0.1938.76 Safari/537.36" "-"
78.156.186.0 - - [12/Mar/2026:00:03:02 +0000] "POST /xmlrpc.php HTTP/1.1" 200 53807 kaminibeauty.com "-" "Python-xmlrpc/3.13" "-"
2a03:2880:f800:: - - [12/Mar/2026:00:03:02 +0000] "GET /shop/item/viatecture134007044980 HTTP/1.1" 200 53807 kaminibeauty.com "-" "meta-externalagent/1.1 (+https://developers.facebook.com/docs/sharing/webmasters/crawler)" "-"
2a03:2880:f800:: - - [12/Mar/2026:00:03:03 +0000] "GET /shop/item/floridly17292055660 HTTP/1.1" 200 53807 kaminibeauty.com "-" "meta-externalagent/1.1 (+https://developers.facebook.com/docs/sharing/webmasters/crawler)" "-"
66.249.66.0 - - [12/Mar/2026:00:03:03 +0000] "GET /shop/item/lentigo121160381174 HTTP/1.1" 200 213071 kaminibeauty.com "-" "Mozilla/5.0 (Linux; Android 6.0.1; Nexus 5X Build/MMB29P) AppleWebKit/537.36 (KHTML, like Gecko) Chrome/145.0.7632.116 Mobile Safari/537.36 (compatible; Googlebot/2.1; +http://www.google.com/bot.html)" "-"
216.73.216.0 - - [12/Mar/2026:00:03:03 +0000] "GET /?fileloc=%2F%2Fbin%2Fbash&path=%2F%2Fbin HTTP/1.1" 200 12186 www.kaminibeauty.com "-" "Mozilla/5.0 AppleWebKit/537.36 (KHTML, like Gecko; compatible; ClaudeBot/1.0; +claudebot@anthropic.com)" "-"
2a03:2880:f800:: - - [12/Mar/2026:00:03:03 +0000] "GET /shop/item/phylarchy112458795858 HTTP/1.1" 200 53807 kaminibeauty.com "-" "meta-externalagent/1.1 (+https://developers.facebook.com/docs/sharing/webmasters/crawler)" "-"
2a03:2880:f800:: - - [12/Mar/2026:00:03:04 +0000] "GET /shop/item/arbitrator123762614085 HTTP/1.1" 200 53807 kaminibeauty.com "-" "meta-externalagent/1.1 (+https://developers.facebook.com/docs/sharing/webmasters/crawler)" "-"
2a03:2880:f800:: - - [12/Mar/2026:00:03:04 +0000] "GET /shop/item/suppage174179005396 HTTP/1.1" 200 53807 kaminibeauty.com "-" "meta-externalagent/1.1 (+https://developers.facebook.com/docs/sharing/webmasters/crawler)" "-"
74.7.242.0 - - [12/Mar/2026:00:03:04 +0000] "GET /shop/item/wickedly15703950426?fileloc=//bin/animate-im6&path=//bin HTTP/1.1" 200 12193 kaminibeauty.com "https://kaminibeauty.com/shop/item/wickedly15703950426?path=//bin" "Mozilla/5.0 AppleWebKit/537.36 (KHTML, like Gecko; compatible; GPTBot/1.3; +https://openai.com/gptbot)" "-"
2a03:2880:f800:: - - [12/Mar/2026:00:03:05 +0000] "GET /shop/item/chatwood155646113 HTTP/1.1" 200 53807 kaminibeauty.com "-" "meta-externalagent/1.1 (+https://developers.facebook.com/docs/sharing/webmasters/crawler)" "-"
207.46.13.0 - - [12/Mar/2026:00:03:05 +0000] "GET /shop/item/sylphlike143654320147 HTTP/1.1" 200 204050 kaminibeauty.com "-" "Mozilla/5.0 AppleWebKit/537.36 (KHTML, like Gecko; compatible; bingbot/2.0; +http://www.bing.com/bingbot.htm) Chrome/116.0.1938.76 Safari/537.36" "-"
2a03:2880:f800:: - - [12/Mar/2026:00:03:05 +0000] "GET /shop/item/adequacy143818980903 HTTP/1.1" 200 53807 kaminibeauty.com "-" "meta-externalagent/1.1 (+https://developers.facebook.com/docs/sharing/webmasters/crawler)" "-"
2a03:2880:f800:: - - [12/Mar/2026:00:03:06 +0000] "GET /shop/item/successary172754599656 HTTP/1.1" 200 53807 kaminibeauty.com "-" "meta-externalagent/1.1 (+https://developers.facebook.com/docs/sharing/webmasters/crawler)" "-"
216.73.216.0 - - [12/Mar/2026:00:03:06 +0000] "GET /?fileloc=%2F%2Fbin%2Fgpgsplit&path=%2F%2Fbin HTTP/1.1" 200 12190 www.kaminibeauty.com "-" "Mozilla/5.0 AppleWebKit/537.36 (KHTML, like Gecko; compatible; ClaudeBot/1.0; +claudebot@anthropic.com)" "-"
2a03:2880:f800:: - - [12/Mar/2026:00:03:06 +0000] "GET /shop/item/swastika173063113628 HTTP/1.1" 200 53807 kaminibeauty.com "-" "meta-externalagent/1.1 (+https://developers.facebook.com/docs/sharing/webmasters/crawler)" "-"
2a03:2880:f800:: - - [12/Mar/2026:00:03:07 +0000] "GET /shop/item/ishmaelite134281475175 HTTP/1.1" 200 53807 kaminibeauty.com "-" "meta-externalagent/1.1 (+https://developers.facebook.com/docs/sharing/webmasters/crawler)" "-"
2a03:2880:f800:: - - [12/Mar/2026:00:03:07 +0000] "GET /shop/item/jaculate173939693726 HTTP/1.1" 200 53807 kaminibeauty.com "-" "meta-externalagent/1.1 (+https://developers.facebook.com/docs/sharing/webmasters/crawler)" "-"
74.7.242.0 - - [12/Mar/2026:00:03:08 +0000] "GET /shop/item/cajolery153837425049?fileloc=//bin/partx&path=//bin HTTP/1.1" 200 12187 kaminibeauty.com "https://kaminibeauty.com/shop/item/cajolery153837425049?path=//bin" "Mozilla/5.0 AppleWebKit/537.36 (KHTML, like Gecko; compatible; GPTBot/1.3; +https://openai.com/gptbot)" "-"
207.46.13.0 - - [12/Mar/2026:00:03:08 +0000] "GET /shop/item/boeuf145061873 HTTP/1.1" 200 203831 kaminibeauty.com "-" "Mozilla/5.0 AppleWebKit/537.36 (KHTML, like Gecko; compatible; bingbot/2.0; +http://www.bing.com/bingbot.htm) Chrome/116.0.1938.76 Safari/537.36" "-"
2a03:2880:f800:: - - [12/Mar/2026:00:03:08 +0000] "GET /shop/item/impregnant143452140830 HTTP/1.1" 200 53807 kaminibeauty.com "-" "meta-externalagent/1.1 (+https://developers.facebook.com/docs/sharing/webmasters/crawler)" "-"
2a03:2880:f800:: - - [12/Mar/2026:00:03:08 +0000] "GET /shop/item/canthi173430118589 HTTP/1.1" 200 53807 kaminibeauty.com "-" "meta-externalagent/1.1 (+https://developers.facebook.com/docs/sharing/webmasters/crawler)" "-"
2a03:2880:f800:: - - [12/Mar/2026:00:03:09 +0000] "GET /shop/item/skillless162257871761 HTTP/1.1" 200 53807 kaminibeauty.com "-" "meta-externalagent/1.1 (+https://developers.facebook.com/docs/sharing/webmasters/crawler)" "-"
216.73.216.0 - - [12/Mar/2026:00:03:09 +0000] "GET /?fileloc=%2F%2Fbin%2Frbash&path=%2F%2Fbin HTTP/1.1" 200 12187 www.kaminibeauty.com "-" "Mozilla/5.0 AppleWebKit/537.36 (KHTML, like Gecko; compatible; ClaudeBot/1.0; +claudebot@anthropic.com)" "-"
2a03:2880:f800:: - - [12/Mar/2026:00:03:09 +0000] "GET /shop/item/radicals171710459284 HTTP/1.1" 200 53807 kaminibeauty.com "-" "meta-externalagent/1.1 (+https://developers.facebook.com/docs/sharing/webmasters/crawler)" "-"
66.249.66.0 - - [12/Mar/2026:00:03:09 +0000] "GET /shop/item/lowlier12768416252 HTTP/1.1" 200 205646 kaminibeauty.com "-" "Mozilla/5.0 (Linux; Android 6.0.1; Nexus 5X Build/MMB29P) AppleWebKit/537.36 (KHTML, like Gecko) Chrome/145.0.7632.116 Mobile Safari/537.36 (compatible; Googlebot/2.1; +http://www.google.com/bot.html)" "-"
2a03:2880:f800:: - - [12/Mar/2026:00:03:09 +0000] "GET /shop/item/accusing161828515546 HTTP/1.1" 200 53807 kaminibeauty.com "-" "meta-externalagent/1.1 (+https://developers.facebook.com/docs/sharing/webmasters/crawler)" "-"
207.46.13.0 - - [12/Mar/2026:00:03:10 +0000] "GET /shop/item/diadem12708193448 HTTP/1.1" 200 207602 kaminibeauty.com "-" "Mozilla/5.0 AppleWebKit/537.36 (KHTML, like Gecko; compatible; bingbot/2.0; +http://www.bing.com/bingbot.htm) Chrome/116.0.1938.76 Safari/537.36" "-"
2a03:2880:f800:: - - [12/Mar/2026:00:03:10 +0000] "GET /shop/item/diisatogen172258921121 HTTP/1.1" 200 53807 kaminibeauty.com "-" "meta-externalagent/1.1 (+https://developers.facebook.com/docs/sharing/webmasters/crawler)" "-"
2a03:2880:f800:: - - [12/Mar/2026:00:03:11 +0000] "GET /shop/item/bilamellate14961761763 HTTP/1.1" 200 53807 kaminibeauty.com "-" "meta-externalagent/1.1 (+https://developers.facebook.com/docs/sharing/webmasters/crawler)" "-"
74.7.242.0 - - [12/Mar/2026:00:03:11 +0000] "GET /shop/item/cajolery153837425049?fileloc=//bin/mytop&path=//bin HTTP/1.1" 200 89809 kaminibeauty.com "https://kaminibeauty.com/shop/item/cajolery153837425049?path=//bin" "Mozilla/5.0 AppleWebKit/537.36 (KHTML, like Gecko; compatible; GPTBot/1.3; +https://openai.com/gptbot)" "-"
2a03:2880:f800:: - - [12/Mar/2026:00:03:11 +0000] "GET /shop/item/diadelphian11609336490 HTTP/1.1" 200 53807 kaminibeauty.com "-" "meta-externalagent/1.1 (+https://developers.facebook.com/docs/sharing/webmasters/crawler)" "-"
2a03:2880:f800:: - - [12/Mar/2026:00:03:12 +0000] "GET /shop/item/peopling17330626479 HTTP/1.1" 200 53807 kaminibeauty.com "-" "meta-externalagent/1.1 (+https://developers.facebook.com/docs/sharing/webmasters/crawler)" "-"
2a03:2880:f800:: - - [12/Mar/2026:00:03:13 +0000] "GET /shop/item/exulceration172229741393 HTTP/1.1" 200 53807 kaminibeauty.com "-" "meta-externalagent/1.1 (+https://developers.facebook.com/docs/sharing/webmasters/crawler)" "-"
2a03:2880:f800:: - - [12/Mar/2026:00:03:13 +0000] "GET /shop/item/treenail143029560797 HTTP/1.1" 200 53807 kaminibeauty.com "-" "meta-externalagent/1.1 (+https://developers.facebook.com/docs/sharing/webmasters/crawler)" "-"
207.46.13.0 - - [12/Mar/2026:00:03:13 +0000] "GET /shop/item/unabled1423984103 HTTP/1.1" 200 197839 kaminibeauty.com "-" "Mozilla/5.0 AppleWebKit/537.36 (KHTML, like Gecko; compatible; bingbot/2.0; +http://www.bing.com/bingbot.htm) Chrome/116.0.1938.76 Safari/537.36" "-"
2a03:2880:f800:: - - [12/Mar/2026:00:03:13 +0000] "GET /shop/item/modifiability133596507966 HTTP/1.1" 200 53807 kaminibeauty.com "-" "meta-externalagent/1.1 (+https://developers.facebook.com/docs/sharing/webmasters/crawler)" "-"
66.249.66.0 - - [12/Mar/2026:00:03:13 +0000] "GET /shop/item/corneous12251033661 HTTP/1.1" 200 215675 kaminibeauty.com "-" "Mozilla/5.0 (Linux; Android 6.0.1; Nexus 5X Build/MMB29P) AppleWebKit/537.36 (KHTML, like Gecko) Chrome/145.0.7632.116 Mobile Safari/537.36 (compatible; Googlebot/2.1; +http://www.google.com/bot.html)" "-"
66.249.66.0 - - [12/Mar/2026:00:03:14 +0000] "GET /index.php?shop/item/duteous17505371020 HTTP/1.1" 200 210766 kaminibeauty.com "-" "Mozilla/5.0 (Linux; Android 6.0.1; Nexus 5X Build/MMB29P) AppleWebKit/537.36 (KHTML, like Gecko) Chrome/145.0.7632.116 Mobile Safari/537.36 (compatible; Googlebot/2.1; +http://www.google.com/bot.html)" "-"
2a03:2880:f800:: - - [12/Mar/2026:00:03:14 +0000] "GET /shop/item/crimpling142175630722 HTTP/1.1" 200 53807 kaminibeauty.com "-" "meta-externalagent/1.1 (+https://developers.facebook.com/docs/sharing/webmasters/crawler)" "-"
74.7.242.0 - - [12/Mar/2026:00:03:14 +0000] "GET /shop/item/cajolery153837425049?fileloc=//bin/lsmem&path=//bin HTTP/1.1" 200 12187 kaminibeauty.com "https://kaminibeauty.com/shop/item/cajolery153837425049?path=//bin" "Mozilla/5.0 AppleWebKit/537.36 (KHTML, like Gecko; compatible; GPTBot/1.3; +https://openai.com/gptbot)" "-"
2a03:2880:f800:: - - [12/Mar/2026:00:03:14 +0000] "GET /shop/item/neatsfoot152632008016 HTTP/1.1" 200 53807 kaminibeauty.com "-" "meta-externalagent/1.1 (+https://developers.facebook.com/docs/sharing/webmasters/crawler)" "-"
2a03:2880:f800:: - - [12/Mar/2026:00:03:15 +0000] "GET /shop/item/aggregately17885320578 HTTP/1.1" 200 53807 kaminibeauty.com "-" "meta-externalagent/1.1 (+https://developers.facebook.com/docs/sharing/webmasters/crawler)" "-"
2a03:2880:f800:: - - [12/Mar/2026:00:03:15 +0000] "GET /shop/item/robustiousness12892901984 HTTP/1.1" 200 53807 kaminibeauty.com "-" "meta-externalagent/1.1 (+https://developers.facebook.com/docs/sharing/webmasters/crawler)" "-"
66.249.66.0 - - [12/Mar/2026:00:03:15 +0000] "GET /shop/item/deadhearted122132140503 HTTP/1.1" 200 209243 kaminibeauty.com "-" "Mozilla/5.0 (Linux; Android 6.0.1; Nexus 5X Build/MMB29P) AppleWebKit/537.36 (KHTML, like Gecko) Chrome/145.0.7632.116 Mobile Safari/537.36 (compatible; Googlebot/2.1; +http://www.google.com/bot.html)" "-"
152.39.207.0 - - [12/Mar/2026:00:03:16 +0000] "POST /xmlrpc.php HTTP/1.1" 200 53807 kaminibeauty.com "-" "Python-xmlrpc/3.13" "-"
2a03:2880:f800:: - - [12/Mar/2026:00:03:16 +0000] "GET /shop/item/capillaries131182503953 HTTP/1.1" 200 53807 kaminibeauty.com "-" "meta-externalagent/1.1 (+https://developers.facebook.com/docs/sharing/webmasters/crawler)" "-"
207.46.13.0 - - [12/Mar/2026:00:03:16 +0000] "GET /shop/item/interscapular11431972616 HTTP/1.1" 200 213228 kaminibeauty.com "-" "Mozilla/5.0 AppleWebKit/537.36 (KHTML, like Gecko; compatible; bingbot/2.0; +http://www.bing.com/bingbot.htm) Chrome/116.0.1938.76 Safari/537.36" "-"
216.73.216.0 - - [12/Mar/2026:00:03:16 +0000] "GET /?fileloc=%2Fhomepages%2F4%2Fd4297730999%2Fhtdocs%2Fwordpress%2Fwp-admin%2Fincludes%2Fclass-wp-terms-list-table.php&path=%2Fhomepages%2F4%2Fd4297730999%2Fhtdocs%2Fwordpress%2Fwp-admin%2Fincludes HTTP/1.1" 200 35937 www.kaminibeauty.com "-" "Mozilla/5.0 AppleWebKit/537.36 (KHTML, like Gecko; compatible; ClaudeBot/1.0; +claudebot@anthropic.com)" "-"
2a03:2880:f800:: - - [12/Mar/2026:00:03:17 +0000] "GET /shop/item/ounaniche113862875353 HTTP/1.1" 200 53807 kaminibeauty.com "-" "meta-externalagent/1.1 (+https://developers.facebook.com/docs/sharing/webmasters/crawler)" "-"
2a03:2880:f800:: - - [12/Mar/2026:00:03:17 +0000] "GET /shop/item/worthy171956650135 HTTP/1.1" 200 53807 kaminibeauty.com "-" "meta-externalagent/1.1 (+https://developers.facebook.com/docs/sharing/webmasters/crawler)" "-"
74.7.242.0 - - [12/Mar/2026:00:03:17 +0000] "GET /shop/item/wickedly15703950426?fileloc=//bin/hostid&path=//bin HTTP/1.1" 200 12188 kaminibeauty.com "https://kaminibeauty.com/shop/item/wickedly15703950426?path=//bin" "Mozilla/5.0 AppleWebKit/537.36 (KHTML, like Gecko; compatible; GPTBot/1.3; +https://openai.com/gptbot)" "-"
2a03:2880:f800:: - - [12/Mar/2026:00:03:17 +0000] "GET /shop/item/crystallometry15428095021 HTTP/1.1" 200 53807 kaminibeauty.com "-" "meta-externalagent/1.1 (+https://developers.facebook.com/docs/sharing/webmasters/crawler)" "-"
2a03:2880:f800:: - - [12/Mar/2026:00:03:18 +0000] "GET /shop/item/pentacra14291032757 HTTP/1.1" 200 53807 kaminibeauty.com "-" "meta-externalagent/1.1 (+https://developers.facebook.com/docs/sharing/webmasters/crawler)" "-"
66.249.66.0 - - [12/Mar/2026:00:03:18 +0000] "GET /shop/item/ramigerous121628944150 HTTP/1.1" 200 212698 kaminibeauty.com "-" "Mozilla/5.0 (Linux; Android 6.0.1; Nexus 5X Build/MMB29P) AppleWebKit/537.36 (KHTML, like Gecko) Chrome/145.0.7632.116 Mobile Safari/537.36 (compatible; Googlebot/2.1; +http://www.google.com/bot.html)" "-"
216.73.216.0 - - [12/Mar/2026:00:03:18 +0000] "GET /?fileloc=%2F%2Fbin%2Flocaledef&path=%2F%2Fbin HTTP/1.1" 200 12191 www.kaminibeauty.com "-" "Mozilla/5.0 AppleWebKit/537.36 (KHTML, like Gecko; compatible; ClaudeBot/1.0; +claudebot@anthropic.com)" "-"
2a03:2880:f800:: - - [12/Mar/2026:00:03:18 +0000] "GET /shop/item/preappoint134051634526 HTTP/1.1" 200 53807 kaminibeauty.com "-" "meta-externalagent/1.1 (+https://developers.facebook.com/docs/sharing/webmasters/crawler)" "-"
217.79.118.0 - - [12/Mar/2026:00:03:19 +0000] "POST /xmlrpc.php HTTP/1.1" 503 339 kaminibeauty.com "-" "Mozilla/5.0 (X11; Linux x86_64) AppleWebKit/537.36 (KHTML, like Gecko) Chrome/114.0.0.0 Safari/537.36 Vivaldi/5.3.2679.68" "-"
2a03:2880:f800:: - - [12/Mar/2026:00:03:19 +0000] "GET /shop/item/insuppressive163989639572 HTTP/1.1" 200 53807 kaminibeauty.com "-" "meta-externalagent/1.1 (+https://developers.facebook.com/docs/sharing/webmasters/crawler)" "-"
207.46.13.0 - - [12/Mar/2026:00:03:19 +0000] "GET /shop/item/protantrism112239565120 HTTP/1.1" 200 214353 kaminibeauty.com "-" "Mozilla/5.0 AppleWebKit/537.36 (KHTML, like Gecko; compatible; bingbot/2.0; +http://www.bing.com/bingbot.htm) Chrome/116.0.1938.76 Safari/537.36" "-"
2a03:2880:f800:: - - [12/Mar/2026:00:03:19 +0000] "GET /shop/item/lanata131506464035 HTTP/1.1" 200 53807 kaminibeauty.com "-" "meta-externalagent/1.1 (+https://developers.facebook.com/docs/sharing/webmasters/crawler)" "-"
217.79.118.0 - - [12/Mar/2026:00:03:20 +0000] "POST /xmlrpc.php HTTP/1.1" 503 339 kaminibeauty.com "-" "Mozilla/5.0 (X11; Linux x86_64) AppleWebKit/537.36 (KHTML, like Gecko) Chrome/114.0.0.0 Safari/537.36 Vivaldi/5.3.2679.68" "-"
2a03:2880:f800:: - - [12/Mar/2026:00:03:20 +0000] "GET /shop/item/perpetration111583016530 HTTP/1.1" 200 53807 kaminibeauty.com "-" "meta-externalagent/1.1 (+https://developers.facebook.com/docs/sharing/webmasters/crawler)" "-"
2a03:2880:f800:: - - [12/Mar/2026:00:03:20 +0000] "GET /shop/item/shagrag16769893968 HTTP/1.1" 200 53807 kaminibeauty.com "-" "meta-externalagent/1.1 (+https://developers.facebook.com/docs/sharing/webmasters/crawler)" "-"
217.79.118.0 - - [12/Mar/2026:00:03:21 +0000] "POST /xmlrpc.php HTTP/1.1" 503 339 kaminibeauty.com "-" "Mozilla/5.0 (X11; Linux x86_64) AppleWebKit/537.36 (KHTML, like Gecko) Chrome/114.0.0.0 Safari/537.36 Vivaldi/5.3.2679.68" "-"
74.7.242.0 - - [12/Mar/2026:00:03:21 +0000] "GET /shop/item/cajolery153837425049?fileloc=//bin/pinky&path=//bin HTTP/1.1" 200 12187 kaminibeauty.com "https://kaminibeauty.com/shop/item/cajolery153837425049?path=//bin" "Mozilla/5.0 AppleWebKit/537.36 (KHTML, like Gecko; compatible; GPTBot/1.3; +https://openai.com/gptbot)" "-"
2a03:2880:f800:: - - [12/Mar/2026:00:03:21 +0000] "GET /shop/item/desecate161971087391 HTTP/1.1" 200 53807 kaminibeauty.com "-" "meta-externalagent/1.1 (+https://developers.facebook.com/docs/sharing/webmasters/crawler)" "-"
216.73.216.0 - - [12/Mar/2026:00:03:21 +0000] "GET /?fileloc=%2Fhomepages%2F4%2Fd4297730999%2Fhtdocs%2Fwordpress%2Fwp-admin%2Fcss%2Fnav-menus.css&path=%2Fhomepages%2F4%2Fd4297730999%2Fhtdocs%2Fwordpress%2Fwp-admin%2Fcss HTTP/1.1" 200 30660 www.kaminibeauty.com "-" "Mozilla/5.0 AppleWebKit/537.36 (KHTML, like Gecko; compatible; ClaudeBot/1.0; +claudebot@anthropic.com)" "-"
2a03:2880:f800:: - - [12/Mar/2026:00:03:21 +0000] "GET /shop/item/noumbres121675265199 HTTP/1.1" 200 53807 kaminibeauty.com "-" "meta-externalagent/1.1 (+https://developers.facebook.com/docs/sharing/webmasters/crawler)" "-"
66.249.66.0 - - [12/Mar/2026:00:03:21 +0000] "GET /shop/item/corrivate124240489545 HTTP/1.1" 200 207653 kaminibeauty.com "-" "Mozilla/5.0 (Linux; Android 6.0.1; Nexus 5X Build/MMB29P) AppleWebKit/537.36 (KHTML, like Gecko) Chrome/145.0.7632.116 Mobile Safari/537.36 (compatible; Googlebot/2.1; +http://www.google.com/bot.html)" "-"
217.79.118.0 - - [12/Mar/2026:00:03:22 +0000] "POST /xmlrpc.php HTTP/1.1" 503 339 kaminibeauty.com "-" "Mozilla/5.0 (X11; Linux x86_64) AppleWebKit/537.36 (KHTML, like Gecko) Chrome/114.0.0.0 Safari/537.36 Vivaldi/5.3.2679.68" "-"
2a03:2880:f800:: - - [12/Mar/2026:00:03:22 +0000] "GET /shop/item/seacoast171311019844 HTTP/1.1" 200 53807 kaminibeauty.com "-" "meta-externalagent/1.1 (+https://developers.facebook.com/docs/sharing/webmasters/crawler)" "-"
207.46.13.0 - - [12/Mar/2026:00:03:22 +0000] "GET /shop/item/incongealable13834912420 HTTP/1.1" 200 202592 kaminibeauty.com "-" "Mozilla/5.0 AppleWebKit/537.36 (KHTML, like Gecko; compatible; bingbot/2.0; +http://www.bing.com/bingbot.htm) Chrome/116.0.1938.76 Safari/537.36" "-"
2a03:2880:f800:: - - [12/Mar/2026:00:03:22 +0000] "GET /shop/item/reportage16106947818 HTTP/1.1" 200 53807 kaminibeauty.com "-" "meta-externalagent/1.1 (+https://developers.facebook.com/docs/sharing/webmasters/crawler)" "-"
2a03:2880:f800:: - - [12/Mar/2026:00:03:23 +0000] "GET /shop/item/thimblerigger112465972773 HTTP/1.1" 200 53807 kaminibeauty.com "-" "meta-externalagent/1.1 (+https://developers.facebook.com/docs/sharing/webmasters/crawler)" "-"
2a03:2880:f800:: - - [12/Mar/2026:00:03:23 +0000] "GET /shop/item/manes141816336387 HTTP/1.1" 200 53807 kaminibeauty.com "-" "meta-externalagent/1.1 (+https://developers.facebook.com/docs/sharing/webmasters/crawler)" "-"
2a03:2880:f800:: - - [12/Mar/2026:00:03:24 +0000] "GET /shop/item/interchained123949394897 HTTP/1.1" 200 53807 kaminibeauty.com "-" "meta-externalagent/1.1 (+https://developers.facebook.com/docs/sharing/webmasters/crawler)" "-"
74.7.242.0 - - [12/Mar/2026:00:03:24 +0000] "GET /shop/item/currency153099074866?path=//lib/ui-infong-disable-utils HTTP/1.1" 200 12679 kaminibeauty.com "https://kaminibeauty.com/shop/item/currency153099074866?path=//lib" "Mozilla/5.0 AppleWebKit/537.36 (KHTML, like Gecko; compatible; GPTBot/1.3; +https://openai.com/gptbot)" "-"
2a03:2880:f800:: - - [12/Mar/2026:00:03:24 +0000] "GET /shop/item/gonakie161094653333 HTTP/1.1" 200 53807 kaminibeauty.com "-" "meta-externalagent/1.1 (+https://developers.facebook.com/docs/sharing/webmasters/crawler)" "-"
216.73.216.0 - - [12/Mar/2026:00:03:24 +0000] "GET /?fileloc=%2F%2Fbin%2Fx86_64-linux-gnu-gcc-ranlib-10&path=%2F%2Fbin HTTP/1.1" 200 12212 www.kaminibeauty.com "-" "Mozilla/5.0 AppleWebKit/537.36 (KHTML, like Gecko; compatible; ClaudeBot/1.0; +claudebot@anthropic.com)" "-"
198.244.168.0 - - [12/Mar/2026:00:03:24 +0000] "GET /shop/item/nemorous161268301709?path=//var HTTP/1.1" 200 28033 kaminibeauty.com "-" "Mozilla/5.0 (compatible; AhrefsBot/7.0; +http://ahrefs.com/robot/)" "-"
2a03:2880:f800:: - - [12/Mar/2026:00:03:25 +0000] "GET /shop/item/botuliform17124932969 HTTP/1.1" 200 53807 kaminibeauty.com "-" "meta-externalagent/1.1 (+https://developers.facebook.com/docs/sharing/webmasters/crawler)" "-"
207.46.13.0 - - [12/Mar/2026:00:03:25 +0000] "GET /shop/item/pulpiteer122277686681 HTTP/1.1" 200 198616 kaminibeauty.com "-" "Mozilla/5.0 AppleWebKit/537.36 (KHTML, like Gecko; compatible; bingbot/2.0; +http://www.bing.com/bingbot.htm) Chrome/116.0.1938.76 Safari/537.36" "-"
2a03:2880:f800:: - - [12/Mar/2026:00:03:26 +0000] "GET /shop/item/annular113427393758 HTTP/1.1" 200 53807 kaminibeauty.com "-" "meta-externalagent/1.1 (+https://developers.facebook.com/docs/sharing/webmasters/crawler)" "-"
2a03:2880:f800:: - - [12/Mar/2026:00:03:26 +0000] "GET /shop/item/camarilla172619649862 HTTP/1.1" 200 53807 kaminibeauty.com "-" "meta-externalagent/1.1 (+https://developers.facebook.com/docs/sharing/webmasters/crawler)" "-"
2a03:2880:f800:: - - [12/Mar/2026:00:03:26 +0000] "GET /shop/item/haughtily162415242996 HTTP/1.1" 200 53807 kaminibeauty.com "-" "meta-externalagent/1.1 (+https://developers.facebook.com/docs/sharing/webmasters/crawler)" "-"
66.249.66.0 - - [12/Mar/2026:00:03:26 +0000] "GET /shop/item/sodado123031091519 HTTP/1.1" 200 216747 kaminibeauty.com "-" "Mozilla/5.0 (Linux; Android 6.0.1; Nexus 5X Build/MMB29P) AppleWebKit/537.36 (KHTML, like Gecko) Chrome/145.0.7632.116 Mobile Safari/537.36 (compatible; Googlebot/2.1; +http://www.google.com/bot.html)" "-"
2a03:2880:f800:: - - [12/Mar/2026:00:03:27 +0000] "GET /shop/item/trifurcate152367201261 HTTP/1.1" 200 53807 kaminibeauty.com "-" "meta-externalagent/1.1 (+https://developers.facebook.com/docs/sharing/webmasters/crawler)" "-"
74.7.242.0 - - [12/Mar/2026:00:03:27 +0000] "GET /shop/item/cajolery153837425049?fileloc=//bin/pi3topbm&path=//bin HTTP/1.1" 200 12190 kaminibeauty.com "https://kaminibeauty.com/shop/item/cajolery153837425049?path=//bin" "Mozilla/5.0 AppleWebKit/537.36 (KHTML, like Gecko; compatible; GPTBot/1.3; +https://openai.com/gptbot)" "-"
216.73.216.0 - - [12/Mar/2026:00:03:27 +0000] "GET /?fileloc=%2Fhomepages%2F4%2Fd4297730999%2Fhtdocs%2Fwordpress%2Fwp-admin%2Fincludes%2Fclass-ftp.php&path=%2Fhomepages%2F4%2Fd4297730999%2Fhtdocs%2Fwordpress%2Fwp-admin%2Fincludes HTTP/1.1" 200 44488 www.kaminibeauty.com "-" "Mozilla/5.0 AppleWebKit/537.36 (KHTML, like Gecko; compatible; ClaudeBot/1.0; +claudebot@anthropic.com)" "-"
2a03:2880:f800:: - - [12/Mar/2026:00:03:27 +0000] "GET /shop/item/whapper133331254005 HTTP/1.1" 200 53807 kaminibeauty.com "-" "meta-externalagent/1.1 (+https://developers.facebook.com/docs/sharing/webmasters/crawler)" "-"
2a03:2880:f800:: - - [12/Mar/2026:00:03:28 +0000] "GET /shop/item/misseldine172178465826 HTTP/1.1" 200 53807 kaminibeauty.com "-" "meta-externalagent/1.1 (+https://developers.facebook.com/docs/sharing/webmasters/crawler)" "-"
207.46.13.0 - - [12/Mar/2026:00:03:28 +0000] "GET /shop/item/ascaphidae163378155828 HTTP/1.1" 200 212252 kaminibeauty.com "-" "Mozilla/5.0 AppleWebKit/537.36 (KHTML, like Gecko; compatible; bingbot/2.0; +http://www.bing.com/bingbot.htm) Chrome/116.0.1938.76 Safari/537.36" "-"
2a03:2880:f800:: - - [12/Mar/2026:00:03:28 +0000] "GET /shop/item/bloodroot142748312593 HTTP/1.1" 200 53807 kaminibeauty.com "-" "meta-externalagent/1.1 (+https://developers.facebook.com/docs/sharing/webmasters/crawler)" "-"
2a03:2880:f800:: - - [12/Mar/2026:00:03:29 +0000] "GET /shop/item/bedright141615306429 HTTP/1.1" 200 53807 kaminibeauty.com "-" "meta-externalagent/1.1 (+https://developers.facebook.com/docs/sharing/webmasters/crawler)" "-"
66.249.66.0 - - [12/Mar/2026:00:03:29 +0000] "GET /shop/item/stegnotic12154459104 HTTP/1.1" 200 210289 kaminibeauty.com "-" "Mozilla/5.0 (Linux; Android 6.0.1; Nexus 5X Build/MMB29P) AppleWebKit/537.36 (KHTML, like Gecko) Chrome/145.0.7632.116 Mobile Safari/537.36 (compatible; Googlebot/2.1; +http://www.google.com/bot.html)" "-"
2a03:2880:f800:: - - [12/Mar/2026:00:03:29 +0000] "GET /shop/item/boyle171882646753 HTTP/1.1" 200 53807 kaminibeauty.com "-" "meta-externalagent/1.1 (+https://developers.facebook.com/docs/sharing/webmasters/crawler)" "-"
2a03:2880:f800:: - - [12/Mar/2026:00:03:30 +0000] "GET /shop/item/ichthyophagy123809390007 HTTP/1.1" 200 53807 kaminibeauty.com "-" "meta-externalagent/1.1 (+https://developers.facebook.com/docs/sharing/webmasters/crawler)" "-"
2a03:2880:f800:: - - [12/Mar/2026:00:03:30 +0000] "GET /shop/item/epidotic133345786484 HTTP/1.1" 200 53807 kaminibeauty.com "-" "meta-externalagent/1.1 (+https://developers.facebook.com/docs/sharing/webmasters/crawler)" "-"
216.73.216.0 - - [12/Mar/2026:00:03:30 +0000] "GET /?fileloc=%2F%2Fbin%2Fipcs&path=%2F%2Fbin HTTP/1.1" 200 12186 www.kaminibeauty.com "-" "Mozilla/5.0 AppleWebKit/537.36 (KHTML, like Gecko; compatible; ClaudeBot/1.0; +claudebot@anthropic.com)" "-"
74.7.242.0 - - [12/Mar/2026:00:03:30 +0000] "GET /shop/item/wickedly15703950426?path=//var/run HTTP/1.1" 200 19437 kaminibeauty.com "https://kaminibeauty.com/shop/item/wickedly15703950426?path=//var" "Mozilla/5.0 AppleWebKit/537.36 (KHTML, like Gecko; compatible; GPTBot/1.3; +https://openai.com/gptbot)" "-"
2a03:2880:f800:: - - [12/Mar/2026:00:03:31 +0000] "GET /shop/item/suaveolens163897392201 HTTP/1.1" 200 53807 kaminibeauty.com "-" "meta-externalagent/1.1 (+https://developers.facebook.com/docs/sharing/webmasters/crawler)" "-"
207.46.13.0 - - [12/Mar/2026:00:03:31 +0000] "GET /shop/item/branchiostomidae161227386037 HTTP/1.1" 200 204821 kaminibeauty.com "-" "Mozilla/5.0 AppleWebKit/537.36 (KHTML, like Gecko; compatible; bingbot/2.0; +http://www.bing.com/bingbot.htm) Chrome/116.0.1938.76 Safari/537.36" "-"
2a03:2880:f800:: - - [12/Mar/2026:00:03:31 +0000] "GET /shop/item/septuagenarian152564886547 HTTP/1.1" 200 53807 kaminibeauty.com "-" "meta-externalagent/1.1 (+https://developers.facebook.com/docs/sharing/webmasters/crawler)" "-"
2a03:2880:f800:: - - [12/Mar/2026:00:03:32 +0000] "GET /shop/item/restrictionary161034502606 HTTP/1.1" 200 53807 kaminibeauty.com "-" "meta-externalagent/1.1 (+https://developers.facebook.com/docs/sharing/webmasters/crawler)" "-"
2a03:2880:f800:: - - [12/Mar/2026:00:03:32 +0000] "GET /shop/item/pererration163113692833 HTTP/1.1" 200 53807 kaminibeauty.com "-" "meta-externalagent/1.1 (+https://developers.facebook.com/docs/sharing/webmasters/crawler)" "-"
2a03:2880:f800:: - - [12/Mar/2026:00:03:33 +0000] "GET /shop/item/mahdist17203214450 HTTP/1.1" 200 53807 kaminibeauty.com "-" "meta-externalagent/1.1 (+https://developers.facebook.com/docs/sharing/webmasters/crawler)" "-"
66.249.66.0 - - [12/Mar/2026:00:03:33 +0000] "GET /shop/item/deforcement122497882106 HTTP/1.1" 200 211154 kaminibeauty.com "-" "Mozilla/5.0 (Linux; Android 6.0.1; Nexus 5X Build/MMB29P) AppleWebKit/537.36 (KHTML, like Gecko) Chrome/145.0.7632.116 Mobile Safari/537.36 (compatible; Googlebot/2.1; +http://www.google.com/bot.html)" "-"
216.73.216.0 - - [12/Mar/2026:00:03:33 +0000] "GET /?fileloc=%2F%2Fbin%2Fpcxtoppm&path=%2F%2Fbin HTTP/1.1" 200 12190 www.kaminibeauty.com "-" "Mozilla/5.0 AppleWebKit/537.36 (KHTML, like Gecko; compatible; ClaudeBot/1.0; +claudebot@anthropic.com)" "-"
2a03:2880:f800:: - - [12/Mar/2026:00:03:33 +0000] "GET /shop/item/volitient13681685679 HTTP/1.1" 200 53807 kaminibeauty.com "-" "meta-externalagent/1.1 (+https://developers.facebook.com/docs/sharing/webmasters/crawler)" "-"
74.7.242.0 - - [12/Mar/2026:00:03:33 +0000] "GET /shop/item/wickedly15703950426?path=//var/log HTTP/1.1" 200 12639 kaminibeauty.com "https://kaminibeauty.com/shop/item/wickedly15703950426?path=//var" "Mozilla/5.0 AppleWebKit/537.36 (KHTML, like Gecko; compatible; GPTBot/1.3; +https://openai.com/gptbot)" "-"
2a03:2880:f800:: - - [12/Mar/2026:00:03:34 +0000] "GET /shop/item/megathere153829741971 HTTP/1.1" 200 53807 kaminibeauty.com "-" "meta-externalagent/1.1 (+https://developers.facebook.com/docs/sharing/webmasters/crawler)" "-"
207.46.13.0 - - [12/Mar/2026:00:03:34 +0000] "GET /shop/item/dreadbolted141259219416 HTTP/1.1" 200 207055 kaminibeauty.com "-" "Mozilla/5.0 AppleWebKit/537.36 (KHTML, like Gecko; compatible; bingbot/2.0; +http://www.bing.com/bingbot.htm) Chrome/116.0.1938.76 Safari/537.36" "-"
2a03:2880:f800:: - - [12/Mar/2026:00:03:34 +0000] "GET /shop/item/putrescin172038940947 HTTP/1.1" 200 53807 kaminibeauty.com "-" "meta-externalagent/1.1 (+https://developers.facebook.com/docs/sharing/webmasters/crawler)" "-"
2a03:2880:f800:: - - [12/Mar/2026:00:03:35 +0000] "GET /shop/item/jalap132187830602 HTTP/1.1" 200 53807 kaminibeauty.com "-" "meta-externalagent/1.1 (+https://developers.facebook.com/docs/sharing/webmasters/crawler)" "-"
2a03:2880:f800:: - - [12/Mar/2026:00:03:35 +0000] "GET /shop/item/professing16866465510 HTTP/1.1" 200 53807 kaminibeauty.com "-" "meta-externalagent/1.1 (+https://developers.facebook.com/docs/sharing/webmasters/crawler)" "-"
2a03:2880:f800:: - - [12/Mar/2026:00:03:36 +0000] "GET /shop/item/stealingly17648656036 HTTP/1.1" 200 53807 kaminibeauty.com "-" "meta-externalagent/1.1 (+https://developers.facebook.com/docs/sharing/webmasters/crawler)" "-"
216.73.216.0 - - [12/Mar/2026:00:03:36 +0000] "GET /?fileloc=%2Fhomepages%2F4%2Fd4297730999%2Fhtdocs%2Fwordpress%2Fwp-admin%2Fincludes%2Flist-table.php&path=%2Fhomepages%2F4%2Fd4297730999%2Fhtdocs%2Fwordpress%2Fwp-admin%2Fincludes HTTP/1.1" 200 16520 www.kaminibeauty.com "-" "Mozilla/5.0 AppleWebKit/537.36 (KHTML, like Gecko; compatible; ClaudeBot/1.0; +claudebot@anthropic.com)" "-"
2a03:2880:f800:: - - [12/Mar/2026:00:03:36 +0000] "GET /shop/item/sigmoid151943180840 HTTP/1.1" 200 53807 kaminibeauty.com "-" "meta-externalagent/1.1 (+https://developers.facebook.com/docs/sharing/webmasters/crawler)" "-"
74.7.242.0 - - [12/Mar/2026:00:03:36 +0000] "GET /shop/item/wickedly15703950426?path=//usr/bin HTTP/1.1" 200 1797156 kaminibeauty.com "https://kaminibeauty.com/shop/item/wickedly15703950426?path=//usr" "Mozilla/5.0 AppleWebKit/537.36 (KHTML, like Gecko; compatible; GPTBot/1.3; +https://openai.com/gptbot)" "-"
66.249.76.0 - - [12/Mar/2026:00:03:36 +0000] "GET /shop/item/lepidosteus122466873162 HTTP/1.1" 200 196605 kaminibeauty.com "-" "Mozilla/5.0 (Linux; Android 6.0.1; Nexus 5X Build/MMB29P) AppleWebKit/537.36 (KHTML, like Gecko) Chrome/145.0.7632.116 Mobile Safari/537.36 (compatible; Googlebot/2.1; +http://www.google.com/bot.html)" "-"
2a03:2880:f800:: - - [12/Mar/2026:00:03:37 +0000] "GET /shop/item/elapid114112732536 HTTP/1.1" 200 53807 kaminibeauty.com "-" "meta-externalagent/1.1 (+https://developers.facebook.com/docs/sharing/webmasters/crawler)" "-"
2a03:2880:f800:: - - [12/Mar/2026:00:03:37 +0000] "GET /shop/item/guttulata15727061962 HTTP/1.1" 200 53807 kaminibeauty.com "-" "meta-externalagent/1.1 (+https://developers.facebook.com/docs/sharing/webmasters/crawler)" "-"
207.46.13.0 - - [12/Mar/2026:00:03:37 +0000] "GET /shop/item/algates152424298657 HTTP/1.1" 200 203317 kaminibeauty.com "-" "Mozilla/5.0 AppleWebKit/537.36 (KHTML, like Gecko; compatible; bingbot/2.0; +http://www.bing.com/bingbot.htm) Chrome/116.0.1938.76 Safari/537.36" "-"
2a03:2880:f800:: - - [12/Mar/2026:00:03:38 +0000] "GET /shop/item/sociableness171994576853 HTTP/1.1" 200 53807 kaminibeauty.com "-" "meta-externalagent/1.1 (+https://developers.facebook.com/docs/sharing/webmasters/crawler)" "-"
2a03:2880:f800:: - - [12/Mar/2026:00:03:38 +0000] "GET /shop/item/monochlamydeous161055053604 HTTP/1.1" 200 53807 kaminibeauty.com "-" "meta-externalagent/1.1 (+https://developers.facebook.com/docs/sharing/webmasters/crawler)" "-"
5.62.155.0 - - [12/Mar/2026:00:03:39 +0000] "POST /xmlrpc.php HTTP/1.1" 200 53807 kaminibeauty.com "-" "Python-xmlrpc/3.13" "-"
2a03:2880:f800:: - - [12/Mar/2026:00:03:39 +0000] "GET /shop/item/parage123319709225 HTTP/1.1" 200 53807 kaminibeauty.com "-" "meta-externalagent/1.1 (+https://developers.facebook.com/docs/sharing/webmasters/crawler)" "-"
216.73.216.0 - - [12/Mar/2026:00:03:39 +0000] "GET /?fileloc=%2F%2Fbin%2Fdb5.3_stat&path=%2F%2Fbin HTTP/1.1" 200 12192 www.kaminibeauty.com "-" "Mozilla/5.0 AppleWebKit/537.36 (KHTML, like Gecko; compatible; ClaudeBot/1.0; +claudebot@anthropic.com)" "-"
2a03:2880:f800:: - - [12/Mar/2026:00:03:39 +0000] "GET /shop/item/inevitable153606191975 HTTP/1.1" 200 53807 kaminibeauty.com "-" "meta-externalagent/1.1 (+https://developers.facebook.com/docs/sharing/webmasters/crawler)" "-"
2a03:2880:f800:: - - [12/Mar/2026:00:03:40 +0000] "GET /shop/item/dankishness161199982215 HTTP/1.1" 200 53807 kaminibeauty.com "-" "meta-externalagent/1.1 (+https://developers.facebook.com/docs/sharing/webmasters/crawler)" "-"
74.7.242.0 - - [12/Mar/2026:00:03:40 +0000] "GET /shop/item/wickedly15703950426?path=//var/lib HTTP/1.1" 200 38819 kaminibeauty.com "https://kaminibeauty.com/shop/item/wickedly15703950426?path=//var" "Mozilla/5.0 AppleWebKit/537.36 (KHTML, like Gecko; compatible; GPTBot/1.3; +https://openai.com/gptbot)" "-"
207.46.13.0 - - [12/Mar/2026:00:03:40 +0000] "GET /shop/item/propiolic173698972607 HTTP/1.1" 200 209678 kaminibeauty.com "-" "Mozilla/5.0 AppleWebKit/537.36 (KHTML, like Gecko; compatible; bingbot/2.0; +http://www.bing.com/bingbot.htm) Chrome/116.0.1938.76 Safari/537.36" "-"
2a03:2880:f800:: - - [12/Mar/2026:00:03:40 +0000] "GET /shop/item/repentantly172045079171 HTTP/1.1" 200 53807 kaminibeauty.com "-" "meta-externalagent/1.1 (+https://developers.facebook.com/docs/sharing/webmasters/crawler)" "-"
66.249.66.0 - - [12/Mar/2026:00:03:41 +0000] "GET /shop/item/reactance122378654848 HTTP/1.1" 200 197673 kaminibeauty.com "-" "Mozilla/5.0 (Linux; Android 6.0.1; Nexus 5X Build/MMB29P) AppleWebKit/537.36 (KHTML, like Gecko) Chrome/145.0.7632.116 Mobile Safari/537.36 (compatible; Googlebot/2.1; +http://www.google.com/bot.html)" "-"
2a03:2880:f800:: - - [12/Mar/2026:00:03:41 +0000] "GET /shop/item/disappendent162833684655 HTTP/1.1" 200 53807 kaminibeauty.com "-" "meta-externalagent/1.1 (+https://developers.facebook.com/docs/sharing/webmasters/crawler)" "-"
2a03:2880:f800:: - - [12/Mar/2026:00:03:41 +0000] "GET /shop/item/gyving172410972847 HTTP/1.1" 200 53807 kaminibeauty.com "-" "meta-externalagent/1.1 (+https://developers.facebook.com/docs/sharing/webmasters/crawler)" "-"
2a03:2880:f800:: - - [12/Mar/2026:00:03:42 +0000] "GET /shop/item/chapleted163835122563 HTTP/1.1" 200 53807 kaminibeauty.com "-" "meta-externalagent/1.1 (+https://developers.facebook.com/docs/sharing/webmasters/crawler)" "-"
216.73.216.0 - - [12/Mar/2026:00:03:42 +0000] "GET /?fileloc=%2F%2Fsbin%2Fnewusers&path=%2F%2Fsbin HTTP/1.1" 200 12193 www.kaminibeauty.com "-" "Mozilla/5.0 AppleWebKit/537.36 (KHTML, like Gecko; compatible; ClaudeBot/1.0; +claudebot@anthropic.com)" "-"
2a03:2880:f800:: - - [12/Mar/2026:00:03:43 +0000] "GET /shop/item/octylic161513508369 HTTP/1.1" 200 53807 kaminibeauty.com "-" "meta-externalagent/1.1 (+https://developers.facebook.com/docs/sharing/webmasters/crawler)" "-"
74.7.242.0 - - [12/Mar/2026:00:03:43 +0000] "GET /shop/item/wickedly15703950426?path=//usr/lib HTTP/1.1" 200 91596 kaminibeauty.com "https://kaminibeauty.com/shop/item/wickedly15703950426?path=//usr" "Mozilla/5.0 AppleWebKit/537.36 (KHTML, like Gecko; compatible; GPTBot/1.3; +https://openai.com/gptbot)" "-"
2a03:2880:f800:: - - [12/Mar/2026:00:03:43 +0000] "GET /shop/item/arcuate121171517420 HTTP/1.1" 200 53807 kaminibeauty.com "-" "meta-externalagent/1.1 (+https://developers.facebook.com/docs/sharing/webmasters/crawler)" "-"
207.46.13.0 - - [12/Mar/2026:00:03:43 +0000] "GET /shop/item/alpist164001469181 HTTP/1.1" 200 210051 kaminibeauty.com "-" "Mozilla/5.0 AppleWebKit/537.36 (KHTML, like Gecko; compatible; bingbot/2.0; +http://www.bing.com/bingbot.htm) Chrome/116.0.1938.76 Safari/537.36" "-"
2a03:2880:f800:: - - [12/Mar/2026:00:03:43 +0000] "GET /shop/item/diamagnetically17716486047 HTTP/1.1" 200 53807 kaminibeauty.com "-" "meta-externalagent/1.1 (+https://developers.facebook.com/docs/sharing/webmasters/crawler)" "-"
2a03:2880:f800:: - - [12/Mar/2026:00:03:44 +0000] "GET /shop/item/discontinuable164041727463 HTTP/1.1" 200 53807 kaminibeauty.com "-" "meta-externalagent/1.1 (+https://developers.facebook.com/docs/sharing/webmasters/crawler)" "-"
66.249.76.0 - - [12/Mar/2026:00:03:44 +0000] "GET /shop/item/kaleidoscope122682806762 HTTP/1.1" 200 207465 kaminibeauty.com "-" "Mozilla/5.0 (Linux; Android 6.0.1; Nexus 5X Build/MMB29P) AppleWebKit/537.36 (KHTML, like Gecko) Chrome/145.0.7632.116 Mobile Safari/537.36 (compatible; Googlebot/2.1; +http://www.google.com/bot.html)" "-"
2a03:2880:f800:: - - [12/Mar/2026:00:03:44 +0000] "GET /shop/item/clydesdale171622877588 HTTP/1.1" 200 53807 kaminibeauty.com "-" "meta-externalagent/1.1 (+https://developers.facebook.com/docs/sharing/webmasters/crawler)" "-"
2a03:2880:f800:: - - [12/Mar/2026:00:03:45 +0000] "GET /shop/item/matriculation171850810855 HTTP/1.1" 200 53807 kaminibeauty.com "-" "meta-externalagent/1.1 (+https://developers.facebook.com/docs/sharing/webmasters/crawler)" "-"
216.73.216.0 - - [12/Mar/2026:00:03:45 +0000] "GET /?fileloc=%2F%2Fbin%2Fdb5.3_deadlock&path=%2F%2Fbin HTTP/1.1" 200 12196 www.kaminibeauty.com "-" "Mozilla/5.0 AppleWebKit/537.36 (KHTML, like Gecko; compatible; ClaudeBot/1.0; +claudebot@anthropic.com)" "-"
