45.80.104.0 - - [12/Mar/2026:00:18:09 +0000] "POST /xmlrpc.php HTTP/1.1" 200 53807 www.kaminibeauty.com "-" "Mozilla/5.0 (Windows NT 10.0; Win64; x64; rv:127.0) Gecko/20100101 Firefox/127.0" "-"
2a03:2880:f800:: - - [12/Mar/2026:00:18:09 +0000] "GET /shop/item/fulvius121073237852 HTTP/1.1" 200 53807 kaminibeauty.com "-" "meta-externalagent/1.1 (+https://developers.facebook.com/docs/sharing/webmasters/crawler)" "-"
66.249.66.0 - - [12/Mar/2026:00:18:09 +0000] "GET /shop/item/vexatious114121291234 HTTP/1.1" 200 210375 kaminibeauty.com "-" "Mozilla/5.0 (Linux; Android 6.0.1; Nexus 5X Build/MMB29P) AppleWebKit/537.36 (KHTML, like Gecko) Chrome/145.0.7632.116 Mobile Safari/537.36 (compatible; Googlebot/2.1; +http://www.google.com/bot.html)" "-"
2a03:2880:f800:: - - [12/Mar/2026:00:18:09 +0000] "GET /shop/item/convoce141464934639 HTTP/1.1" 200 53807 kaminibeauty.com "-" "meta-externalagent/1.1 (+https://developers.facebook.com/docs/sharing/webmasters/crawler)" "-"
2a03:2880:f800:: - - [12/Mar/2026:00:18:10 +0000] "GET /shop/item/thyrohyoid153988126738 HTTP/1.1" 200 53807 kaminibeauty.com "-" "meta-externalagent/1.1 (+https://developers.facebook.com/docs/sharing/webmasters/crawler)" "-"
74.7.242.0 - - [12/Mar/2026:00:18:10 +0000] "GET /shop/item/dirige152438708200?fileloc=//bin/vmstat&path=//bin HTTP/1.1" 200 12188 kaminibeauty.com "https://kaminibeauty.com/shop/item/dirige152438708200?path=//bin" "Mozilla/5.0 AppleWebKit/537.36 (KHTML, like Gecko; compatible; GPTBot/1.3; +https://openai.com/gptbot)" "-"
2a03:2880:f800:: - - [12/Mar/2026:00:18:10 +0000] "GET /shop/item/facies173234878907 HTTP/1.1" 200 53807 kaminibeauty.com "-" "meta-externalagent/1.1 (+https://developers.facebook.com/docs/sharing/webmasters/crawler)" "-"
130.49.9.0 - - [12/Mar/2026:00:18:10 +0000] "POST /xmlrpc.php HTTP/1.1" 200 53807 www.kaminibeauty.com "-" "Mozilla/5.0 (Windows NT 10.0; Win64; x64; rv:127.0) Gecko/20100101 Firefox/127.0" "-"
2a03:2880:f800:: - - [12/Mar/2026:00:18:11 +0000] "GET /shop/item/convolutella123090930452 HTTP/1.1" 200 53807 kaminibeauty.com "-" "meta-externalagent/1.1 (+https://developers.facebook.com/docs/sharing/webmasters/crawler)" "-"
188.241.1.0 - - [12/Mar/2026:00:18:11 +0000] "POST /xmlrpc.php HTTP/1.1" 200 53807 kaminibeauty.com "-" "Python-xmlrpc/3.13" "-"
2a03:2880:f800:: - - [12/Mar/2026:00:18:11 +0000] "GET /shop/item/scincidae15569285133 HTTP/1.1" 200 53807 kaminibeauty.com "-" "meta-externalagent/1.1 (+https://developers.facebook.com/docs/sharing/webmasters/crawler)" "-"
40.77.167.0 - - [12/Mar/2026:00:18:11 +0000] "GET /sitemap-subitems-1493.xml HTTP/1.1" 200 364873 kaminibeauty.com "-" "Mozilla/5.0 AppleWebKit/537.36 (KHTML, like Gecko; compatible; bingbot/2.0; +http://www.bing.com/bingbot.htm) Chrome/116.0.1938.76 Safari/537.36" "-"
2a03:2880:f800:: - - [12/Mar/2026:00:18:12 +0000] "GET /shop/item/concert161166634432 HTTP/1.1" 200 53807 kaminibeauty.com "-" "meta-externalagent/1.1 (+https://developers.facebook.com/docs/sharing/webmasters/crawler)" "-"
216.73.216.0 - - [12/Mar/2026:00:18:12 +0000] "GET /shop/item/separator113191224202?fileloc=%2Fhomepages%2F4%2Fd4297730999%2Fhtdocs%2Fwordpress%2Fwp-includes%2Fdeprecated.php&path=%2Fhomepages%2F4%2Fd4297730999%2Fhtdocs%2Fwordpress%2Fwp-includes HTTP/1.1" 429 267 kaminibeauty.com "-" "Mozilla/5.0 AppleWebKit/537.36 (KHTML, like Gecko; compatible; ClaudeBot/1.0; +claudebot@anthropic.com)" "-"
93.177.118.0 - - [12/Mar/2026:00:18:13 +0000] "POST /xmlrpc.php HTTP/1.1" 503 339 www.kaminibeauty.com "-" "Mozilla/5.0 (Windows NT 10.0; Win64; x64) AppleWebKit/537.36 (KHTML, like Gecko) Chrome/124.0.6367.207 Safari/537.36" "-"
2a03:2880:f800:: - - [12/Mar/2026:00:18:13 +0000] "GET /shop/item/circumvest171546311222 HTTP/1.1" 200 53807 kaminibeauty.com "-" "meta-externalagent/1.1 (+https://developers.facebook.com/docs/sharing/webmasters/crawler)" "-"
74.7.242.0 - - [12/Mar/2026:00:18:13 +0000] "GET /shop/item/gravel153189684997?path=//etc/dpkg HTTP/1.1" 200 19533 kaminibeauty.com "https://kaminibeauty.com/shop/item/gravel153189684997?path=//etc" "Mozilla/5.0 AppleWebKit/537.36 (KHTML, like Gecko; compatible; GPTBot/1.3; +https://openai.com/gptbot)" "-"
2a03:2880:f800:: - - [12/Mar/2026:00:18:13 +0000] "GET /shop/item/sightliness164022744385 HTTP/1.1" 200 53807 kaminibeauty.com "-" "meta-externalagent/1.1 (+https://developers.facebook.com/docs/sharing/webmasters/crawler)" "-"
207.46.13.0 - - [12/Mar/2026:00:18:13 +0000] "GET /shop/item/monoptera14517701841 HTTP/1.1" 200 191675 www.kaminibeauty.com "-" "Mozilla/5.0 AppleWebKit/537.36 (KHTML, like Gecko; compatible; bingbot/2.0; +http://www.bing.com/bingbot.htm) Chrome/116.0.1938.76 Safari/537.36" "-"
2a03:2880:f800:: - - [12/Mar/2026:00:18:13 +0000] "GET /shop/item/liberalized173352324193 HTTP/1.1" 200 53807 kaminibeauty.com "-" "meta-externalagent/1.1 (+https://developers.facebook.com/docs/sharing/webmasters/crawler)" "-"
40.77.167.0 - - [12/Mar/2026:00:18:13 +0000] "GET /sitemap-subitems-1816.xml HTTP/1.1" 200 364971 kaminibeauty.com "-" "Mozilla/5.0 AppleWebKit/537.36 (KHTML, like Gecko; compatible; bingbot/2.0; +http://www.bing.com/bingbot.htm) Chrome/116.0.1938.76 Safari/537.36" "-"
2a03:2880:f800:: - - [12/Mar/2026:00:18:14 +0000] "GET /shop/item/wrathfulness162537329797 HTTP/1.1" 200 53807 kaminibeauty.com "-" "meta-externalagent/1.1 (+https://developers.facebook.com/docs/sharing/webmasters/crawler)" "-"
2a03:2880:f800:: - - [12/Mar/2026:00:18:15 +0000] "GET /shop/item/celibacy162561149440 HTTP/1.1" 200 53807 kaminibeauty.com "-" "meta-externalagent/1.1 (+https://developers.facebook.com/docs/sharing/webmasters/crawler)" "-"
130.49.79.0 - - [12/Mar/2026:00:18:15 +0000] "POST /xmlrpc.php HTTP/1.1" 200 53807 www.kaminibeauty.com "-" "Mozilla/5.0 (Macintosh; Intel Mac OS X 13_5) AppleWebKit/605.1.15 (KHTML, like Gecko) Version/17.5 Safari/605.1.15" "-"
2a03:2880:f800:: - - [12/Mar/2026:00:18:15 +0000] "GET /shop/item/incommensurately173321781894 HTTP/1.1" 200 53807 kaminibeauty.com "-" "meta-externalagent/1.1 (+https://developers.facebook.com/docs/sharing/webmasters/crawler)" "-"
2a03:2880:f800:: - - [12/Mar/2026:00:18:16 +0000] "GET /shop/item/ardois132167012239 HTTP/1.1" 200 53807 kaminibeauty.com "-" "meta-externalagent/1.1 (+https://developers.facebook.com/docs/sharing/webmasters/crawler)" "-"
66.249.76.0 - - [12/Mar/2026:00:18:16 +0000] "GET /shop/item/pisiform113077482568 HTTP/1.1" 200 209850 kaminibeauty.com "-" "Mozilla/5.0 (Linux; Android 6.0.1; Nexus 5X Build/MMB29P) AppleWebKit/537.36 (KHTML, like Gecko) Chrome/145.0.7632.116 Mobile Safari/537.36 (compatible; Googlebot/2.1; +http://www.google.com/bot.html)" "-"
74.7.242.0 - - [12/Mar/2026:00:18:16 +0000] "GET /shop/item/gravel153189684997?path=//etc/wordpress HTTP/1.1" 200 14082 kaminibeauty.com "https://kaminibeauty.com/shop/item/gravel153189684997?path=//etc" "Mozilla/5.0 AppleWebKit/537.36 (KHTML, like Gecko; compatible; GPTBot/1.3; +https://openai.com/gptbot)" "-"
2a03:2880:f800:: - - [12/Mar/2026:00:18:16 +0000] "GET /shop/item/pupivorous121723791936 HTTP/1.1" 200 53807 kaminibeauty.com "-" "meta-externalagent/1.1 (+https://developers.facebook.com/docs/sharing/webmasters/crawler)" "-"
2a03:2880:f800:: - - [12/Mar/2026:00:18:17 +0000] "GET /shop/item/northern111142146106 HTTP/1.1" 200 53807 kaminibeauty.com "-" "meta-externalagent/1.1 (+https://developers.facebook.com/docs/sharing/webmasters/crawler)" "-"
2a03:2880:f800:: - - [12/Mar/2026:00:18:17 +0000] "GET /shop/item/burling143062374770 HTTP/1.1" 200 53807 kaminibeauty.com "-" "meta-externalagent/1.1 (+https://developers.facebook.com/docs/sharing/webmasters/crawler)" "-"
40.77.167.0 - - [12/Mar/2026:00:18:17 +0000] "GET /sitemap-subitems-1555.xml HTTP/1.1" 200 364863 kaminibeauty.com "-" "Mozilla/5.0 AppleWebKit/537.36 (KHTML, like Gecko; compatible; bingbot/2.0; +http://www.bing.com/bingbot.htm) Chrome/116.0.1938.76 Safari/537.36" "-"
66.249.66.0 - - [12/Mar/2026:00:18:17 +0000] "GET /index.php?shop/item/breviceps132783092394 HTTP/1.1" 200 203045 kaminibeauty.com "-" "Mozilla/5.0 (Linux; Android 6.0.1; Nexus 5X Build/MMB29P) AppleWebKit/537.36 (KHTML, like Gecko) Chrome/145.0.7632.116 Mobile Safari/537.36 (compatible; Googlebot/2.1; +http://www.google.com/bot.html)" "-"
155.212.39.0 - - [12/Mar/2026:00:18:18 +0000] "GET /wp-login.php?wp_lang=en_US HTTP/1.1" 200 53807 www.kaminibeauty.com "-" "Mozilla/5.0 (Windows NT 10.0; Win64; x64) AppleWebKit/537.36 (KHTML, like Gecko) Chrome/124.0.6367.207 Safari/537.36" "-"
2a03:2880:f800:: - - [12/Mar/2026:00:18:18 +0000] "GET /shop/item/falconet15910178463 HTTP/1.1" 200 53807 kaminibeauty.com "-" "meta-externalagent/1.1 (+https://developers.facebook.com/docs/sharing/webmasters/crawler)" "-"
2a03:2880:f800:: - - [12/Mar/2026:00:18:18 +0000] "GET /shop/item/hyoganoid152720884975 HTTP/1.1" 200 53807 kaminibeauty.com "-" "meta-externalagent/1.1 (+https://developers.facebook.com/docs/sharing/webmasters/crawler)" "-"
88.218.45.0 - - [12/Mar/2026:00:18:19 +0000] "GET /wp-login.php?wp_lang=en_US HTTP/1.1" 200 53807 www.kaminibeauty.com "-" "Mozilla/5.0 (Windows NT 10.0; Win64; x64) AppleWebKit/537.36 (KHTML, like Gecko) Chrome/124.0.6367.207 Safari/537.36" "-"
2a03:2880:f800:: - - [12/Mar/2026:00:18:19 +0000] "GET /shop/item/strockle163832432706 HTTP/1.1" 200 53807 kaminibeauty.com "-" "meta-externalagent/1.1 (+https://developers.facebook.com/docs/sharing/webmasters/crawler)" "-"
2a03:2880:f800:: - - [12/Mar/2026:00:18:19 +0000] "GET /shop/item/unequaled133155728129 HTTP/1.1" 200 53807 kaminibeauty.com "-" "meta-externalagent/1.1 (+https://developers.facebook.com/docs/sharing/webmasters/crawler)" "-"
74.7.242.0 - - [12/Mar/2026:00:18:19 +0000] "GET /shop/item/candle153701969184?fileloc=//tmp/runlock-ws67147277-ws67147277:20787c2dcdb369af40d4304b2a41e3c761b5c5db50a87f89297eeeba&path=//tmp HTTP/1.1" 200 12268 kaminibeauty.com "https://kaminibeauty.com/shop/item/candle153701969184?path=//tmp" "Mozilla/5.0 AppleWebKit/537.36 (KHTML, like Gecko; compatible; GPTBot/1.3; +https://openai.com/gptbot)" "-"
66.249.76.0 - - [12/Mar/2026:00:18:19 +0000] "GET /shop/item/chisel113551730635 HTTP/1.1" 200 212987 kaminibeauty.com "-" "Mozilla/5.0 (Linux; Android 6.0.1; Nexus 5X Build/MMB29P) AppleWebKit/537.36 (KHTML, like Gecko) Chrome/145.0.7632.116 Mobile Safari/537.36 (compatible; Googlebot/2.1; +http://www.google.com/bot.html)" "-"
40.77.167.0 - - [12/Mar/2026:00:18:19 +0000] "GET /sitemap-subitems-1265.xml HTTP/1.1" 200 364913 kaminibeauty.com "-" "Mozilla/5.0 AppleWebKit/537.36 (KHTML, like Gecko; compatible; bingbot/2.0; +http://www.bing.com/bingbot.htm) Chrome/116.0.1938.76 Safari/537.36" "-"
216.73.216.0 - - [12/Mar/2026:00:18:20 +0000] "GET /shop/item/clamber113276387346?fileloc=%2Fhomepages%2F5%2Fd4298118985%2Flast_traffic&path=%2Fhomepages%2F5%2Fd4298118985 HTTP/1.1" 429 267 kaminibeauty.com "-" "Mozilla/5.0 AppleWebKit/537.36 (KHTML, like Gecko; compatible; ClaudeBot/1.0; +claudebot@anthropic.com)" "-"
157.22.72.0 - - [12/Mar/2026:00:18:20 +0000] "GET /wp-login.php?wp_lang=en_US HTTP/1.1" 200 53807 www.kaminibeauty.com "-" "Mozilla/5.0 (Windows NT 10.0; Win64; x64) AppleWebKit/537.36 (KHTML, like Gecko) Chrome/124.0.6367.207 Safari/537.36" "-"
2a03:2880:f800:: - - [12/Mar/2026:00:18:20 +0000] "GET /shop/item/haily171655956756 HTTP/1.1" 200 53807 kaminibeauty.com "-" "meta-externalagent/1.1 (+https://developers.facebook.com/docs/sharing/webmasters/crawler)" "-"
2a03:2880:f800:: - - [12/Mar/2026:00:18:20 +0000] "GET /shop/item/attire172910619588 HTTP/1.1" 200 53807 kaminibeauty.com "-" "meta-externalagent/1.1 (+https://developers.facebook.com/docs/sharing/webmasters/crawler)" "-"
2a03:2880:f800:: - - [12/Mar/2026:00:18:21 +0000] "GET /shop/item/impracticability171246647703 HTTP/1.1" 200 53807 kaminibeauty.com "-" "meta-externalagent/1.1 (+https://developers.facebook.com/docs/sharing/webmasters/crawler)" "-"
130.49.78.0 - - [12/Mar/2026:00:18:21 +0000] "GET /wp-login.php?wp_lang=en_US HTTP/1.1" 200 53807 www.kaminibeauty.com "-" "Mozilla/5.0 (Windows NT 10.0; Win64; x64) AppleWebKit/537.36 (KHTML, like Gecko) Chrome/124.0.6367.207 Safari/537.36" "-"
2a03:2880:f800:: - - [12/Mar/2026:00:18:21 +0000] "GET /shop/item/cyperaceae171829081492 HTTP/1.1" 200 53807 kaminibeauty.com "-" "meta-externalagent/1.1 (+https://developers.facebook.com/docs/sharing/webmasters/crawler)" "-"
2a03:2880:f800:: - - [12/Mar/2026:00:18:21 +0000] "GET /shop/item/antiplastic142591093233 HTTP/1.1" 200 53807 kaminibeauty.com "-" "meta-externalagent/1.1 (+https://developers.facebook.com/docs/sharing/webmasters/crawler)" "-"
2a03:2880:f800:: - - [12/Mar/2026:00:18:22 +0000] "GET /shop/item/mercify172656915951 HTTP/1.1" 200 53807 kaminibeauty.com "-" "meta-externalagent/1.1 (+https://developers.facebook.com/docs/sharing/webmasters/crawler)" "-"
110.239.211.0 - - [12/Mar/2026:00:18:22 +0000] "POST /xmlrpc.php HTTP/1.1" 200 53807 kaminibeauty.com "-" "Python-xmlrpc/3.13" "-"
45.132.184.0 - - [12/Mar/2026:00:18:22 +0000] "GET /wp-login.php?wp_lang=en_US HTTP/1.1" 200 53807 www.kaminibeauty.com "-" "Mozilla/5.0 (Windows NT 10.0; Win64; x64) AppleWebKit/537.36 (KHTML, like Gecko) Chrome/124.0.6367.207 Safari/537.36" "-"
2a03:2880:f800:: - - [12/Mar/2026:00:18:22 +0000] "GET /shop/item/fartherance142111692443 HTTP/1.1" 200 53807 kaminibeauty.com "-" "meta-externalagent/1.1 (+https://developers.facebook.com/docs/sharing/webmasters/crawler)" "-"
74.7.242.0 - - [12/Mar/2026:00:18:22 +0000] "GET /shop/item/candle153701969184?fileloc=//tmp/runlock-ws67136634-ws67136634:99fbdce643f1600cd1d333c9dcd5284bc0a9573ddc9c64a31253b5ab&path=//tmp HTTP/1.1" 200 12268 kaminibeauty.com "https://kaminibeauty.com/shop/item/candle153701969184?path=//tmp" "Mozilla/5.0 AppleWebKit/537.36 (KHTML, like Gecko; compatible; GPTBot/1.3; +https://openai.com/gptbot)" "-"
170.168.29.0 - - [12/Mar/2026:00:18:23 +0000] "GET /wp-login.php?wp_lang=en_US HTTP/1.1" 200 53807 www.kaminibeauty.com "-" "Mozilla/5.0 (Windows NT 10.0; Win64; x64) AppleWebKit/537.36 (KHTML, like Gecko) Chrome/124.0.6367.207 Safari/537.36" "-"
2a03:2880:f800:: - - [12/Mar/2026:00:18:23 +0000] "GET /shop/item/signate161607378383 HTTP/1.1" 200 53807 kaminibeauty.com "-" "meta-externalagent/1.1 (+https://developers.facebook.com/docs/sharing/webmasters/crawler)" "-"
2a03:2880:f800:: - - [12/Mar/2026:00:18:23 +0000] "GET /shop/item/diaphanoscope162820787886 HTTP/1.1" 200 53807 kaminibeauty.com "-" "meta-externalagent/1.1 (+https://developers.facebook.com/docs/sharing/webmasters/crawler)" "-"
40.77.167.0 - - [12/Mar/2026:00:18:23 +0000] "GET /sitemap-subitems-1686.xml HTTP/1.1" 200 365015 kaminibeauty.com "-" "Mozilla/5.0 AppleWebKit/537.36 (KHTML, like Gecko; compatible; bingbot/2.0; +http://www.bing.com/bingbot.htm) Chrome/116.0.1938.76 Safari/537.36" "-"
2a03:2880:f800:: - - [12/Mar/2026:00:18:23 +0000] "GET /shop/item/splenoid174248901746 HTTP/1.1" 200 53807 kaminibeauty.com "-" "meta-externalagent/1.1 (+https://developers.facebook.com/docs/sharing/webmasters/crawler)" "-"
178.175.136.0 - - [12/Mar/2026:00:18:24 +0000] "POST /xmlrpc.php HTTP/1.1" 200 53807 kaminibeauty.com "-" "Mozilla/4.0 (compatible; MSIE 7.0; Windows NT 6.1; Trident/7.0; SLCC2; .NET CLR 2.0.50727; .NET CLR 3.5.30729; .NET CLR 3.0.30729; Media Center PC 6.0; .NET4.0C; .NET4.0E; Tablet PC 2.0; .NET CLR 1.1.4322; Alexa Toolbar)" "-"
212.119.46.0 - - [12/Mar/2026:00:18:24 +0000] "GET /wp-login.php?wp_lang=en_US HTTP/1.1" 200 53807 www.kaminibeauty.com "-" "Mozilla/5.0 (Windows NT 10.0; Win64; x64) AppleWebKit/537.36 (KHTML, like Gecko) Chrome/124.0.6367.207 Safari/537.36" "-"
2a03:2880:f800:: - - [12/Mar/2026:00:18:24 +0000] "GET /shop/item/galericulata134286777672 HTTP/1.1" 200 53807 kaminibeauty.com "-" "meta-externalagent/1.1 (+https://developers.facebook.com/docs/sharing/webmasters/crawler)" "-"
216.73.216.0 - - [12/Mar/2026:00:18:25 +0000] "GET /shop/item/belaccoyle114007424248?fileloc=%2Fhomepages%2F35%2Fd4297899478%2Flast_traffic&path=%2Fhomepages%2F35%2Fd4297899478 HTTP/1.1" 429 267 kaminibeauty.com "-" "Mozilla/5.0 AppleWebKit/537.36 (KHTML, like Gecko; compatible; ClaudeBot/1.0; +claudebot@anthropic.com)" "-"
178.175.136.0 - - [12/Mar/2026:00:18:25 +0000] "POST /xmlrpc.php HTTP/1.1" 200 53807 kaminibeauty.com "-" "Mozilla/4.0 (compatible; MSIE 7.0; Windows NT 6.1; Trident/7.0; SLCC2; .NET CLR 2.0.50727; .NET CLR 3.5.30729; .NET CLR 3.0.30729; Media Center PC 6.0; .NET4.0C; .NET4.0E; Tablet PC 2.0; .NET CLR 1.1.4322; Alexa Toolbar)" "-"
2a03:2880:f800:: - - [12/Mar/2026:00:18:25 +0000] "GET /shop/item/summonses173488445869 HTTP/1.1" 200 53807 kaminibeauty.com "-" "meta-externalagent/1.1 (+https://developers.facebook.com/docs/sharing/webmasters/crawler)" "-"
157.22.73.0 - - [12/Mar/2026:00:18:25 +0000] "GET /wp-login.php?wp_lang=en_US HTTP/1.1" 200 53807 www.kaminibeauty.com "-" "Mozilla/5.0 (Windows NT 10.0; Win64; x64) AppleWebKit/537.36 (KHTML, like Gecko) Chrome/124.0.6367.207 Safari/537.36" "-"
2a03:2880:f800:: - - [12/Mar/2026:00:18:25 +0000] "GET /shop/item/butteris17890047304 HTTP/1.1" 200 53807 kaminibeauty.com "-" "meta-externalagent/1.1 (+https://developers.facebook.com/docs/sharing/webmasters/crawler)" "-"
40.77.167.0 - - [12/Mar/2026:00:18:25 +0000] "GET /sitemap-subitems-1632.xml HTTP/1.1" 200 364846 kaminibeauty.com "-" "Mozilla/5.0 AppleWebKit/537.36 (KHTML, like Gecko; compatible; bingbot/2.0; +http://www.bing.com/bingbot.htm) Chrome/116.0.1938.76 Safari/537.36" "-"
178.175.136.0 - - [12/Mar/2026:00:18:26 +0000] "POST /xmlrpc.php HTTP/1.1" 403 239 kaminibeauty.com "-" "Mozilla/4.0 (compatible; MSIE 7.0; Windows NT 6.1; Trident/7.0; SLCC2; .NET CLR 2.0.50727; .NET CLR 3.5.30729; .NET CLR 3.0.30729; Media Center PC 6.0; .NET4.0C; .NET4.0E; Tablet PC 2.0; .NET CLR 1.1.4322; Alexa Toolbar)" "-"
74.7.242.0 - - [12/Mar/2026:00:18:26 +0000] "GET /shop/item/candle153701969184?fileloc=//tmp/runlock-ws67257111-ws67257111:f4227c33295429c2f76b2e7df5eb28ee9b71f928a783d769b0c9d3cb&path=//tmp HTTP/1.1" 200 12268 kaminibeauty.com "https://kaminibeauty.com/shop/item/candle153701969184?path=//tmp" "Mozilla/5.0 AppleWebKit/537.36 (KHTML, like Gecko; compatible; GPTBot/1.3; +https://openai.com/gptbot)" "-"
2a03:2880:f800:: - - [12/Mar/2026:00:18:26 +0000] "GET /shop/item/americanism13348751622 HTTP/1.1" 200 53807 kaminibeauty.com "-" "meta-externalagent/1.1 (+https://developers.facebook.com/docs/sharing/webmasters/crawler)" "-"
2a03:2880:f800:: - - [12/Mar/2026:00:18:26 +0000] "GET /shop/item/canzonet121273768575 HTTP/1.1" 200 53807 kaminibeauty.com "-" "meta-externalagent/1.1 (+https://developers.facebook.com/docs/sharing/webmasters/crawler)" "-"
45.140.206.0 - - [12/Mar/2026:00:18:27 +0000] "GET /wp-login.php?wp_lang=en_US HTTP/1.1" 200 53807 www.kaminibeauty.com "-" "Mozilla/5.0 (Windows NT 10.0; Win64; x64) AppleWebKit/537.36 (KHTML, like Gecko) Chrome/124.0.6367.207 Safari/537.36" "-"
2a03:2880:f800:: - - [12/Mar/2026:00:18:27 +0000] "GET /shop/item/moneywort113876013434 HTTP/1.1" 200 53807 kaminibeauty.com "-" "meta-externalagent/1.1 (+https://developers.facebook.com/docs/sharing/webmasters/crawler)" "-"
45.13.231.0 - - [12/Mar/2026:00:18:27 +0000] "POST /xmlrpc.php HTTP/1.1" 200 53807 kaminibeauty.com "-" "Python-xmlrpc/3.13" "-"
66.249.66.0 - - [12/Mar/2026:00:18:27 +0000] "GET /shop/item/unbacked114050982304 HTTP/1.1" 200 211352 kaminibeauty.com "-" "Mozilla/5.0 (Linux; Android 6.0.1; Nexus 5X Build/MMB29P) AppleWebKit/537.36 (KHTML, like Gecko) Chrome/145.0.7632.116 Mobile Safari/537.36 (compatible; Googlebot/2.1; +http://www.google.com/bot.html)" "-"
2a03:2880:f800:: - - [12/Mar/2026:00:18:27 +0000] "GET /shop/item/somnambulistic161939134075 HTTP/1.1" 200 53807 kaminibeauty.com "-" "meta-externalagent/1.1 (+https://developers.facebook.com/docs/sharing/webmasters/crawler)" "-"
2a03:2880:f800:: - - [12/Mar/2026:00:18:28 +0000] "GET /shop/item/redcap162832378567 HTTP/1.1" 200 53807 kaminibeauty.com "-" "meta-externalagent/1.1 (+https://developers.facebook.com/docs/sharing/webmasters/crawler)" "-"
45.159.21.0 - - [12/Mar/2026:00:18:28 +0000] "GET /wp-login.php?wp_lang=en_US HTTP/1.1" 200 53807 www.kaminibeauty.com "-" "Mozilla/5.0 (Windows NT 10.0; Win64; x64) AppleWebKit/537.36 (KHTML, like Gecko) Chrome/124.0.6367.207 Safari/537.36" "-"
2a03:2880:f800:: - - [12/Mar/2026:00:18:28 +0000] "GET /shop/item/punctuate1578173349 HTTP/1.1" 200 53807 kaminibeauty.com "-" "meta-externalagent/1.1 (+https://developers.facebook.com/docs/sharing/webmasters/crawler)" "-"
74.7.242.0 - - [12/Mar/2026:00:18:29 +0000] "GET /shop/item/dirige152438708200?fileloc=//bin/mount&path=//bin HTTP/1.1" 200 12187 kaminibeauty.com "https://kaminibeauty.com/shop/item/dirige152438708200?path=//bin" "Mozilla/5.0 AppleWebKit/537.36 (KHTML, like Gecko; compatible; GPTBot/1.3; +https://openai.com/gptbot)" "-"
2a03:2880:f800:: - - [12/Mar/2026:00:18:29 +0000] "GET /shop/item/solemnizate151048826 HTTP/1.1" 200 53807 kaminibeauty.com "-" "meta-externalagent/1.1 (+https://developers.facebook.com/docs/sharing/webmasters/crawler)" "-"
185.168.29.0 - - [12/Mar/2026:00:18:29 +0000] "GET /wp-login.php?wp_lang=en_US HTTP/1.1" 200 53807 www.kaminibeauty.com "-" "Mozilla/5.0 (Windows NT 10.0; Win64; x64) AppleWebKit/537.36 (KHTML, like Gecko) Chrome/124.0.6367.207 Safari/537.36" "-"
198.244.226.0 - - [12/Mar/2026:00:18:29 +0000] "GET /shop/item/nemorous161268301709?path=/homepages/config HTTP/1.1" 200 12661 kaminibeauty.com "-" "Mozilla/5.0 (compatible; AhrefsBot/7.0; +http://ahrefs.com/robot/)" "-"
40.77.167.0 - - [12/Mar/2026:00:18:29 +0000] "GET /sitemap-subitems-1285.xml HTTP/1.1" 200 364931 kaminibeauty.com "-" "Mozilla/5.0 AppleWebKit/537.36 (KHTML, like Gecko; compatible; bingbot/2.0; +http://www.bing.com/bingbot.htm) Chrome/116.0.1938.76 Safari/537.36" "-"
2a03:2880:f800:: - - [12/Mar/2026:00:18:29 +0000] "GET /shop/item/phyto122919551802 HTTP/1.1" 200 53807 kaminibeauty.com "-" "meta-externalagent/1.1 (+https://developers.facebook.com/docs/sharing/webmasters/crawler)" "-"
216.73.216.0 - - [12/Mar/2026:00:18:30 +0000] "GET /shop/item/fetisely171428279761?fileloc=%2Fhomepages%2F35%2Fd4296713198%2Flast_traffic&path=%2Fhomepages%2F35%2Fd4296713198 HTTP/1.1" 429 267 kaminibeauty.com "-" "Mozilla/5.0 AppleWebKit/537.36 (KHTML, like Gecko; compatible; ClaudeBot/1.0; +claudebot@anthropic.com)" "-"
2a03:2880:f800:: - - [12/Mar/2026:00:18:30 +0000] "GET /shop/item/cabbaged112242116601 HTTP/1.1" 200 53807 kaminibeauty.com "-" "meta-externalagent/1.1 (+https://developers.facebook.com/docs/sharing/webmasters/crawler)" "-"
155.212.109.0 - - [12/Mar/2026:00:18:30 +0000] "GET /wp-login.php?wp_lang=en_US HTTP/1.1" 200 53807 www.kaminibeauty.com "-" "Mozilla/5.0 (Windows NT 10.0; Win64; x64) AppleWebKit/537.36 (KHTML, like Gecko) Chrome/124.0.6367.207 Safari/537.36" "-"
2a03:2880:f800:: - - [12/Mar/2026:00:18:30 +0000] "GET /shop/item/halfhourly124131091703 HTTP/1.1" 200 53807 kaminibeauty.com "-" "meta-externalagent/1.1 (+https://developers.facebook.com/docs/sharing/webmasters/crawler)" "-"
2a03:2880:f800:: - - [12/Mar/2026:00:18:30 +0000] "GET /shop/item/grammaticaster173860452015 HTTP/1.1" 200 53807 kaminibeauty.com "-" "meta-externalagent/1.1 (+https://developers.facebook.com/docs/sharing/webmasters/crawler)" "-"
66.249.66.0 - - [12/Mar/2026:00:18:31 +0000] "GET /shop/item/offhand113289908245 HTTP/1.1" 200 209717 kaminibeauty.com "-" "Mozilla/5.0 (Linux; Android 6.0.1; Nexus 5X Build/MMB29P) AppleWebKit/537.36 (KHTML, like Gecko) Chrome/145.0.7632.116 Mobile Safari/537.36 (compatible; Googlebot/2.1; +http://www.google.com/bot.html)" "-"
2a03:2880:f800:: - - [12/Mar/2026:00:18:31 +0000] "GET /shop/item/melanure113165233233 HTTP/1.1" 200 53807 kaminibeauty.com "-" "meta-externalagent/1.1 (+https://developers.facebook.com/docs/sharing/webmasters/crawler)" "-"
2a03:2880:f800:: - - [12/Mar/2026:00:18:32 +0000] "GET /shop/item/benitier164085512411 HTTP/1.1" 200 53807 kaminibeauty.com "-" "meta-externalagent/1.1 (+https://developers.facebook.com/docs/sharing/webmasters/crawler)" "-"
170.168.172.0 - - [12/Mar/2026:00:18:32 +0000] "GET /wp-login.php?wp_lang=en_US HTTP/1.1" 200 53807 www.kaminibeauty.com "-" "Mozilla/5.0 (Windows NT 10.0; Win64; x64) AppleWebKit/537.36 (KHTML, like Gecko) Chrome/124.0.6367.207 Safari/537.36" "-"
74.7.242.0 - - [12/Mar/2026:00:18:32 +0000] "GET /shop/item/gravel153189684997?fileloc=//etc/xattr.conf&path=//etc HTTP/1.1" 200 12846 kaminibeauty.com "https://kaminibeauty.com/shop/item/gravel153189684997?path=//etc" "Mozilla/5.0 AppleWebKit/537.36 (KHTML, like Gecko; compatible; GPTBot/1.3; +https://openai.com/gptbot)" "-"
40.77.167.0 - - [12/Mar/2026:00:18:32 +0000] "GET /sitemap-subitems-1251.xml HTTP/1.1" 200 364946 kaminibeauty.com "-" "Mozilla/5.0 AppleWebKit/537.36 (KHTML, like Gecko; compatible; bingbot/2.0; +http://www.bing.com/bingbot.htm) Chrome/116.0.1938.76 Safari/537.36" "-"
2a03:2880:f800:: - - [12/Mar/2026:00:18:32 +0000] "GET /shop/item/novelizing174149378465 HTTP/1.1" 200 53807 kaminibeauty.com "-" "meta-externalagent/1.1 (+https://developers.facebook.com/docs/sharing/webmasters/crawler)" "-"
2a03:2880:f800:: - - [12/Mar/2026:00:18:33 +0000] "GET /shop/item/membered173956234971 HTTP/1.1" 200 53807 kaminibeauty.com "-" "meta-externalagent/1.1 (+https://developers.facebook.com/docs/sharing/webmasters/crawler)" "-"
157.22.126.0 - - [12/Mar/2026:00:18:33 +0000] "GET /wp-login.php?wp_lang=en_US HTTP/1.1" 200 53807 www.kaminibeauty.com "-" "Mozilla/5.0 (Windows NT 10.0; Win64; x64) AppleWebKit/537.36 (KHTML, like Gecko) Chrome/124.0.6367.207 Safari/537.36" "-"
2a03:2880:f800:: - - [12/Mar/2026:00:18:33 +0000] "GET /shop/item/reparability161220470 HTTP/1.1" 200 53807 kaminibeauty.com "-" "meta-externalagent/1.1 (+https://developers.facebook.com/docs/sharing/webmasters/crawler)" "-"
40.77.167.0 - - [12/Mar/2026:00:18:34 +0000] "GET /sitemap-subitems-1401.xml HTTP/1.1" 200 364978 kaminibeauty.com "-" "Mozilla/5.0 AppleWebKit/537.36 (KHTML, like Gecko; compatible; bingbot/2.0; +http://www.bing.com/bingbot.htm) Chrome/116.0.1938.76 Safari/537.36" "-"
2a03:2880:f800:: - - [12/Mar/2026:00:18:34 +0000] "GET /shop/item/vinaceous122303645709 HTTP/1.1" 200 53807 kaminibeauty.com "-" "meta-externalagent/1.1 (+https://developers.facebook.com/docs/sharing/webmasters/crawler)" "-"
2a03:2880:f800:: - - [12/Mar/2026:00:18:34 +0000] "GET /shop/item/reembarkation151429698158 HTTP/1.1" 200 53807 kaminibeauty.com "-" "meta-externalagent/1.1 (+https://developers.facebook.com/docs/sharing/webmasters/crawler)" "-"
216.73.216.0 - - [12/Mar/2026:00:18:35 +0000] "GET /shop/item/centauromachy112803877521?fileloc=%2Fhomepages%2F27%2Fd4297980310%2Flast_traffic&path=%2Fhomepages%2F27%2Fd4297980310 HTTP/1.1" 429 267 kaminibeauty.com "-" "Mozilla/5.0 AppleWebKit/537.36 (KHTML, like Gecko; compatible; ClaudeBot/1.0; +claudebot@anthropic.com)" "-"
185.61.217.0 - - [12/Mar/2026:00:18:35 +0000] "GET /wp-login.php?wp_lang=en_US HTTP/1.1" 200 53807 www.kaminibeauty.com "-" "Mozilla/5.0 (Windows NT 10.0; Win64; x64) AppleWebKit/537.36 (KHTML, like Gecko) Chrome/124.0.6367.207 Safari/537.36" "-"
2a03:2880:f800:: - - [12/Mar/2026:00:18:35 +0000] "GET /shop/item/anomalopteryx172890768006 HTTP/1.1" 200 53807 kaminibeauty.com "-" "meta-externalagent/1.1 (+https://developers.facebook.com/docs/sharing/webmasters/crawler)" "-"
74.7.242.0 - - [12/Mar/2026:00:18:35 +0000] "GET /shop/item/dirige152438708200?fileloc=//bin/pbmtoascii&path=//bin HTTP/1.1" 200 12192 kaminibeauty.com "https://kaminibeauty.com/shop/item/dirige152438708200?path=//bin" "Mozilla/5.0 AppleWebKit/537.36 (KHTML, like Gecko; compatible; GPTBot/1.3; +https://openai.com/gptbot)" "-"
2a03:2880:f800:: - - [12/Mar/2026:00:18:35 +0000] "GET /shop/item/atrabilious16624203412 HTTP/1.1" 200 53807 kaminibeauty.com "-" "meta-externalagent/1.1 (+https://developers.facebook.com/docs/sharing/webmasters/crawler)" "-"
2a03:2880:f800:: - - [12/Mar/2026:00:18:36 +0000] "GET /shop/item/lyceum162868476480 HTTP/1.1" 200 53807 kaminibeauty.com "-" "meta-externalagent/1.1 (+https://developers.facebook.com/docs/sharing/webmasters/crawler)" "-"
5.183.255.0 - - [12/Mar/2026:00:18:36 +0000] "GET /wp-login.php?wp_lang=en_US HTTP/1.1" 200 53807 www.kaminibeauty.com "-" "Mozilla/5.0 (Windows NT 10.0; Win64; x64) AppleWebKit/537.36 (KHTML, like Gecko) Chrome/124.0.6367.207 Safari/537.36" "-"
2a03:2880:f800:: - - [12/Mar/2026:00:18:36 +0000] "GET /shop/item/unsorted123349834531 HTTP/1.1" 200 53807 kaminibeauty.com "-" "meta-externalagent/1.1 (+https://developers.facebook.com/docs/sharing/webmasters/crawler)" "-"
193.151.189.0 - - [12/Mar/2026:00:18:37 +0000] "GET /wp-login.php?wp_lang=en_US HTTP/1.1" 200 53807 www.kaminibeauty.com "-" "Mozilla/5.0 (Windows NT 10.0; Win64; x64) AppleWebKit/537.36 (KHTML, like Gecko) Chrome/124.0.6367.207 Safari/537.36" "-"
2a03:2880:f800:: - - [12/Mar/2026:00:18:37 +0000] "GET /shop/item/impassable143146376973 HTTP/1.1" 200 53807 kaminibeauty.com "-" "meta-externalagent/1.1 (+https://developers.facebook.com/docs/sharing/webmasters/crawler)" "-"
2a03:2880:f800:: - - [12/Mar/2026:00:18:37 +0000] "GET /shop/item/pinenchyma172531416585 HTTP/1.1" 200 53807 kaminibeauty.com "-" "meta-externalagent/1.1 (+https://developers.facebook.com/docs/sharing/webmasters/crawler)" "-"
40.77.167.0 - - [12/Mar/2026:00:18:37 +0000] "GET /sitemap-subitems-1036.xml HTTP/1.1" 200 364939 kaminibeauty.com "-" "Mozilla/5.0 AppleWebKit/537.36 (KHTML, like Gecko; compatible; bingbot/2.0; +http://www.bing.com/bingbot.htm) Chrome/116.0.1938.76 Safari/537.36" "-"
2a03:2880:f800:: - - [12/Mar/2026:00:18:38 +0000] "GET /shop/item/prenomination161403089558 HTTP/1.1" 200 53807 kaminibeauty.com "-" "meta-externalagent/1.1 (+https://developers.facebook.com/docs/sharing/webmasters/crawler)" "-"
2a03:2880:f800:: - - [12/Mar/2026:00:18:38 +0000] "GET /shop/item/mulishness173062166784 HTTP/1.1" 200 53807 kaminibeauty.com "-" "meta-externalagent/1.1 (+https://developers.facebook.com/docs/sharing/webmasters/crawler)" "-"
66.249.66.0 - - [12/Mar/2026:00:18:38 +0000] "GET /shop/item/propelled114193606235 HTTP/1.1" 200 205838 kaminibeauty.com "-" "Mozilla/5.0 (Linux; Android 6.0.1; Nexus 5X Build/MMB29P) AppleWebKit/537.36 (KHTML, like Gecko) Chrome/145.0.7632.116 Mobile Safari/537.36 (compatible; Googlebot/2.1; +http://www.google.com/bot.html)" "-"
74.7.242.0 - - [12/Mar/2026:00:18:38 +0000] "GET /shop/item/dirige152438708200?fileloc=//bin/debconf-communicate&path=//bin HTTP/1.1" 200 12856 kaminibeauty.com "https://kaminibeauty.com/shop/item/dirige152438708200?path=//bin" "Mozilla/5.0 AppleWebKit/537.36 (KHTML, like Gecko; compatible; GPTBot/1.3; +https://openai.com/gptbot)" "-"
178.20.28.0 - - [12/Mar/2026:00:18:39 +0000] "GET /wp-login.php?wp_lang=en_US HTTP/1.1" 200 53807 www.kaminibeauty.com "-" "Mozilla/5.0 (Windows NT 10.0; Win64; x64) AppleWebKit/537.36 (KHTML, like Gecko) Chrome/124.0.6367.207 Safari/537.36" "-"
2a03:2880:f800:: - - [12/Mar/2026:00:18:39 +0000] "GET /shop/item/vermicelli12348047722 HTTP/1.1" 200 53807 kaminibeauty.com "-" "meta-externalagent/1.1 (+https://developers.facebook.com/docs/sharing/webmasters/crawler)" "-"
2a03:2880:f800:: - - [12/Mar/2026:00:18:39 +0000] "GET /shop/item/latitudinal124255398354 HTTP/1.1" 200 53807 kaminibeauty.com "-" "meta-externalagent/1.1 (+https://developers.facebook.com/docs/sharing/webmasters/crawler)" "-"
216.73.216.0 - - [12/Mar/2026:00:18:40 +0000] "GET /shop/item/centauromachy112803877521?fileloc=%2Fhomepages%2F19%2Fd4297159776%2Flast_traffic&path=%2Fhomepages%2F19%2Fd4297159776 HTTP/1.1" 429 267 kaminibeauty.com "-" "Mozilla/5.0 AppleWebKit/537.36 (KHTML, like Gecko; compatible; ClaudeBot/1.0; +claudebot@anthropic.com)" "-"
2a03:2880:f800:: - - [12/Mar/2026:00:18:40 +0000] "GET /shop/item/mellone171667824221 HTTP/1.1" 200 53807 kaminibeauty.com "-" "meta-externalagent/1.1 (+https://developers.facebook.com/docs/sharing/webmasters/crawler)" "-"
2a03:2880:f800:: - - [12/Mar/2026:00:18:40 +0000] "GET /shop/item/otography17990827554 HTTP/1.1" 200 53807 kaminibeauty.com "-" "meta-externalagent/1.1 (+https://developers.facebook.com/docs/sharing/webmasters/crawler)" "-"
40.77.167.0 - - [12/Mar/2026:00:18:40 +0000] "GET /sitemap-subitems-1323.xml HTTP/1.1" 200 365022 kaminibeauty.com "-" "Mozilla/5.0 AppleWebKit/537.36 (KHTML, like Gecko; compatible; bingbot/2.0; +http://www.bing.com/bingbot.htm) Chrome/116.0.1938.76 Safari/537.36" "-"
157.22.124.0 - - [12/Mar/2026:00:18:41 +0000] "GET /wp-login.php?wp_lang=en_US HTTP/1.1" 200 53807 www.kaminibeauty.com "-" "Mozilla/5.0 (Windows NT 10.0; Win64; x64) AppleWebKit/537.36 (KHTML, like Gecko) Chrome/124.0.6367.207 Safari/537.36" "-"
2a03:2880:f800:: - - [12/Mar/2026:00:18:41 +0000] "GET /shop/item/pentagraph12501472596 HTTP/1.1" 200 53807 kaminibeauty.com "-" "meta-externalagent/1.1 (+https://developers.facebook.com/docs/sharing/webmasters/crawler)" "-"
170.168.173.0 - - [12/Mar/2026:00:18:41 +0000] "GET /wp-login.php?wp_lang=en_US HTTP/1.1" 200 53807 www.kaminibeauty.com "-" "Mozilla/5.0 (Windows NT 10.0; Win64; x64) AppleWebKit/537.36 (KHTML, like Gecko) Chrome/124.0.6367.207 Safari/537.36" "-"
2a03:2880:f800:: - - [12/Mar/2026:00:18:41 +0000] "GET /shop/item/scythe132946784577 HTTP/1.1" 200 53807 kaminibeauty.com "-" "meta-externalagent/1.1 (+https://developers.facebook.com/docs/sharing/webmasters/crawler)" "-"
74.7.242.0 - - [12/Mar/2026:00:18:42 +0000] "GET /shop/item/dirige152438708200?fileloc=//bin/dpkg-checkbuilddeps&path=//bin HTTP/1.1" 200 20078 kaminibeauty.com "https://kaminibeauty.com/shop/item/dirige152438708200?path=//bin" "Mozilla/5.0 AppleWebKit/537.36 (KHTML, like Gecko; compatible; GPTBot/1.3; +https://openai.com/gptbot)" "-"
213.232.122.0 - - [12/Mar/2026:00:18:42 +0000] "GET /wp-login.php?wp_lang=en_US HTTP/1.1" 200 53807 www.kaminibeauty.com "-" "Mozilla/5.0 (Windows NT 10.0; Win64; x64) AppleWebKit/537.36 (KHTML, like Gecko) Chrome/124.0.6367.207 Safari/537.36" "-"
2a03:2880:f800:: - - [12/Mar/2026:00:18:42 +0000] "GET /shop/item/uranus112877548568 HTTP/1.1" 200 53807 kaminibeauty.com "-" "meta-externalagent/1.1 (+https://developers.facebook.com/docs/sharing/webmasters/crawler)" "-"
66.249.76.0 - - [12/Mar/2026:00:18:42 +0000] "GET /shop/item/augustly11785744757 HTTP/1.1" 200 208710 kaminibeauty.com "-" "Mozilla/5.0 (Linux; Android 6.0.1; Nexus 5X Build/MMB29P) AppleWebKit/537.36 (KHTML, like Gecko) Chrome/145.0.7632.116 Mobile Safari/537.36 (compatible; Googlebot/2.1; +http://www.google.com/bot.html)" "-"
2a03:2880:f800:: - - [12/Mar/2026:00:18:42 +0000] "GET /shop/item/oscillatingprenominal17988285806 HTTP/1.1" 200 53807 kaminibeauty.com "-" "meta-externalagent/1.1 (+https://developers.facebook.com/docs/sharing/webmasters/crawler)" "-"
2a03:2880:f800:: - - [12/Mar/2026:00:18:43 +0000] "GET /shop/item/slipslop17233616740 HTTP/1.1" 200 53807 kaminibeauty.com "-" "meta-externalagent/1.1 (+https://developers.facebook.com/docs/sharing/webmasters/crawler)" "-"
40.77.167.0 - - [12/Mar/2026:00:18:43 +0000] "GET /shop/item/cooling16945348317 HTTP/1.1" 200 209262 kaminibeauty.com "-" "Mozilla/5.0 AppleWebKit/537.36 (KHTML, like Gecko; compatible; bingbot/2.0; +http://www.bing.com/bingbot.htm) Chrome/116.0.1938.76 Safari/537.36" "-"
2a03:2880:f800:: - - [12/Mar/2026:00:18:43 +0000] "GET /shop/item/deriding17984144208 HTTP/1.1" 200 53807 kaminibeauty.com "-" "meta-externalagent/1.1 (+https://developers.facebook.com/docs/sharing/webmasters/crawler)" "-"
217.145.224.0 - - [12/Mar/2026:00:18:43 +0000] "GET /wp-login.php?wp_lang=en_US HTTP/1.1" 200 53807 www.kaminibeauty.com "-" "Mozilla/5.0 (Windows NT 10.0; Win64; x64) AppleWebKit/537.36 (KHTML, like Gecko) Chrome/124.0.6367.207 Safari/537.36" "-"
2a03:2880:f800:: - - [12/Mar/2026:00:18:44 +0000] "GET /shop/item/concionate172919656444 HTTP/1.1" 200 53807 kaminibeauty.com "-" "meta-externalagent/1.1 (+https://developers.facebook.com/docs/sharing/webmasters/crawler)" "-"
202.181.21.0 - - [12/Mar/2026:00:18:44 +0000] "POST /xmlrpc.php HTTP/1.1" 200 53807 kaminibeauty.com "-" "Python-xmlrpc/3.13" "-"
2a03:2880:f800:: - - [12/Mar/2026:00:18:44 +0000] "GET /shop/item/saturnist173050794536 HTTP/1.1" 200 53807 kaminibeauty.com "-" "meta-externalagent/1.1 (+https://developers.facebook.com/docs/sharing/webmasters/crawler)" "-"
216.73.216.0 - - [12/Mar/2026:00:18:45 +0000] "GET /shop/item/poduras112579221331?fileloc=%2Fhomepages%2F40%2Fd4296803537%2Flast_traffic&path=%2Fhomepages%2F40%2Fd4296803537 HTTP/1.1" 429 267 kaminibeauty.com "-" "Mozilla/5.0 AppleWebKit/537.36 (KHTML, like Gecko; compatible; ClaudeBot/1.0; +claudebot@anthropic.com)" "-"
2a03:2880:f800:: - - [12/Mar/2026:00:18:45 +0000] "GET /shop/item/denotatum17763355475 HTTP/1.1" 200 53807 kaminibeauty.com "-" "meta-externalagent/1.1 (+https://developers.facebook.com/docs/sharing/webmasters/crawler)" "-"
74.7.242.0 - - [12/Mar/2026:00:18:45 +0000] "GET /shop/item/gravel153189684997?path=//etc/ld.so.conf.d HTTP/1.1" 200 15581 kaminibeauty.com "https://kaminibeauty.com/shop/item/gravel153189684997?path=//etc" "Mozilla/5.0 AppleWebKit/537.36 (KHTML, like Gecko; compatible; GPTBot/1.3; +https://openai.com/gptbot)" "-"
2a03:2880:f800:: - - [12/Mar/2026:00:18:45 +0000] "GET /shop/item/shearman153446437294 HTTP/1.1" 200 53807 kaminibeauty.com "-" "meta-externalagent/1.1 (+https://developers.facebook.com/docs/sharing/webmasters/crawler)" "-"
45.148.124.0 - - [12/Mar/2026:00:18:45 +0000] "GET /wp-login.php?wp_lang=en_US HTTP/1.1" 200 53807 www.kaminibeauty.com "-" "Mozilla/5.0 (Windows NT 10.0; Win64; x64) AppleWebKit/537.36 (KHTML, like Gecko) Chrome/124.0.6367.207 Safari/537.36" "-"
2a03:2880:f800:: - - [12/Mar/2026:00:18:46 +0000] "GET /shop/item/catla161201125126 HTTP/1.1" 200 53807 kaminibeauty.com "-" "meta-externalagent/1.1 (+https://developers.facebook.com/docs/sharing/webmasters/crawler)" "-"
40.77.167.0 - - [12/Mar/2026:00:18:46 +0000] "GET /shop/item/meteorometer13857803484 HTTP/1.1" 200 204835 kaminibeauty.com "-" "Mozilla/5.0 AppleWebKit/537.36 (KHTML, like Gecko; compatible; bingbot/2.0; +http://www.bing.com/bingbot.htm) Chrome/116.0.1938.76 Safari/537.36" "-"
66.249.66.0 - - [12/Mar/2026:00:18:46 +0000] "GET /shop/item/ahriman11140897816 HTTP/1.1" 200 220272 kaminibeauty.com "-" "Mozilla/5.0 (Linux; Android 6.0.1; Nexus 5X Build/MMB29P) AppleWebKit/537.36 (KHTML, like Gecko) Chrome/145.0.7632.116 Mobile Safari/537.36 (compatible; Googlebot/2.1; +http://www.google.com/bot.html)" "-"
2a03:2880:f800:: - - [12/Mar/2026:00:18:46 +0000] "GET /shop/item/dracanth172527215608 HTTP/1.1" 200 53807 kaminibeauty.com "-" "meta-externalagent/1.1 (+https://developers.facebook.com/docs/sharing/webmasters/crawler)" "-"
2a03:2880:f800:: - - [12/Mar/2026:00:18:47 +0000] "GET /shop/item/absolution171855002867 HTTP/1.1" 200 53807 kaminibeauty.com "-" "meta-externalagent/1.1 (+https://developers.facebook.com/docs/sharing/webmasters/crawler)" "-"
2a03:2880:f800:: - - [12/Mar/2026:00:18:47 +0000] "GET /shop/item/dillenia122705521963 HTTP/1.1" 200 53807 kaminibeauty.com "-" "meta-externalagent/1.1 (+https://developers.facebook.com/docs/sharing/webmasters/crawler)" "-"
217.145.224.0 - - [12/Mar/2026:00:18:48 +0000] "GET /wp-login.php?wp_lang=en_US HTTP/1.1" 200 53807 www.kaminibeauty.com "-" "Mozilla/5.0 (Windows NT 10.0; Win64; x64) AppleWebKit/537.36 (KHTML, like Gecko) Chrome/124.0.6367.207 Safari/537.36" "-"
2a03:2880:f800:: - - [12/Mar/2026:00:18:48 +0000] "GET /shop/item/crecy173623961778 HTTP/1.1" 200 53807 kaminibeauty.com "-" "meta-externalagent/1.1 (+https://developers.facebook.com/docs/sharing/webmasters/crawler)" "-"
74.7.242.0 - - [12/Mar/2026:00:18:48 +0000] "GET /shop/item/dragon152995880272?path=//run HTTP/1.1" 200 19331 kaminibeauty.com "https://kaminibeauty.com/shop/item/dragon152995880272?path=/" "Mozilla/5.0 AppleWebKit/537.36 (KHTML, like Gecko; compatible; GPTBot/1.3; +https://openai.com/gptbot)" "-"
2a03:2880:f800:: - - [12/Mar/2026:00:18:48 +0000] "GET /shop/item/elanus122400392754 HTTP/1.1" 200 53807 kaminibeauty.com "-" "meta-externalagent/1.1 (+https://developers.facebook.com/docs/sharing/webmasters/crawler)" "-"
40.77.167.0 - - [12/Mar/2026:00:18:49 +0000] "GET /shop/item/submammary16791949637 HTTP/1.1" 200 197217 kaminibeauty.com "-" "Mozilla/5.0 AppleWebKit/537.36 (KHTML, like Gecko; compatible; bingbot/2.0; +http://www.bing.com/bingbot.htm) Chrome/116.0.1938.76 Safari/537.36" "-"
2a03:2880:f800:: - - [12/Mar/2026:00:18:49 +0000] "GET /shop/item/brustle173554024198 HTTP/1.1" 200 53807 kaminibeauty.com "-" "meta-externalagent/1.1 (+https://developers.facebook.com/docs/sharing/webmasters/crawler)" "-"
2a03:2880:f800:: - - [12/Mar/2026:00:18:49 +0000] "GET /shop/item/octopus171559174257 HTTP/1.1" 200 53807 kaminibeauty.com "-" "meta-externalagent/1.1 (+https://developers.facebook.com/docs/sharing/webmasters/crawler)" "-"
216.73.216.0 - - [12/Mar/2026:00:18:50 +0000] "GET /shop/item/poduras112579221331?fileloc=%2Fhomepages%2F21%2Fd4298061990%2Flast_traffic&path=%2Fhomepages%2F21%2Fd4298061990 HTTP/1.1" 429 267 kaminibeauty.com "-" "Mozilla/5.0 AppleWebKit/537.36 (KHTML, like Gecko; compatible; ClaudeBot/1.0; +claudebot@anthropic.com)" "-"
185.61.219.0 - - [12/Mar/2026:00:18:50 +0000] "GET /wp-login.php?wp_lang=en_US HTTP/1.1" 200 53807 www.kaminibeauty.com "-" "Mozilla/5.0 (Windows NT 10.0; Win64; x64) AppleWebKit/537.36 (KHTML, like Gecko) Chrome/124.0.6367.207 Safari/537.36" "-"
2a03:2880:f800:: - - [12/Mar/2026:00:18:50 +0000] "GET /shop/item/encryption152539349156 HTTP/1.1" 200 53807 kaminibeauty.com "-" "meta-externalagent/1.1 (+https://developers.facebook.com/docs/sharing/webmasters/crawler)" "-"
2a03:2880:f800:: - - [12/Mar/2026:00:18:50 +0000] "GET /shop/item/custodian17975447556 HTTP/1.1" 200 53807 kaminibeauty.com "-" "meta-externalagent/1.1 (+https://developers.facebook.com/docs/sharing/webmasters/crawler)" "-"
2a03:2880:f800:: - - [12/Mar/2026:00:18:51 +0000] "GET /shop/item/opinicus13715264967 HTTP/1.1" 200 53807 kaminibeauty.com "-" "meta-externalagent/1.1 (+https://developers.facebook.com/docs/sharing/webmasters/crawler)" "-"
2a03:2880:f800:: - - [12/Mar/2026:00:18:51 +0000] "GET /shop/item/imposed162892934648 HTTP/1.1" 200 53807 kaminibeauty.com "-" "meta-externalagent/1.1 (+https://developers.facebook.com/docs/sharing/webmasters/crawler)" "-"
74.7.242.0 - - [12/Mar/2026:00:18:51 +0000] "GET /shop/item/curled151269857216?path=//usr HTTP/1.1" 200 28053 kaminibeauty.com "https://kaminibeauty.com/shop/item/curled151269857216?path=/" "Mozilla/5.0 AppleWebKit/537.36 (KHTML, like Gecko; compatible; GPTBot/1.3; +https://openai.com/gptbot)" "-"
91.245.236.0 - - [12/Mar/2026:00:18:52 +0000] "GET /wp-login.php?wp_lang=en_US HTTP/1.1" 200 53807 www.kaminibeauty.com "-" "Mozilla/5.0 (Windows NT 10.0; Win64; x64) AppleWebKit/537.36 (KHTML, like Gecko) Chrome/124.0.6367.207 Safari/537.36" "-"
2a03:2880:f800:: - - [12/Mar/2026:00:18:52 +0000] "GET /shop/item/demountable142286812358 HTTP/1.1" 200 53807 kaminibeauty.com "-" "meta-externalagent/1.1 (+https://developers.facebook.com/docs/sharing/webmasters/crawler)" "-"
2a03:2880:f800:: - - [12/Mar/2026:00:18:52 +0000] "GET /shop/item/soporate112125834331 HTTP/1.1" 200 53807 kaminibeauty.com "-" "meta-externalagent/1.1 (+https://developers.facebook.com/docs/sharing/webmasters/crawler)" "-"
40.77.167.0 - - [12/Mar/2026:00:18:52 +0000] "GET /shop/item/spectroheliographic122189521529 HTTP/1.1" 200 193955 kaminibeauty.com "-" "Mozilla/5.0 AppleWebKit/537.36 (KHTML, like Gecko; compatible; bingbot/2.0; +http://www.bing.com/bingbot.htm) Chrome/116.0.1938.76 Safari/537.36" "-"
2a03:2880:f800:: - - [12/Mar/2026:00:18:53 +0000] "GET /shop/item/vultern163926932861 HTTP/1.1" 200 53807 kaminibeauty.com "-" "meta-externalagent/1.1 (+https://developers.facebook.com/docs/sharing/webmasters/crawler)" "-"
2a03:2880:f800:: - - [12/Mar/2026:00:18:53 +0000] "GET /shop/item/holosiderite171361211238 HTTP/1.1" 200 53807 kaminibeauty.com "-" "meta-externalagent/1.1 (+https://developers.facebook.com/docs/sharing/webmasters/crawler)" "-"
66.249.66.0 - - [12/Mar/2026:00:18:53 +0000] "GET /shop/item/ergmeter11604772969 HTTP/1.1" 200 203360 kaminibeauty.com "-" "Mozilla/5.0 (Linux; Android 6.0.1; Nexus 5X Build/MMB29P) AppleWebKit/537.36 (KHTML, like Gecko) Chrome/145.0.7632.116 Mobile Safari/537.36 (compatible; Googlebot/2.1; +http://www.google.com/bot.html)" "-"
77.220.194.0 - - [12/Mar/2026:00:18:54 +0000] "GET /wp-login.php?wp_lang=en_US HTTP/1.1" 200 53807 www.kaminibeauty.com "-" "Mozilla/5.0 (Windows NT 10.0; Win64; x64) AppleWebKit/537.36 (KHTML, like Gecko) Chrome/124.0.6367.207 Safari/537.36" "-"
2a03:2880:f800:: - - [12/Mar/2026:00:18:54 +0000] "GET /shop/item/northamerican11408788764 HTTP/1.1" 200 53807 kaminibeauty.com "-" "meta-externalagent/1.1 (+https://developers.facebook.com/docs/sharing/webmasters/crawler)" "-"
74.7.242.0 - - [12/Mar/2026:00:18:54 +0000] "GET /shop/item/richly152998304454?path=//lib HTTP/1.1" 200 90802 kaminibeauty.com "https://kaminibeauty.com/shop/item/richly152998304454?path=/" "Mozilla/5.0 AppleWebKit/537.36 (KHTML, like Gecko; compatible; GPTBot/1.3; +https://openai.com/gptbot)" "-"
2a03:2880:f800:: - - [12/Mar/2026:00:18:54 +0000] "GET /shop/item/ficaria163333222470 HTTP/1.1" 200 53807 kaminibeauty.com "-" "meta-externalagent/1.1 (+https://developers.facebook.com/docs/sharing/webmasters/crawler)" "-"
216.73.216.0 - - [12/Mar/2026:00:18:55 +0000] "GET /shop/item/centauromachy112803877521?fileloc=%2Fhomepages%2F40%2Fd4296944443%2Flast_traffic&path=%2Fhomepages%2F40%2Fd4296944443 HTTP/1.1" 429 267 kaminibeauty.com "-" "Mozilla/5.0 AppleWebKit/537.36 (KHTML, like Gecko; compatible; ClaudeBot/1.0; +claudebot@anthropic.com)" "-"
2a03:2880:f800:: - - [12/Mar/2026:00:18:55 +0000] "GET /shop/item/fighter172774275388 HTTP/1.1" 200 53807 kaminibeauty.com "-" "meta-externalagent/1.1 (+https://developers.facebook.com/docs/sharing/webmasters/crawler)" "-"
40.77.167.0 - - [12/Mar/2026:00:18:55 +0000] "GET /shop/item/retrorsely141439027802 HTTP/1.1" 200 203825 kaminibeauty.com "-" "Mozilla/5.0 AppleWebKit/537.36 (KHTML, like Gecko; compatible; bingbot/2.0; +http://www.bing.com/bingbot.htm) Chrome/116.0.1938.76 Safari/537.36" "-"
2a03:2880:f800:: - - [12/Mar/2026:00:18:55 +0000] "GET /shop/item/mesothorax17342995924 HTTP/1.1" 200 53807 kaminibeauty.com "-" "meta-externalagent/1.1 (+https://developers.facebook.com/docs/sharing/webmasters/crawler)" "-"
45.66.208.0 - - [12/Mar/2026:00:18:56 +0000] "GET /wp-login.php?wp_lang=en_US HTTP/1.1" 200 53807 www.kaminibeauty.com "-" "Mozilla/5.0 (Windows NT 10.0; Win64; x64) AppleWebKit/537.36 (KHTML, like Gecko) Chrome/124.0.6367.207 Safari/537.36" "-"
2a03:2880:f800:: - - [12/Mar/2026:00:18:56 +0000] "GET /shop/item/galactodensimeter161322317985 HTTP/1.1" 200 53807 kaminibeauty.com "-" "meta-externalagent/1.1 (+https://developers.facebook.com/docs/sharing/webmasters/crawler)" "-"
2a03:2880:f800:: - - [12/Mar/2026:00:18:56 +0000] "GET /shop/item/taxably164100683650 HTTP/1.1" 200 53807 kaminibeauty.com "-" "meta-externalagent/1.1 (+https://developers.facebook.com/docs/sharing/webmasters/crawler)" "-"
77.81.65.0 - - [12/Mar/2026:00:18:57 +0000] "GET /wp-login.php?wp_lang=en_US HTTP/1.1" 200 53807 www.kaminibeauty.com "-" "Mozilla/5.0 (Windows NT 10.0; Win64; x64) AppleWebKit/537.36 (KHTML, like Gecko) Chrome/124.0.6367.207 Safari/537.36" "-"
2a03:2880:f800:: - - [12/Mar/2026:00:18:57 +0000] "GET /shop/item/bookselling173371059118 HTTP/1.1" 200 53807 kaminibeauty.com "-" "meta-externalagent/1.1 (+https://developers.facebook.com/docs/sharing/webmasters/crawler)" "-"
170.168.242.0 - - [12/Mar/2026:00:18:57 +0000] "GET /wp-login.php?wp_lang=en_US HTTP/1.1" 200 53807 www.kaminibeauty.com "-" "Mozilla/5.0 (Windows NT 10.0; Win64; x64) AppleWebKit/537.36 (KHTML, like Gecko) Chrome/124.0.6367.207 Safari/537.36" "-"
2a03:2880:f800:: - - [12/Mar/2026:00:18:57 +0000] "GET /shop/item/inshore111355004686 HTTP/1.1" 200 53807 kaminibeauty.com "-" "meta-externalagent/1.1 (+https://developers.facebook.com/docs/sharing/webmasters/crawler)" "-"
66.249.66.0 - - [12/Mar/2026:00:18:57 +0000] "GET /shop/item/cycadofilicales11449799659 HTTP/1.1" 200 209910 kaminibeauty.com "-" "Mozilla/5.0 (Linux; Android 6.0.1; Nexus 5X Build/MMB29P) AppleWebKit/537.36 (KHTML, like Gecko) Chrome/145.0.7632.116 Mobile Safari/537.36 (compatible; Googlebot/2.1; +http://www.google.com/bot.html)" "-"
2a03:2880:f800:: - - [12/Mar/2026:00:18:57 +0000] "GET /shop/item/postsphenoid173727867040 HTTP/1.1" 200 53807 kaminibeauty.com "-" "meta-externalagent/1.1 (+https://developers.facebook.com/docs/sharing/webmasters/crawler)" "-"
74.7.242.0 - - [12/Mar/2026:00:18:57 +0000] "GET /shop/item/foully153590645574?path=//usr HTTP/1.1" 200 28053 kaminibeauty.com "https://kaminibeauty.com/shop/item/foully153590645574?path=/" "Mozilla/5.0 AppleWebKit/537.36 (KHTML, like Gecko; compatible; GPTBot/1.3; +https://openai.com/gptbot)" "-"
40.77.167.0 - - [12/Mar/2026:00:18:58 +0000] "GET /shop/item/unwrinkle1198752366 HTTP/1.1" 200 194865 kaminibeauty.com "-" "Mozilla/5.0 AppleWebKit/537.36 (KHTML, like Gecko; compatible; bingbot/2.0; +http://www.bing.com/bingbot.htm) Chrome/116.0.1938.76 Safari/537.36" "-"
2a03:2880:f800:: - - [12/Mar/2026:00:18:58 +0000] "GET /shop/item/cardiopulmonary1794781628 HTTP/1.1" 200 53807 kaminibeauty.com "-" "meta-externalagent/1.1 (+https://developers.facebook.com/docs/sharing/webmasters/crawler)" "-"
193.202.81.0 - - [12/Mar/2026:00:18:59 +0000] "GET /wp-login.php?wp_lang=en_US HTTP/1.1" 200 53807 www.kaminibeauty.com "-" "Mozilla/5.0 (Windows NT 10.0; Win64; x64) AppleWebKit/537.36 (KHTML, like Gecko) Chrome/124.0.6367.207 Safari/537.36" "-"
2a03:2880:f800:: - - [12/Mar/2026:00:18:59 +0000] "GET /shop/item/tophaceous153333568366 HTTP/1.1" 200 53807 kaminibeauty.com "-" "meta-externalagent/1.1 (+https://developers.facebook.com/docs/sharing/webmasters/crawler)" "-"
