217.145.224.0 - - [31/Mar/2026:00:51:58 +0000] "GET /wp-login.php?wp_lang=en_US HTTP/1.1" 200 73358 www.kaminibeauty.com "-" "Mozilla/5.0 (Windows NT 10.0; Win64; x64) AppleWebKit/537.36 (KHTML, like Gecko) Chrome/124.0.6367.207 Safari/537.36" "-"
170.168.29.0 - - [31/Mar/2026:00:51:58 +0000] "GET /wp-login.php?wp_lang=en_US HTTP/1.1" 200 73358 www.kaminibeauty.com "-" "Mozilla/5.0 (Windows NT 10.0; Win64; x64) AppleWebKit/537.36 (KHTML, like Gecko) Chrome/124.0.6367.207 Safari/537.36" "-"
34.227.234.0 - - [31/Mar/2026:00:51:59 +0000] "GET /wp-login.php?fileloc=//lib/locale/nso_ZA/LC_NUMERIC&path=//lib/locale/nso_ZA HTTP/1.1" 200 12352 kaminibeauty.com "-" "Mozilla/5.0 AppleWebKit/537.36 (KHTML, like Gecko; compatible; Amazonbot/0.1; +https://developer.amazon.com/support/amazonbot) Chrome/119.0.6045.214 Safari/537.36" "-"
130.49.77.0 - - [31/Mar/2026:00:51:59 +0000] "GET /wp-login.php?wp_lang=en_US HTTP/1.1" 200 73358 www.kaminibeauty.com "-" "Mozilla/5.0 (Windows NT 10.0; Win64; x64) AppleWebKit/537.36 (KHTML, like Gecko) Chrome/124.0.6367.207 Safari/537.36" "-"
130.49.115.0 - - [31/Mar/2026:00:51:59 +0000] "GET /wp-login.php?wp_lang=en_US HTTP/1.1" 200 73358 www.kaminibeauty.com "-" "Mozilla/5.0 (Windows NT 10.0; Win64; x64) AppleWebKit/537.36 (KHTML, like Gecko) Chrome/124.0.6367.207 Safari/537.36" "-"
216.73.216.0 - - [31/Mar/2026:00:52:00 +0000] "GET /shop/item/letheed121442458239?fileloc=%2F%2Fbin%2Flzfgrep&path=%2F%2Fbin HTTP/1.1" 429 267 kaminibeauty.com "-" "Mozilla/5.0 AppleWebKit/537.36 (KHTML, like Gecko; compatible; ClaudeBot/1.0; +claudebot@anthropic.com)" "-"
193.202.8.0 - - [31/Mar/2026:00:52:01 +0000] "GET /wp-login.php?wp_lang=en_US HTTP/1.1" 200 73358 www.kaminibeauty.com "-" "Mozilla/5.0 (Windows NT 10.0; Win64; x64) AppleWebKit/537.36 (KHTML, like Gecko) Chrome/124.0.6367.207 Safari/537.36" "-"
2a03:2880:f800:: - - [31/Mar/2026:00:52:04 +0000] "GET /shop/item/calcify151040316109?fileloc=/homepages/4/d4297730999/htdocs/wordpress/wp-admin/authorize-application.php&path=/homepages/4/d4297730999/htdocs/wordpress/wp-admin HTTP/1.1" 429 267 kaminibeauty.com "-" "meta-externalagent/1.1 (+https://developers.facebook.com/docs/sharing/webmasters/crawler)" "-"
83.142.53.0 - - [31/Mar/2026:00:52:04 +0000] "GET /wp-login.php?wp_lang=en_US HTTP/1.1" 200 73358 www.kaminibeauty.com "-" "Mozilla/5.0 (Windows NT 10.0; Win64; x64) AppleWebKit/537.36 (KHTML, like Gecko) Chrome/124.0.6367.207 Safari/537.36" "-"
52.7.33.0 - - [31/Mar/2026:00:52:04 +0000] "GET /wp-login.php?path=//tmp/it_nonce_5bf8240f78a64a28959dc5497c833828 HTTP/1.1" 200 12715 kaminibeauty.com "-" "Mozilla/5.0 AppleWebKit/537.36 (KHTML, like Gecko; compatible; Amazonbot/0.1; +https://developer.amazon.com/support/amazonbot) Chrome/119.0.6045.214 Safari/537.36" "-"
2a03:2880:f800:: - - [31/Mar/2026:00:52:05 +0000] "GET /shop/item/calcify151040316109?fileloc=/homepages/4/d4297730999/htdocs/wordpress/wp-admin/export-personal-data.php&path=/homepages/4/d4297730999/htdocs/wordpress/wp-admin HTTP/1.1" 429 267 kaminibeauty.com "-" "meta-externalagent/1.1 (+https://developers.facebook.com/docs/sharing/webmasters/crawler)" "-"
216.73.216.0 - - [31/Mar/2026:00:52:05 +0000] "GET /shop/item/spancelling111194757887?path=%2Fhomepages%2F4%2Fd4297153087 HTTP/1.1" 429 267 kaminibeauty.com "-" "Mozilla/5.0 AppleWebKit/537.36 (KHTML, like Gecko; compatible; ClaudeBot/1.0; +claudebot@anthropic.com)" "-"
193.151.189.0 - - [31/Mar/2026:00:52:05 +0000] "GET /wp-login.php?wp_lang=en_US HTTP/1.1" 200 73358 www.kaminibeauty.com "-" "Mozilla/5.0 (Windows NT 10.0; Win64; x64) AppleWebKit/537.36 (KHTML, like Gecko) Chrome/124.0.6367.207 Safari/537.36" "-"
66.249.76.0 - - [31/Mar/2026:00:52:06 +0000] "GET /shop/item/fiasco16562365276 HTTP/1.1" 200 73358 kaminibeauty.com "-" "Mozilla/5.0 (Linux; Android 6.0.1; Nexus 5X Build/MMB29P) AppleWebKit/537.36 (KHTML, like Gecko) Chrome/146.0.7680.153 Mobile Safari/537.36 (compatible; Googlebot/2.1; +http://www.google.com/bot.html)" "-"
155.212.37.0 - - [31/Mar/2026:00:52:06 +0000] "GET /wp-login.php?wp_lang=en_US HTTP/1.1" 200 73358 www.kaminibeauty.com "-" "Mozilla/5.0 (Windows NT 10.0; Win64; x64) AppleWebKit/537.36 (KHTML, like Gecko) Chrome/124.0.6367.207 Safari/537.36" "-"
52.167.144.0 - - [31/Mar/2026:00:52:06 +0000] "GET /shop/item/riprapped141394531780?path=//lib/python3/dist-packages HTTP/1.1" 200 73741 kaminibeauty.com "-" "Mozilla/5.0 AppleWebKit/537.36 (KHTML, like Gecko; compatible; bingbot/2.0; +http://www.bing.com/bingbot.htm) Chrome/116.0.1938.76 Safari/537.36" "-"
52.167.144.0 - - [31/Mar/2026:00:52:06 +0000] "GET /shop/item/tewing143085602619?path=/homepages/20/d4297908863/htdocs HTTP/1.1" 200 12771 kaminibeauty.com "-" "Mozilla/5.0 AppleWebKit/537.36 (KHTML, like Gecko; compatible; bingbot/2.0; +http://www.bing.com/bingbot.htm) Chrome/116.0.1938.76 Safari/537.36" "-"
157.22.126.0 - - [31/Mar/2026:00:52:07 +0000] "GET /wp-login.php?wp_lang=en_US HTTP/1.1" 200 73358 www.kaminibeauty.com "-" "Mozilla/5.0 (Windows NT 10.0; Win64; x64) AppleWebKit/537.36 (KHTML, like Gecko) Chrome/124.0.6367.207 Safari/537.36" "-"
52.167.144.0 - - [31/Mar/2026:00:52:07 +0000] "GET /shop/item/mycose164125612235 HTTP/1.1" 200 73358 kaminibeauty.com "-" "Mozilla/5.0 AppleWebKit/537.36 (KHTML, like Gecko; compatible; bingbot/2.0; +http://www.bing.com/bingbot.htm) Chrome/116.0.1938.76 Safari/537.36" "-"
52.167.144.0 - - [31/Mar/2026:00:52:07 +0000] "GET /shop/item/jobbernowl161904549798 HTTP/1.1" 200 73358 kaminibeauty.com "-" "Mozilla/5.0 AppleWebKit/537.36 (KHTML, like Gecko; compatible; bingbot/2.0; +http://www.bing.com/bingbot.htm) Chrome/116.0.1938.76 Safari/537.36" "-"
66.249.66.0 - - [31/Mar/2026:00:52:07 +0000] "GET /shop/item/salmo152013446430 HTTP/1.1" 200 73358 kaminibeauty.com "-" "Mozilla/5.0 (Linux; Android 6.0.1; Nexus 5X Build/MMB29P) AppleWebKit/537.36 (KHTML, like Gecko) Chrome/146.0.7680.153 Mobile Safari/537.36 (compatible; Googlebot/2.1; +http://www.google.com/bot.html)" "-"
52.167.144.0 - - [31/Mar/2026:00:52:07 +0000] "GET /shop/item/heptade15248762815 HTTP/1.1" 200 73358 kaminibeauty.com "-" "Mozilla/5.0 AppleWebKit/537.36 (KHTML, like Gecko; compatible; bingbot/2.0; +http://www.bing.com/bingbot.htm) Chrome/116.0.1938.76 Safari/537.36" "-"
77.220.194.0 - - [31/Mar/2026:00:52:08 +0000] "GET /wp-login.php?wp_lang=en_US HTTP/1.1" 200 73358 www.kaminibeauty.com "-" "Mozilla/5.0 (Windows NT 10.0; Win64; x64) AppleWebKit/537.36 (KHTML, like Gecko) Chrome/124.0.6367.207 Safari/537.36" "-"
50.16.248.0 - - [31/Mar/2026:00:52:08 +0000] "GET /?path=//tmp/it_nonce_733612deba3d4c658972d57586c73d9f HTTP/1.1" 429 267 www.kaminibeauty.com "-" "Mozilla/5.0 AppleWebKit/537.36 (KHTML, like Gecko; compatible; Amazonbot/0.1; +https://developer.amazon.com/support/amazonbot) Chrome/119.0.6045.214 Safari/537.36" "-"
130.49.114.0 - - [31/Mar/2026:00:52:09 +0000] "GET /wp-login.php?wp_lang=en_US HTTP/1.1" 200 73358 www.kaminibeauty.com "-" "Mozilla/5.0 (Windows NT 10.0; Win64; x64) AppleWebKit/537.36 (KHTML, like Gecko) Chrome/124.0.6367.207 Safari/537.36" "-"
88.218.47.0 - - [31/Mar/2026:00:52:10 +0000] "GET /wp-login.php?wp_lang=en_US HTTP/1.1" 200 73358 www.kaminibeauty.com "-" "Mozilla/5.0 (Windows NT 10.0; Win64; x64) AppleWebKit/537.36 (KHTML, like Gecko) Chrome/124.0.6367.207 Safari/537.36" "-"
216.73.216.0 - - [31/Mar/2026:00:52:10 +0000] "GET /shop/item/frustrated112454962998?fileloc=%2Fhomepages%2F4%2Fd4297730999%2Fhtdocs%2Fwordpress%2Fwp-content%2Fthemes+copy%2Ftwentythirteen%2Fsidebar.php&path=%2Fhomepages%2F4%2Fd4297730999%2Fhtdocs%2Fwordpress%2Fwp-content%2Fthemes+copy%2Ftwentythirteen HTTP/1.1" 429 267 kaminibeauty.com "-" "Mozilla/5.0 AppleWebKit/537.36 (KHTML, like Gecko; compatible; ClaudeBot/1.0; +claudebot@anthropic.com)" "-"
157.22.72.0 - - [31/Mar/2026:00:52:10 +0000] "GET /wp-login.php?wp_lang=en_US HTTP/1.1" 200 73358 www.kaminibeauty.com "-" "Mozilla/5.0 (Windows NT 10.0; Win64; x64) AppleWebKit/537.36 (KHTML, like Gecko) Chrome/124.0.6367.207 Safari/537.36" "-"
52.167.144.0 - - [31/Mar/2026:00:52:11 +0000] "GET /shop/item/stratocirrus142138087421 HTTP/1.1" 200 73358 kaminibeauty.com "-" "Mozilla/5.0 AppleWebKit/537.36 (KHTML, like Gecko; compatible; bingbot/2.0; +http://www.bing.com/bingbot.htm) Chrome/116.0.1938.76 Safari/537.36" "-"
54.235.172.0 - - [31/Mar/2026:00:52:11 +0000] "GET /?path=//tmp/it_nonce_c6c1b6a4011e4d3992091e77b56b67c6 HTTP/1.1" 429 267 www.kaminibeauty.com "-" "Mozilla/5.0 AppleWebKit/537.36 (KHTML, like Gecko; compatible; Amazonbot/0.1; +https://developer.amazon.com/support/amazonbot) Chrome/119.0.6045.214 Safari/537.36" "-"
52.167.144.0 - - [31/Mar/2026:00:52:11 +0000] "GET /shop/item/doubly161311465362 HTTP/1.1" 200 73358 kaminibeauty.com "-" "Mozilla/5.0 AppleWebKit/537.36 (KHTML, like Gecko; compatible; bingbot/2.0; +http://www.bing.com/bingbot.htm) Chrome/116.0.1938.76 Safari/537.36" "-"
2a03:2880:f800:: - - [31/Mar/2026:00:52:11 +0000] "GET /shop/item/malformation14768235583?path=/homepages/4/d4297730999/htdocs/wordpress/ALFA%20TEAM HTTP/1.1" 429 267 kaminibeauty.com "-" "meta-externalagent/1.1 (+https://developers.facebook.com/docs/sharing/webmasters/crawler)" "-"
52.167.144.0 - - [31/Mar/2026:00:52:12 +0000] "GET /shop/item/dissimulator152572688019 HTTP/1.1" 200 73358 kaminibeauty.com "-" "Mozilla/5.0 AppleWebKit/537.36 (KHTML, like Gecko; compatible; bingbot/2.0; +http://www.bing.com/bingbot.htm) Chrome/116.0.1938.76 Safari/537.36" "-"
52.167.144.0 - - [31/Mar/2026:00:52:12 +0000] "GET /shop/item/alcahest131463267637 HTTP/1.1" 200 73358 kaminibeauty.com "-" "Mozilla/5.0 AppleWebKit/537.36 (KHTML, like Gecko; compatible; bingbot/2.0; +http://www.bing.com/bingbot.htm) Chrome/116.0.1938.76 Safari/537.36" "-"
52.167.144.0 - - [31/Mar/2026:00:52:13 +0000] "GET /shop/item/inchoative121559887486 HTTP/1.1" 200 73358 kaminibeauty.com "-" "Mozilla/5.0 AppleWebKit/537.36 (KHTML, like Gecko; compatible; bingbot/2.0; +http://www.bing.com/bingbot.htm) Chrome/116.0.1938.76 Safari/537.36" "-"
52.167.144.0 - - [31/Mar/2026:00:52:13 +0000] "GET /shop/item/reliance12702016993 HTTP/1.1" 200 73358 kaminibeauty.com "-" "Mozilla/5.0 AppleWebKit/537.36 (KHTML, like Gecko; compatible; bingbot/2.0; +http://www.bing.com/bingbot.htm) Chrome/116.0.1938.76 Safari/537.36" "-"
52.167.144.0 - - [31/Mar/2026:00:52:14 +0000] "GET /shop/item/ructation151014694525 HTTP/1.1" 200 73358 kaminibeauty.com "-" "Mozilla/5.0 AppleWebKit/537.36 (KHTML, like Gecko; compatible; bingbot/2.0; +http://www.bing.com/bingbot.htm) Chrome/116.0.1938.76 Safari/537.36" "-"
2a03:2880:f800:: - - [31/Mar/2026:00:52:14 +0000] "GET /shop/item/mercership13725611927?path=/homepages/4/d4297730999/htdocs/wordpress/ALFA%20TEAM HTTP/1.1" 429 267 kaminibeauty.com "-" "meta-externalagent/1.1 (+https://developers.facebook.com/docs/sharing/webmasters/crawler)" "-"
52.167.144.0 - - [31/Mar/2026:00:52:14 +0000] "GET /shop/item/ouzel163970279043 HTTP/1.1" 200 73358 kaminibeauty.com "-" "Mozilla/5.0 AppleWebKit/537.36 (KHTML, like Gecko; compatible; bingbot/2.0; +http://www.bing.com/bingbot.htm) Chrome/116.0.1938.76 Safari/537.36" "-"
2a03:2880:f800:: - - [31/Mar/2026:00:52:14 +0000] "GET /shop/item/umpteenth162291961039?path=/homepages/4/d4297730999/htdocs/wordpress/ALFA%20TEAM HTTP/1.1" 429 267 kaminibeauty.com "-" "meta-externalagent/1.1 (+https://developers.facebook.com/docs/sharing/webmasters/crawler)" "-"
52.167.144.0 - - [31/Mar/2026:00:52:15 +0000] "GET /shop/item/exhilarated121768414776 HTTP/1.1" 200 73358 kaminibeauty.com "-" "Mozilla/5.0 AppleWebKit/537.36 (KHTML, like Gecko; compatible; bingbot/2.0; +http://www.bing.com/bingbot.htm) Chrome/116.0.1938.76 Safari/537.36" "-"
52.167.144.0 - - [31/Mar/2026:00:52:15 +0000] "GET /shop/item/silesian142244915499 HTTP/1.1" 200 73358 kaminibeauty.com "-" "Mozilla/5.0 AppleWebKit/537.36 (KHTML, like Gecko; compatible; bingbot/2.0; +http://www.bing.com/bingbot.htm) Chrome/116.0.1938.76 Safari/537.36" "-"
34.225.87.0 - - [31/Mar/2026:00:52:15 +0000] "GET /?fileloc=//tmp/runlock-ws67683701-ws67683701:9a926465c46897dd7267e0ee2b2fccb7b189e9014ee89dfe97849a40&path=//tmp HTTP/1.1" 429 267 www.kaminibeauty.com "-" "Mozilla/5.0 AppleWebKit/537.36 (KHTML, like Gecko; compatible; Amazonbot/0.1; +https://developer.amazon.com/support/amazonbot) Chrome/119.0.6045.214 Safari/537.36" "-"
216.73.216.0 - - [31/Mar/2026:00:52:15 +0000] "GET /shop/item/ineffaceably112206725183?path=%2Fhomepages%2F28%2Fd4298209201 HTTP/1.1" 429 267 kaminibeauty.com "-" "Mozilla/5.0 AppleWebKit/537.36 (KHTML, like Gecko; compatible; ClaudeBot/1.0; +claudebot@anthropic.com)" "-"
52.167.144.0 - - [31/Mar/2026:00:52:16 +0000] "GET /shop/item/rednecked124272606911 HTTP/1.1" 200 73358 kaminibeauty.com "-" "Mozilla/5.0 AppleWebKit/537.36 (KHTML, like Gecko; compatible; bingbot/2.0; +http://www.bing.com/bingbot.htm) Chrome/116.0.1938.76 Safari/537.36" "-"
52.167.144.0 - - [31/Mar/2026:00:52:16 +0000] "GET /shop/item/coroners112785718902 HTTP/1.1" 200 73358 kaminibeauty.com "-" "Mozilla/5.0 AppleWebKit/537.36 (KHTML, like Gecko; compatible; bingbot/2.0; +http://www.bing.com/bingbot.htm) Chrome/116.0.1938.76 Safari/537.36" "-"
52.167.144.0 - - [31/Mar/2026:00:52:16 +0000] "GET /shop/item/shamefastness16830102360 HTTP/1.1" 200 73358 kaminibeauty.com "-" "Mozilla/5.0 AppleWebKit/537.36 (KHTML, like Gecko; compatible; bingbot/2.0; +http://www.bing.com/bingbot.htm) Chrome/116.0.1938.76 Safari/537.36" "-"
52.167.144.0 - - [31/Mar/2026:00:52:17 +0000] "GET /shop/item/gibelio153900504015 HTTP/1.1" 200 73358 kaminibeauty.com "-" "Mozilla/5.0 AppleWebKit/537.36 (KHTML, like Gecko; compatible; bingbot/2.0; +http://www.bing.com/bingbot.htm) Chrome/116.0.1938.76 Safari/537.36" "-"
52.167.144.0 - - [31/Mar/2026:00:52:17 +0000] "GET /shop/item/spurius163565969626 HTTP/1.1" 200 73358 kaminibeauty.com "-" "Mozilla/5.0 AppleWebKit/537.36 (KHTML, like Gecko; compatible; bingbot/2.0; +http://www.bing.com/bingbot.htm) Chrome/116.0.1938.76 Safari/537.36" "-"
17.241.75.0 - - [31/Mar/2026:00:52:18 +0000] "GET /?path=//lib/locale/li_NL HTTP/1.1" 200 29916 www.kaminibeauty.com "-" "Mozilla/5.0 (Macintosh; Intel Mac OS X 10_15_7) AppleWebKit/605.1.15 (KHTML, like Gecko) Version/17.4 Safari/605.1.15 (Applebot/0.1; +http://www.apple.com/go/applebot)" "-"
52.167.144.0 - - [31/Mar/2026:00:52:18 +0000] "GET /shop/item/bilifuscin162499033154 HTTP/1.1" 200 73358 kaminibeauty.com "-" "Mozilla/5.0 AppleWebKit/537.36 (KHTML, like Gecko; compatible; bingbot/2.0; +http://www.bing.com/bingbot.htm) Chrome/116.0.1938.76 Safari/537.36" "-"
52.167.144.0 - - [31/Mar/2026:00:52:18 +0000] "GET /shop/item/shuffle16972168886 HTTP/1.1" 200 73358 kaminibeauty.com "-" "Mozilla/5.0 AppleWebKit/537.36 (KHTML, like Gecko; compatible; bingbot/2.0; +http://www.bing.com/bingbot.htm) Chrome/116.0.1938.76 Safari/537.36" "-"
100.29.164.0 - - [31/Mar/2026:00:52:19 +0000] "GET /?path=//tmp/it_nonce_ce04b53ca982426a924c7dad389bc41e HTTP/1.1" 429 267 www.kaminibeauty.com "-" "Mozilla/5.0 AppleWebKit/537.36 (KHTML, like Gecko; compatible; Amazonbot/0.1; +https://developer.amazon.com/support/amazonbot) Chrome/119.0.6045.214 Safari/537.36" "-"
216.73.216.0 - - [31/Mar/2026:00:52:20 +0000] "GET /shop/item/latrant113892776956?fileloc=%2F%2Fbin%2Fdpkg-distaddfile&path=%2F%2Fbin HTTP/1.1" 429 267 kaminibeauty.com "-" "Mozilla/5.0 AppleWebKit/537.36 (KHTML, like Gecko; compatible; ClaudeBot/1.0; +claudebot@anthropic.com)" "-"
52.167.144.0 - - [31/Mar/2026:00:52:20 +0000] "GET /shop/item/nigrofasciatus171527589962 HTTP/1.1" 200 73358 kaminibeauty.com "-" "Mozilla/5.0 AppleWebKit/537.36 (KHTML, like Gecko; compatible; bingbot/2.0; +http://www.bing.com/bingbot.htm) Chrome/116.0.1938.76 Safari/537.36" "-"
52.167.144.0 - - [31/Mar/2026:00:52:21 +0000] "GET /shop/item/marroon161484766866 HTTP/1.1" 200 73358 kaminibeauty.com "-" "Mozilla/5.0 AppleWebKit/537.36 (KHTML, like Gecko; compatible; bingbot/2.0; +http://www.bing.com/bingbot.htm) Chrome/116.0.1938.76 Safari/537.36" "-"
52.167.144.0 - - [31/Mar/2026:00:52:21 +0000] "GET /shop/item/xanthoura143569699894 HTTP/1.1" 200 73358 kaminibeauty.com "-" "Mozilla/5.0 AppleWebKit/537.36 (KHTML, like Gecko; compatible; bingbot/2.0; +http://www.bing.com/bingbot.htm) Chrome/116.0.1938.76 Safari/537.36" "-"
66.249.66.0 - - [31/Mar/2026:00:52:21 +0000] "GET /shop/item/colophany152076765647 HTTP/1.1" 200 73358 kaminibeauty.com "-" "Mozilla/5.0 (Linux; Android 6.0.1; Nexus 5X Build/MMB29P) AppleWebKit/537.36 (KHTML, like Gecko) Chrome/146.0.7680.153 Mobile Safari/537.36 (compatible; Googlebot/2.1; +http://www.google.com/bot.html)" "-"
52.167.144.0 - - [31/Mar/2026:00:52:22 +0000] "GET /shop/item/discolour172408625098 HTTP/1.1" 200 73358 kaminibeauty.com "-" "Mozilla/5.0 AppleWebKit/537.36 (KHTML, like Gecko; compatible; bingbot/2.0; +http://www.bing.com/bingbot.htm) Chrome/116.0.1938.76 Safari/537.36" "-"
52.167.144.0 - - [31/Mar/2026:00:52:22 +0000] "GET /shop/item/mammalogical164204490732 HTTP/1.1" 200 73358 kaminibeauty.com "-" "Mozilla/5.0 AppleWebKit/537.36 (KHTML, like Gecko; compatible; bingbot/2.0; +http://www.bing.com/bingbot.htm) Chrome/116.0.1938.76 Safari/537.36" "-"
52.167.144.0 - - [31/Mar/2026:00:52:22 +0000] "GET /shop/item/bacchanalia1622953095 HTTP/1.1" 200 73358 kaminibeauty.com "-" "Mozilla/5.0 AppleWebKit/537.36 (KHTML, like Gecko; compatible; bingbot/2.0; +http://www.bing.com/bingbot.htm) Chrome/116.0.1938.76 Safari/537.36" "-"
52.167.144.0 - - [31/Mar/2026:00:52:23 +0000] "GET /shop/item/rogues163321076320 HTTP/1.1" 200 73358 kaminibeauty.com "-" "Mozilla/5.0 AppleWebKit/537.36 (KHTML, like Gecko; compatible; bingbot/2.0; +http://www.bing.com/bingbot.htm) Chrome/116.0.1938.76 Safari/537.36" "-"
98.83.94.0 - - [31/Mar/2026:00:52:23 +0000] "GET /wp-login.php?fileloc=//etc/csh.cshrc&path=//etc HTTP/1.1" 200 12847 kaminibeauty.com "-" "Mozilla/5.0 AppleWebKit/537.36 (KHTML, like Gecko; compatible; Amazonbot/0.1; +https://developer.amazon.com/support/amazonbot) Chrome/119.0.6045.214 Safari/537.36" "-"
52.167.144.0 - - [31/Mar/2026:00:52:23 +0000] "GET /shop/item/relume172366676324 HTTP/1.1" 200 73358 kaminibeauty.com "-" "Mozilla/5.0 AppleWebKit/537.36 (KHTML, like Gecko; compatible; bingbot/2.0; +http://www.bing.com/bingbot.htm) Chrome/116.0.1938.76 Safari/537.36" "-"
2a03:2880:f800:: - - [31/Mar/2026:00:52:24 +0000] "GET /shop/item/calcify151040316109?fileloc=/homepages/4/d4297730999/htdocs/wordpress/wp-admin/admin-ajax.php&path=/homepages/4/d4297730999/htdocs/wordpress/wp-admin HTTP/1.1" 429 267 kaminibeauty.com "-" "meta-externalagent/1.1 (+https://developers.facebook.com/docs/sharing/webmasters/crawler)" "-"
216.73.216.0 - - [31/Mar/2026:00:52:25 +0000] "GET /shop/item/isochromatic123330190455?fileloc=%2F%2Fbin%2Fmariadb_config&path=%2F%2Fbin HTTP/1.1" 429 267 kaminibeauty.com "-" "Mozilla/5.0 AppleWebKit/537.36 (KHTML, like Gecko; compatible; ClaudeBot/1.0; +claudebot@anthropic.com)" "-"
2a03:2880:f800:: - - [31/Mar/2026:00:52:26 +0000] "GET /shop/item/calcify151040316109?fileloc=/homepages/4/d4297730999/htdocs/wordpress/wp-admin/theme-editor.php&path=/homepages/4/d4297730999/htdocs/wordpress/wp-admin HTTP/1.1" 429 267 kaminibeauty.com "-" "meta-externalagent/1.1 (+https://developers.facebook.com/docs/sharing/webmasters/crawler)" "-"
2a03:2880:f800:: - - [31/Mar/2026:00:52:27 +0000] "GET /shop/item/calcify151040316109?fileloc=/homepages/4/d4297730999/htdocs/wordpress/wp-admin/menu-header.php&path=/homepages/4/d4297730999/htdocs/wordpress/wp-admin HTTP/1.1" 429 267 kaminibeauty.com "-" "meta-externalagent/1.1 (+https://developers.facebook.com/docs/sharing/webmasters/crawler)" "-"
18.204.89.0 - - [31/Mar/2026:00:52:29 +0000] "GET /?path=//tmp/it_nonce_aedc040e67e541f686948faec47072e4 HTTP/1.1" 429 267 www.kaminibeauty.com "-" "Mozilla/5.0 AppleWebKit/537.36 (KHTML, like Gecko; compatible; Amazonbot/0.1; +https://developer.amazon.com/support/amazonbot) Chrome/119.0.6045.214 Safari/537.36" "-"
66.249.76.0 - - [31/Mar/2026:00:52:29 +0000] "GET /shop/item/waving14657393699 HTTP/1.1" 200 73358 kaminibeauty.com "-" "Mozilla/5.0 (Linux; Android 6.0.1; Nexus 5X Build/MMB29P) AppleWebKit/537.36 (KHTML, like Gecko) Chrome/146.0.7680.153 Mobile Safari/537.36 (compatible; Googlebot/2.1; +http://www.google.com/bot.html)" "-"
74.7.241.0 - - [31/Mar/2026:00:52:29 +0000] "GET /?path=//kunden/kunden/kunden/kunden/kunden/kunden/proc/thread-self/root/kunden/kunden/kunden/kunden/kunden/kunden/kunden/kunden/kunden/kunden/kunden/kunden/kunden/kunden/kunden/kunden/kunden/kunden/kunden/etc/ssl/private HTTP/1.1" 200 16952 www.kaminibeauty.com "http://www.kaminibeauty.com/?path=//kunden/kunden/kunden/kunden/kunden/kunden/proc/thread-self/root/kunden/kunden/kunden/kunden/kunden/kunden/kunden/kunden/kunden/kunden/kunden/kunden/kunden/kunden/kunden/kunden/kunden/kunden/kunden/etc/ssl" "Mozilla/5.0 AppleWebKit/537.36 (KHTML, like Gecko; compatible; GPTBot/1.3; +https://openai.com/gptbot)" "-"
216.73.216.0 - - [31/Mar/2026:00:52:31 +0000] "GET /?fileloc=%2F%2Fvar%2Ftmp%2Frunlock-ws67277182-ws67277182%3A97b89804d8c3784c889a16aa545e5eb1c9ff3a41e233f5b09285a44a&path=%2F%2Fvar%2Ftmp HTTP/1.1" 200 12306 www.kaminibeauty.com "-" "Mozilla/5.0 AppleWebKit/537.36 (KHTML, like Gecko; compatible; ClaudeBot/1.0; +claudebot@anthropic.com)" "-"
98.83.94.0 - - [31/Mar/2026:00:52:32 +0000] "GET /?fileloc=//tmp/sess_64deec9764d2f25d4d9c1fafb9e77390&path=//tmp HTTP/1.1" 429 267 www.kaminibeauty.com "-" "Mozilla/5.0 AppleWebKit/537.36 (KHTML, like Gecko; compatible; Amazonbot/0.1; +https://developer.amazon.com/support/amazonbot) Chrome/119.0.6045.214 Safari/537.36" "-"
52.22.87.0 - - [31/Mar/2026:00:52:35 +0000] "GET /wp-login.php?fileloc=//lib/locale/hne_IN/LC_TELEPHONE&path=//lib/locale/hne_IN HTTP/1.1" 200 12348 kaminibeauty.com "-" "Mozilla/5.0 AppleWebKit/537.36 (KHTML, like Gecko; compatible; Amazonbot/0.1; +https://developer.amazon.com/support/amazonbot) Chrome/119.0.6045.214 Safari/537.36" "-"
52.167.144.0 - - [31/Mar/2026:00:52:35 +0000] "GET /shop/item/rebozo153722653233 HTTP/1.1" 200 73358 kaminibeauty.com "-" "Mozilla/5.0 AppleWebKit/537.36 (KHTML, like Gecko; compatible; bingbot/2.0; +http://www.bing.com/bingbot.htm) Chrome/116.0.1938.76 Safari/537.36" "-"
52.167.144.0 - - [31/Mar/2026:00:52:35 +0000] "GET /shop/item/similative164035082686 HTTP/1.1" 200 73358 kaminibeauty.com "-" "Mozilla/5.0 AppleWebKit/537.36 (KHTML, like Gecko; compatible; bingbot/2.0; +http://www.bing.com/bingbot.htm) Chrome/116.0.1938.76 Safari/537.36" "-"
216.73.216.0 - - [31/Mar/2026:00:52:35 +0000] "GET /?fileloc=%2F%2Flib%2Flocale%2Fcrh_UA%2FLC_CTYPE&path=%2F%2Flib%2Flocale%2Fcrh_UA HTTP/1.1" 200 12291 www.kaminibeauty.com "-" "Mozilla/5.0 AppleWebKit/537.36 (KHTML, like Gecko; compatible; ClaudeBot/1.0; +claudebot@anthropic.com)" "-"
52.167.144.0 - - [31/Mar/2026:00:52:36 +0000] "GET /shop/item/eggnog15369260343 HTTP/1.1" 200 73358 kaminibeauty.com "-" "Mozilla/5.0 AppleWebKit/537.36 (KHTML, like Gecko; compatible; bingbot/2.0; +http://www.bing.com/bingbot.htm) Chrome/116.0.1938.76 Safari/537.36" "-"
52.167.144.0 - - [31/Mar/2026:00:52:36 +0000] "GET /shop/item/lophius112330497264 HTTP/1.1" 200 73358 kaminibeauty.com "-" "Mozilla/5.0 AppleWebKit/537.36 (KHTML, like Gecko; compatible; bingbot/2.0; +http://www.bing.com/bingbot.htm) Chrome/116.0.1938.76 Safari/537.36" "-"
52.167.144.0 - - [31/Mar/2026:00:52:36 +0000] "GET /shop/item/spots152603974166 HTTP/1.1" 200 73358 kaminibeauty.com "-" "Mozilla/5.0 AppleWebKit/537.36 (KHTML, like Gecko; compatible; bingbot/2.0; +http://www.bing.com/bingbot.htm) Chrome/116.0.1938.76 Safari/537.36" "-"
74.7.242.0 - - [31/Mar/2026:00:52:37 +0000] "GET /?fileloc=//kunden/bin/install-info&path=//kunden/bin HTTP/1.1" 200 12244 kaminibeauty.com "http://kaminibeauty.com/?path=//kunden/bin" "Mozilla/5.0 AppleWebKit/537.36 (KHTML, like Gecko; compatible; GPTBot/1.3; +https://openai.com/gptbot)" "-"
54.243.63.0 - - [31/Mar/2026:00:52:39 +0000] "GET /?path=//tmp/it_nonce_a9de20912b794069bcebb211d3e8604f HTTP/1.1" 429 267 www.kaminibeauty.com "-" "Mozilla/5.0 AppleWebKit/537.36 (KHTML, like Gecko; compatible; Amazonbot/0.1; +https://developer.amazon.com/support/amazonbot) Chrome/119.0.6045.214 Safari/537.36" "-"
52.167.144.0 - - [31/Mar/2026:00:52:40 +0000] "GET /shop/item/carbinol16408925452 HTTP/1.1" 200 73358 kaminibeauty.com "-" "Mozilla/5.0 AppleWebKit/537.36 (KHTML, like Gecko; compatible; bingbot/2.0; +http://www.bing.com/bingbot.htm) Chrome/116.0.1938.76 Safari/537.36" "-"
2a03:2880:f800:: - - [31/Mar/2026:00:52:40 +0000] "GET /shop/item/calcify151040316109?path=/homepages HTTP/1.1" 429 267 kaminibeauty.com "-" "meta-externalagent/1.1 (+https://developers.facebook.com/docs/sharing/webmasters/crawler)" "-"
216.73.216.0 - - [31/Mar/2026:00:52:40 +0000] "GET /?path=%2F%2Fkunden%2Fkunden%2Fkunden%2Fkunden%2Fvar%2Ftmp%2Fit_nonce_90f91a483c1f47c787f9e5b642db0614 HTTP/1.1" 200 13023 www.kaminibeauty.com "-" "Mozilla/5.0 AppleWebKit/537.36 (KHTML, like Gecko; compatible; ClaudeBot/1.0; +claudebot@anthropic.com)" "-"
52.167.144.0 - - [31/Mar/2026:00:52:40 +0000] "GET /shop/item/crusader153725271604 HTTP/1.1" 200 73358 kaminibeauty.com "-" "Mozilla/5.0 AppleWebKit/537.36 (KHTML, like Gecko; compatible; bingbot/2.0; +http://www.bing.com/bingbot.htm) Chrome/116.0.1938.76 Safari/537.36" "-"
52.167.144.0 - - [31/Mar/2026:00:52:41 +0000] "GET /shop/item/sassolin172082981834 HTTP/1.1" 200 73358 kaminibeauty.com "-" "Mozilla/5.0 AppleWebKit/537.36 (KHTML, like Gecko; compatible; bingbot/2.0; +http://www.bing.com/bingbot.htm) Chrome/116.0.1938.76 Safari/537.36" "-"
52.167.144.0 - - [31/Mar/2026:00:52:41 +0000] "GET /shop/item/zoophytoid154106370944 HTTP/1.1" 200 73358 kaminibeauty.com "-" "Mozilla/5.0 AppleWebKit/537.36 (KHTML, like Gecko; compatible; bingbot/2.0; +http://www.bing.com/bingbot.htm) Chrome/116.0.1938.76 Safari/537.36" "-"
52.167.144.0 - - [31/Mar/2026:00:52:42 +0000] "GET /shop/item/honeysuckle11572907151 HTTP/1.1" 200 73358 kaminibeauty.com "-" "Mozilla/5.0 AppleWebKit/537.36 (KHTML, like Gecko; compatible; bingbot/2.0; +http://www.bing.com/bingbot.htm) Chrome/116.0.1938.76 Safari/537.36" "-"
52.167.144.0 - - [31/Mar/2026:00:52:42 +0000] "GET /shop/item/mercurous151027636103 HTTP/1.1" 200 73358 kaminibeauty.com "-" "Mozilla/5.0 AppleWebKit/537.36 (KHTML, like Gecko; compatible; bingbot/2.0; +http://www.bing.com/bingbot.htm) Chrome/116.0.1938.76 Safari/537.36" "-"
52.167.144.0 - - [31/Mar/2026:00:52:42 +0000] "GET /shop/item/cavolina114207626529 HTTP/1.1" 200 73358 kaminibeauty.com "-" "Mozilla/5.0 AppleWebKit/537.36 (KHTML, like Gecko; compatible; bingbot/2.0; +http://www.bing.com/bingbot.htm) Chrome/116.0.1938.76 Safari/537.36" "-"
52.167.144.0 - - [31/Mar/2026:00:52:43 +0000] "GET /shop/item/percarburet11827524810 HTTP/1.1" 200 73358 kaminibeauty.com "-" "Mozilla/5.0 AppleWebKit/537.36 (KHTML, like Gecko; compatible; bingbot/2.0; +http://www.bing.com/bingbot.htm) Chrome/116.0.1938.76 Safari/537.36" "-"
52.167.144.0 - - [31/Mar/2026:00:52:43 +0000] "GET /shop/item/revolting163677305184 HTTP/1.1" 200 73358 kaminibeauty.com "-" "Mozilla/5.0 AppleWebKit/537.36 (KHTML, like Gecko; compatible; bingbot/2.0; +http://www.bing.com/bingbot.htm) Chrome/116.0.1938.76 Safari/537.36" "-"
2a03:2880:f800:: - - [31/Mar/2026:00:52:44 +0000] "GET /shop/item/calcify151040316109?fileloc=/homepages/4/d4297730999/htdocs/wordpress/wp-admin/plugin-install.php&path=/homepages/4/d4297730999/htdocs/wordpress/wp-admin HTTP/1.1" 429 267 kaminibeauty.com "-" "meta-externalagent/1.1 (+https://developers.facebook.com/docs/sharing/webmasters/crawler)" "-"
52.167.144.0 - - [31/Mar/2026:00:52:44 +0000] "GET /shop/item/unspeakable16171805177 HTTP/1.1" 200 73358 kaminibeauty.com "-" "Mozilla/5.0 AppleWebKit/537.36 (KHTML, like Gecko; compatible; bingbot/2.0; +http://www.bing.com/bingbot.htm) Chrome/116.0.1938.76 Safari/537.36" "-"
52.167.144.0 - - [31/Mar/2026:00:52:44 +0000] "GET /shop/item/deserved164274824009 HTTP/1.1" 200 73358 kaminibeauty.com "-" "Mozilla/5.0 AppleWebKit/537.36 (KHTML, like Gecko; compatible; bingbot/2.0; +http://www.bing.com/bingbot.htm) Chrome/116.0.1938.76 Safari/537.36" "-"
52.167.144.0 - - [31/Mar/2026:00:52:44 +0000] "GET /shop/item/higherlevel13963213504 HTTP/1.1" 200 73358 kaminibeauty.com "-" "Mozilla/5.0 AppleWebKit/537.36 (KHTML, like Gecko; compatible; bingbot/2.0; +http://www.bing.com/bingbot.htm) Chrome/116.0.1938.76 Safari/537.36" "-"
18.209.137.0 - - [31/Mar/2026:00:52:45 +0000] "GET /wp-login.php?path=//tmp/it_nonce_7174df05e29e4775a437536fe77b8299 HTTP/1.1" 200 12715 kaminibeauty.com "-" "Mozilla/5.0 AppleWebKit/537.36 (KHTML, like Gecko; compatible; Amazonbot/0.1; +https://developer.amazon.com/support/amazonbot) Chrome/119.0.6045.214 Safari/537.36" "-"
52.167.144.0 - - [31/Mar/2026:00:52:45 +0000] "GET /shop/item/chiefjusticeship112917192253 HTTP/1.1" 200 73358 kaminibeauty.com "-" "Mozilla/5.0 AppleWebKit/537.36 (KHTML, like Gecko; compatible; bingbot/2.0; +http://www.bing.com/bingbot.htm) Chrome/116.0.1938.76 Safari/537.36" "-"
52.167.144.0 - - [31/Mar/2026:00:52:45 +0000] "GET /shop/item/dialyses133480100746 HTTP/1.1" 200 73358 kaminibeauty.com "-" "Mozilla/5.0 AppleWebKit/537.36 (KHTML, like Gecko; compatible; bingbot/2.0; +http://www.bing.com/bingbot.htm) Chrome/116.0.1938.76 Safari/537.36" "-"
2a03:2880:f800:: - - [31/Mar/2026:00:52:45 +0000] "GET /shop/item/calcify151040316109?fileloc=/homepages/4/d4297730999/htdocs/wordpress/wp-admin/credits.php&path=/homepages/4/d4297730999/htdocs/wordpress/wp-admin HTTP/1.1" 429 267 kaminibeauty.com "-" "meta-externalagent/1.1 (+https://developers.facebook.com/docs/sharing/webmasters/crawler)" "-"
216.73.216.0 - - [31/Mar/2026:00:52:45 +0000] "GET /?fileloc=%2F%2Fkunden%2Fkunden%2Fproc%2Firq%2F339%2Fnode&path=%2F%2Fkunden%2Fkunden%2Fproc%2Firq%2F339 HTTP/1.1" 200 12408 www.kaminibeauty.com "-" "Mozilla/5.0 AppleWebKit/537.36 (KHTML, like Gecko; compatible; ClaudeBot/1.0; +claudebot@anthropic.com)" "-"
52.167.144.0 - - [31/Mar/2026:00:52:45 +0000] "GET /shop/item/ubiquitarian122085310445 HTTP/1.1" 200 73358 kaminibeauty.com "-" "Mozilla/5.0 AppleWebKit/537.36 (KHTML, like Gecko; compatible; bingbot/2.0; +http://www.bing.com/bingbot.htm) Chrome/116.0.1938.76 Safari/537.36" "-"
52.167.144.0 - - [31/Mar/2026:00:52:46 +0000] "GET /shop/item/cardamom133248249279 HTTP/1.1" 200 73358 kaminibeauty.com "-" "Mozilla/5.0 AppleWebKit/537.36 (KHTML, like Gecko; compatible; bingbot/2.0; +http://www.bing.com/bingbot.htm) Chrome/116.0.1938.76 Safari/537.36" "-"
52.167.144.0 - - [31/Mar/2026:00:52:46 +0000] "GET /shop/item/acater161326691494 HTTP/1.1" 200 73358 kaminibeauty.com "-" "Mozilla/5.0 AppleWebKit/537.36 (KHTML, like Gecko; compatible; bingbot/2.0; +http://www.bing.com/bingbot.htm) Chrome/116.0.1938.76 Safari/537.36" "-"
52.167.144.0 - - [31/Mar/2026:00:52:47 +0000] "GET /shop/item/impaled173246255549 HTTP/1.1" 200 73358 kaminibeauty.com "-" "Mozilla/5.0 AppleWebKit/537.36 (KHTML, like Gecko; compatible; bingbot/2.0; +http://www.bing.com/bingbot.htm) Chrome/116.0.1938.76 Safari/537.36" "-"
2a03:2880:f800:: - - [31/Mar/2026:00:52:47 +0000] "GET /shop/item/calcify151040316109?fileloc=/homepages/4/d4297730999/htdocs/wordpress/wp-admin/my-sites.php&path=/homepages/4/d4297730999/htdocs/wordpress/wp-admin HTTP/1.1" 429 267 kaminibeauty.com "-" "meta-externalagent/1.1 (+https://developers.facebook.com/docs/sharing/webmasters/crawler)" "-"
52.45.92.0 - - [31/Mar/2026:00:52:47 +0000] "GET /wp-login.php?fileloc=//lib/locale/es_PE.utf8/LC_MESSAGES/SYS_LC_MESSAGES&path=//lib/locale/es_PE.utf8/LC_MESSAGES HTTP/1.1" 200 12453 kaminibeauty.com "-" "Mozilla/5.0 AppleWebKit/537.36 (KHTML, like Gecko; compatible; Amazonbot/0.1; +https://developer.amazon.com/support/amazonbot) Chrome/119.0.6045.214 Safari/537.36" "-"
52.167.144.0 - - [31/Mar/2026:00:52:47 +0000] "GET /shop/item/larus171646788221 HTTP/1.1" 200 73358 kaminibeauty.com "-" "Mozilla/5.0 AppleWebKit/537.36 (KHTML, like Gecko; compatible; bingbot/2.0; +http://www.bing.com/bingbot.htm) Chrome/116.0.1938.76 Safari/537.36" "-"
52.167.144.0 - - [31/Mar/2026:00:52:48 +0000] "GET /shop/item/capcase152800079693 HTTP/1.1" 200 73358 kaminibeauty.com "-" "Mozilla/5.0 AppleWebKit/537.36 (KHTML, like Gecko; compatible; bingbot/2.0; +http://www.bing.com/bingbot.htm) Chrome/116.0.1938.76 Safari/537.36" "-"
52.167.144.0 - - [31/Mar/2026:00:52:48 +0000] "GET /shop/item/shamanism142553620484 HTTP/1.1" 200 73358 kaminibeauty.com "-" "Mozilla/5.0 AppleWebKit/537.36 (KHTML, like Gecko; compatible; bingbot/2.0; +http://www.bing.com/bingbot.htm) Chrome/116.0.1938.76 Safari/537.36" "-"
52.167.144.0 - - [31/Mar/2026:00:52:48 +0000] "GET /shop/item/populism172495714198 HTTP/1.1" 200 73358 kaminibeauty.com "-" "Mozilla/5.0 AppleWebKit/537.36 (KHTML, like Gecko; compatible; bingbot/2.0; +http://www.bing.com/bingbot.htm) Chrome/116.0.1938.76 Safari/537.36" "-"
52.167.144.0 - - [31/Mar/2026:00:52:49 +0000] "GET /shop/item/ritchieana122172546605 HTTP/1.1" 200 73358 kaminibeauty.com "-" "Mozilla/5.0 AppleWebKit/537.36 (KHTML, like Gecko; compatible; bingbot/2.0; +http://www.bing.com/bingbot.htm) Chrome/116.0.1938.76 Safari/537.36" "-"
52.167.144.0 - - [31/Mar/2026:00:52:49 +0000] "GET /shop/item/exoskeletal143750861316 HTTP/1.1" 200 73358 kaminibeauty.com "-" "Mozilla/5.0 AppleWebKit/537.36 (KHTML, like Gecko; compatible; bingbot/2.0; +http://www.bing.com/bingbot.htm) Chrome/116.0.1938.76 Safari/537.36" "-"
216.73.216.0 - - [31/Mar/2026:00:52:49 +0000] "GET /?fileloc=%2F%2Flib%2Flocale%2Fen_HK%2FLC_MEASUREMENT&path=%2F%2Flib%2Flocale%2Fen_HK HTTP/1.1" 200 12322 www.kaminibeauty.com "-" "Mozilla/5.0 AppleWebKit/537.36 (KHTML, like Gecko; compatible; ClaudeBot/1.0; +claudebot@anthropic.com)" "-"
52.167.144.0 - - [31/Mar/2026:00:52:50 +0000] "GET /shop/item/manducation111178207721 HTTP/1.1" 200 73358 kaminibeauty.com "-" "Mozilla/5.0 AppleWebKit/537.36 (KHTML, like Gecko; compatible; bingbot/2.0; +http://www.bing.com/bingbot.htm) Chrome/116.0.1938.76 Safari/537.36" "-"
2a03:2880:f800:: - - [31/Mar/2026:00:52:50 +0000] "GET /shop/item/calcify151040316109?path=/homepages/4/d4297730999/htdocs/wordpress/wp-admin/network HTTP/1.1" 200 61414 kaminibeauty.com "-" "meta-externalagent/1.1 (+https://developers.facebook.com/docs/sharing/webmasters/crawler)" "-"
52.167.144.0 - - [31/Mar/2026:00:52:50 +0000] "GET /shop/item/inject17524105304 HTTP/1.1" 200 73358 kaminibeauty.com "-" "Mozilla/5.0 AppleWebKit/537.36 (KHTML, like Gecko; compatible; bingbot/2.0; +http://www.bing.com/bingbot.htm) Chrome/116.0.1938.76 Safari/537.36" "-"
66.249.76.0 - - [31/Mar/2026:00:52:50 +0000] "GET /?fileloc=/homepages/4/d4297730999/htdocs/wordpress/item.php?shop/item/gromwell44996560881 HTTP/1.1" 200 12490 kaminibeauty.com "-" "Mozilla/5.0 (Linux; Android 6.0.1; Nexus 5X Build/MMB29P) AppleWebKit/537.36 (KHTML, like Gecko) Chrome/146.0.7680.153 Mobile Safari/537.36 (compatible; Googlebot/2.1; +http://www.google.com/bot.html)" "-"
52.167.144.0 - - [31/Mar/2026:00:52:51 +0000] "GET /shop/item/radiance173988419310 HTTP/1.1" 200 73358 kaminibeauty.com "-" "Mozilla/5.0 AppleWebKit/537.36 (KHTML, like Gecko; compatible; bingbot/2.0; +http://www.bing.com/bingbot.htm) Chrome/116.0.1938.76 Safari/537.36" "-"
52.167.144.0 - - [31/Mar/2026:00:52:51 +0000] "GET /shop/item/rakes143897238005 HTTP/1.1" 200 73358 kaminibeauty.com "-" "Mozilla/5.0 AppleWebKit/537.36 (KHTML, like Gecko; compatible; bingbot/2.0; +http://www.bing.com/bingbot.htm) Chrome/116.0.1938.76 Safari/537.36" "-"
2001:41d0:300:: - - [31/Mar/2026:00:52:51 +0000] "GET /?fileloc=/homepages/4/d4297730999/htdocs/wordpress/wp-admin/images/list-2x.png&path=/homepages/4/d4297730999/htdocs/wordpress/wp-admin/images HTTP/1.1" 200 12644 kaminibeauty.com "-" "Mozilla/5.0 (Windows NT 10.0; Win64; x64) AppleWebKit/537.36 (KHTML, like Gecko) Chrome/139.0.0.0 Safari/537.36" "-"
52.167.144.0 - - [31/Mar/2026:00:52:51 +0000] "GET /shop/item/cajuputene121465974190 HTTP/1.1" 200 73358 kaminibeauty.com "-" "Mozilla/5.0 AppleWebKit/537.36 (KHTML, like Gecko; compatible; bingbot/2.0; +http://www.bing.com/bingbot.htm) Chrome/116.0.1938.76 Safari/537.36" "-"
2a03:2880:f800:: - - [31/Mar/2026:00:52:52 +0000] "GET /shop/item/calcify151040316109?fileloc=/homepages/4/d4297730999/htdocs/wordpress/wp-admin/user-new.php&path=/homepages/4/d4297730999/htdocs/wordpress/wp-admin HTTP/1.1" 200 41086 kaminibeauty.com "-" "meta-externalagent/1.1 (+https://developers.facebook.com/docs/sharing/webmasters/crawler)" "-"
57.129.139.0 - - [31/Mar/2026:00:52:52 +0000] "GET /?fileloc=/homepages/4/d4297730999/htdocs/wordpress/wp-admin/network/user-edit.php&path=/homepages/4/d4297730999/htdocs/wordpress/wp-admin/network HTTP/1.1" 200 12905 kaminibeauty.com "-" "Mozilla/5.0 (Windows NT 10.0; Win64; x64) AppleWebKit/537.36 (KHTML, like Gecko) Chrome/139.0.0.0 Safari/537.36" "-"
52.167.144.0 - - [31/Mar/2026:00:52:52 +0000] "GET /shop/item/wardroom153170715919 HTTP/1.1" 200 73358 kaminibeauty.com "-" "Mozilla/5.0 AppleWebKit/537.36 (KHTML, like Gecko; compatible; bingbot/2.0; +http://www.bing.com/bingbot.htm) Chrome/116.0.1938.76 Safari/537.36" "-"
66.249.76.0 - - [31/Mar/2026:00:52:52 +0000] "GET /shop/item/lirellaeform163251926585 HTTP/1.1" 200 73358 kaminibeauty.com "-" "Mozilla/5.0 (Linux; Android 6.0.1; Nexus 5X Build/MMB29P) AppleWebKit/537.36 (KHTML, like Gecko) Chrome/146.0.7680.153 Mobile Safari/537.36 (compatible; Googlebot/2.1; +http://www.google.com/bot.html)" "-"
216.73.216.0 - - [31/Mar/2026:00:52:53 +0000] "GET /shop/item/siccation113643925263?fileloc=%2F%2Fbin%2Fshasum.bundled&path=%2F%2Fbin HTTP/1.1" 200 22955 kaminibeauty.com "-" "Mozilla/5.0 AppleWebKit/537.36 (KHTML, like Gecko; compatible; ClaudeBot/1.0; +claudebot@anthropic.com)" "-"
34.204.150.0 - - [31/Mar/2026:00:52:53 +0000] "GET /?path=//tmp/it_nonce_f828adfe8cd44959a9aa02c73a977825 HTTP/1.1" 200 12715 www.kaminibeauty.com "-" "Mozilla/5.0 AppleWebKit/537.36 (KHTML, like Gecko; compatible; Amazonbot/0.1; +https://developer.amazon.com/support/amazonbot) Chrome/119.0.6045.214 Safari/537.36" "-"
149.202.52.0 - - [31/Mar/2026:00:52:53 +0000] "GET /?fileloc=/homepages/4/d4297730999/htdocs/wordpress/wp-admin/images/sort.gif&path=/homepages/4/d4297730999/htdocs/wordpress/wp-admin/images HTTP/1.1" 200 12641 kaminibeauty.com "-" "Mozilla/5.0 (Windows NT 10.0; Win64; x64) AppleWebKit/537.36 (KHTML, like Gecko) Chrome/139.0.0.0 Safari/537.36" "-"
216.73.216.0 - - [31/Mar/2026:00:52:54 +0000] "GET /?fileloc=%2F%2Fkunden%2Fkunden%2Fkunden%2Fusr%2Fbin%2Fcsplit&path=%2F%2Fkunden%2Fkunden%2Fkunden%2Fusr%2Fbin HTTP/1.1" 200 12418 www.kaminibeauty.com "-" "Mozilla/5.0 AppleWebKit/537.36 (KHTML, like Gecko; compatible; ClaudeBot/1.0; +claudebot@anthropic.com)" "-"
18.214.124.0 - - [31/Mar/2026:00:52:55 +0000] "GET /wp-login.php?fileloc=//lib/locale/gez_ET/LC_MEASUREMENT&path=//lib/locale/gez_ET HTTP/1.1" 200 12320 kaminibeauty.com "-" "Mozilla/5.0 AppleWebKit/537.36 (KHTML, like Gecko; compatible; Amazonbot/0.1; +https://developer.amazon.com/support/amazonbot) Chrome/119.0.6045.214 Safari/537.36" "-"
2001:41d0:400:: - - [31/Mar/2026:00:52:55 +0000] "GET /?path=/homepages/4/d4297730999/htdocs/wordpress/wp-admin/user/user HTTP/1.1" 200 26039 kaminibeauty.com "-" "Mozilla/5.0 (Windows NT 10.0; Win64; x64) AppleWebKit/537.36 (KHTML, like Gecko) Chrome/139.0.0.0 Safari/537.36" "-"
216.73.216.0 - - [31/Mar/2026:00:52:56 +0000] "GET /shop/item/hailstone172957842901?path=%2Fhomepages%2F3%2Fd4297386676 HTTP/1.1" 200 19739 kaminibeauty.com "-" "Mozilla/5.0 AppleWebKit/537.36 (KHTML, like Gecko; compatible; ClaudeBot/1.0; +claudebot@anthropic.com)" "-"
2001:41d0:700:: - - [31/Mar/2026:00:52:57 +0000] "GET /?fileloc=/homepages/4/d4297730999/htdocs/wordpress/wp-admin/network/about.php&path=/homepages/4/d4297730999/htdocs/wordpress/wp-admin/network HTTP/1.1" 200 12893 kaminibeauty.com "-" "Mozilla/5.0 (Windows NT 10.0; Win64; x64) AppleWebKit/537.36 (KHTML, like Gecko) Chrome/139.0.0.0 Safari/537.36" "-"
2001:41d0:400:: - - [31/Mar/2026:00:52:57 +0000] "GET /?fileloc=/homepages/4/d4297730999/htdocs/wordpress/wp-admin/images/align-none-2x.png&path=/homepages/4/d4297730999/htdocs/wordpress/wp-admin/images HTTP/1.1" 200 12650 kaminibeauty.com "-" "Mozilla/5.0 (Windows NT 10.0; Win64; x64) AppleWebKit/537.36 (KHTML, like Gecko) Chrome/139.0.0.0 Safari/537.36" "-"
51.75.18.0 - - [31/Mar/2026:00:52:58 +0000] "GET /?fileloc=/homepages/4/d4297730999/htdocs/wordpress/wp-admin/images/wpspin_light-2x.gif&path=/homepages/4/d4297730999/htdocs/wordpress/wp-admin/images HTTP/1.1" 200 12652 kaminibeauty.com "-" "Mozilla/5.0 (Windows NT 10.0; Win64; x64) AppleWebKit/537.36 (KHTML, like Gecko) Chrome/139.0.0.0 Safari/537.36" "-"
216.73.216.0 - - [31/Mar/2026:00:52:59 +0000] "GET /?path=%2F%2Fkunden%2Fkunden%2Fkunden%2Fkunden%2Fvar%2Ftmp%2Fit_nonce_992837cabbdb420eb22646f3b3864b34 HTTP/1.1" 200 13023 www.kaminibeauty.com "-" "Mozilla/5.0 AppleWebKit/537.36 (KHTML, like Gecko; compatible; ClaudeBot/1.0; +claudebot@anthropic.com)" "-"
2001:41d0:600:: - - [31/Mar/2026:00:52:59 +0000] "GET /?fileloc=/homepages/4/d4297730999/htdocs/wordpress/wp-admin/user/privacy.php&path=/homepages/4/d4297730999/htdocs/wordpress/wp-admin/user HTTP/1.1" 200 12902 kaminibeauty.com "-" "Mozilla/5.0 (Windows NT 10.0; Win64; x64) AppleWebKit/537.36 (KHTML, like Gecko) Chrome/139.0.0.0 Safari/537.36" "-"
51.75.21.0 - - [31/Mar/2026:00:52:59 +0000] "GET /?fileloc=/homepages/4/d4297730999/htdocs/wordpress/wp-admin/user/contribute.php&path=/homepages/4/d4297730999/htdocs/wordpress/wp-admin/user HTTP/1.1" 200 12911 kaminibeauty.com "-" "Mozilla/5.0 (Windows NT 10.0; Win64; x64) AppleWebKit/537.36 (KHTML, like Gecko) Chrome/139.0.0.0 Safari/537.36" "-"
57.129.139.0 - - [31/Mar/2026:00:52:59 +0000] "GET /?fileloc=/homepages/4/d4297730999/htdocs/wordpress/wp-admin/images/bubble_bg-2x.gif&path=/homepages/4/d4297730999/htdocs/wordpress/wp-admin/images HTTP/1.1" 200 12649 kaminibeauty.com "-" "Mozilla/5.0 (Windows NT 10.0; Win64; x64) AppleWebKit/537.36 (KHTML, like Gecko) Chrome/139.0.0.0 Safari/537.36" "-"
51.75.21.0 - - [31/Mar/2026:00:52:59 +0000] "GET /?fileloc=/homepages/4/d4297730999/htdocs/wordpress/wp-admin/images/post-formats32-vs.png&path=/homepages/4/d4297730999/htdocs/wordpress/wp-admin/images HTTP/1.1" 200 12654 kaminibeauty.com "-" "Mozilla/5.0 (Windows NT 10.0; Win64; x64) AppleWebKit/537.36 (KHTML, like Gecko) Chrome/139.0.0.0 Safari/537.36" "-"
141.94.78.0 - - [31/Mar/2026:00:52:59 +0000] "GET /?fileloc=/homepages/4/d4297730999/htdocs/wordpress/wp-admin/user/freedoms.php&path=/homepages/4/d4297730999/htdocs/wordpress/wp-admin/user HTTP/1.1" 200 12905 kaminibeauty.com "-" "Mozilla/5.0 (Windows NT 10.0; Win64; x64) AppleWebKit/537.36 (KHTML, like Gecko) Chrome/139.0.0.0 Safari/537.36" "-"
52.3.155.0 - - [31/Mar/2026:00:53:00 +0000] "GET /?path=//tmp/it_nonce_a9437efc072446f0bdee36aac7deae95 HTTP/1.1" 200 12715 www.kaminibeauty.com "-" "Mozilla/5.0 AppleWebKit/537.36 (KHTML, like Gecko; compatible; Amazonbot/0.1; +https://developer.amazon.com/support/amazonbot) Chrome/119.0.6045.214 Safari/537.36" "-"
216.73.216.0 - - [31/Mar/2026:00:53:01 +0000] "GET /shop/item/thwite113330729928?path=%2Fhomepages%2F7%2Fd4298199592 HTTP/1.1" 200 19739 kaminibeauty.com "-" "Mozilla/5.0 AppleWebKit/537.36 (KHTML, like Gecko; compatible; ClaudeBot/1.0; +claudebot@anthropic.com)" "-"
34.202.88.0 - - [31/Mar/2026:00:53:04 +0000] "GET /?path=//tmp/it_nonce_27e700a6318f4022bee4dbdc3cad85da HTTP/1.1" 200 12715 www.kaminibeauty.com "-" "Mozilla/5.0 AppleWebKit/537.36 (KHTML, like Gecko; compatible; Amazonbot/0.1; +https://developer.amazon.com/support/amazonbot) Chrome/119.0.6045.214 Safari/537.36" "-"
216.73.216.0 - - [31/Mar/2026:00:53:04 +0000] "GET /?fileloc=%2F%2Fkunden%2Fkunden%2Fproc%2Firq%2F259%2Fnode&path=%2F%2Fkunden%2Fkunden%2Fproc%2Firq%2F259 HTTP/1.1" 200 12408 www.kaminibeauty.com "-" "Mozilla/5.0 AppleWebKit/537.36 (KHTML, like Gecko; compatible; ClaudeBot/1.0; +claudebot@anthropic.com)" "-"
66.249.76.0 - - [31/Mar/2026:00:53:04 +0000] "GET /?fileloc=/homepages/4/d4297730999/htdocs/wordpress/item.php?shop/item/bobac133772298608 HTTP/1.1" 200 12488 kaminibeauty.com "-" "Mozilla/5.0 (Linux; Android 6.0.1; Nexus 5X Build/MMB29P) AppleWebKit/537.36 (KHTML, like Gecko) Chrome/146.0.7680.153 Mobile Safari/537.36 (compatible; Googlebot/2.1; +http://www.google.com/bot.html)" "-"
2001:41d0:300:: - - [31/Mar/2026:00:53:05 +0000] "GET /?fileloc=/homepages/4/d4297730999/htdocs/wordpress/wp-admin/images/xit-2x.gif&path=/homepages/4/d4297730999/htdocs/wordpress/wp-admin/images HTTP/1.1" 200 12643 kaminibeauty.com "-" "Mozilla/5.0 (Windows NT 10.0; Win64; x64) AppleWebKit/537.36 (KHTML, like Gecko) Chrome/139.0.0.0 Safari/537.36" "-"
216.73.216.0 - - [31/Mar/2026:00:53:06 +0000] "GET /shop/item/slanderer11959071484?fileloc=%2F%2Fbin%2Ftiff2bw&path=%2F%2Fbin HTTP/1.1" 200 12189 kaminibeauty.com "-" "Mozilla/5.0 AppleWebKit/537.36 (KHTML, like Gecko; compatible; ClaudeBot/1.0; +claudebot@anthropic.com)" "-"
57.129.139.0 - - [31/Mar/2026:00:53:07 +0000] "GET /?fileloc=/homepages/4/d4297730999/htdocs/wordpress/wp-admin/user/user-edit.php&path=/homepages/4/d4297730999/htdocs/wordpress/wp-admin/user HTTP/1.1" 200 12893 kaminibeauty.com "-" "Mozilla/5.0 (Windows NT 10.0; Win64; x64) AppleWebKit/537.36 (KHTML, like Gecko) Chrome/139.0.0.0 Safari/537.36" "-"
44.208.223.0 - - [31/Mar/2026:00:53:09 +0000] "GET /?path=//tmp/it_nonce_aece82cb1c2d4e4280443657bd7b10b2 HTTP/1.1" 200 12715 www.kaminibeauty.com "-" "Mozilla/5.0 AppleWebKit/537.36 (KHTML, like Gecko; compatible; Amazonbot/0.1; +https://developer.amazon.com/support/amazonbot) Chrome/119.0.6045.214 Safari/537.36" "-"
216.73.216.0 - - [31/Mar/2026:00:53:09 +0000] "GET /shop/item/quassite114046909878?fileloc=%2F%2Fbin%2Fshasum&path=%2F%2Fbin HTTP/1.1" 200 22853 kaminibeauty.com "-" "Mozilla/5.0 AppleWebKit/537.36 (KHTML, like Gecko; compatible; ClaudeBot/1.0; +claudebot@anthropic.com)" "-"
52.167.144.0 - - [31/Mar/2026:00:53:10 +0000] "GET /shop/item/woorali112841076063 HTTP/1.1" 200 73358 kaminibeauty.com "-" "Mozilla/5.0 AppleWebKit/537.36 (KHTML, like Gecko; compatible; bingbot/2.0; +http://www.bing.com/bingbot.htm) Chrome/116.0.1938.76 Safari/537.36" "-"
52.167.144.0 - - [31/Mar/2026:00:53:11 +0000] "GET /shop/item/footpad173958632198 HTTP/1.1" 200 73358 kaminibeauty.com "-" "Mozilla/5.0 AppleWebKit/537.36 (KHTML, like Gecko; compatible; bingbot/2.0; +http://www.bing.com/bingbot.htm) Chrome/116.0.1938.76 Safari/537.36" "-"
216.73.216.0 - - [31/Mar/2026:00:53:11 +0000] "GET /shop/item/siccation113643925263?fileloc=%2F%2Fbin%2Fanimate-im6.q16&path=%2F%2Fbin HTTP/1.1" 200 12197 kaminibeauty.com "-" "Mozilla/5.0 AppleWebKit/537.36 (KHTML, like Gecko; compatible; ClaudeBot/1.0; +claudebot@anthropic.com)" "-"
52.167.144.0 - - [31/Mar/2026:00:53:11 +0000] "GET /shop/item/indochinese12605632695 HTTP/1.1" 200 73358 kaminibeauty.com "-" "Mozilla/5.0 AppleWebKit/537.36 (KHTML, like Gecko; compatible; bingbot/2.0; +http://www.bing.com/bingbot.htm) Chrome/116.0.1938.76 Safari/537.36" "-"
52.167.144.0 - - [31/Mar/2026:00:53:12 +0000] "GET /shop/item/stapes161891978085 HTTP/1.1" 200 73358 kaminibeauty.com "-" "Mozilla/5.0 AppleWebKit/537.36 (KHTML, like Gecko; compatible; bingbot/2.0; +http://www.bing.com/bingbot.htm) Chrome/116.0.1938.76 Safari/537.36" "-"
2a03:2880:f800:: - - [31/Mar/2026:00:53:12 +0000] "GET /shop/item/calcify151040316109?path=/homepages/4/d4297730999/htdocs HTTP/1.1" 200 23051 kaminibeauty.com "-" "meta-externalagent/1.1 (+https://developers.facebook.com/docs/sharing/webmasters/crawler)" "-"
52.167.144.0 - - [31/Mar/2026:00:53:12 +0000] "GET /shop/item/redempture17821793551 HTTP/1.1" 200 73358 kaminibeauty.com "-" "Mozilla/5.0 AppleWebKit/537.36 (KHTML, like Gecko; compatible; bingbot/2.0; +http://www.bing.com/bingbot.htm) Chrome/116.0.1938.76 Safari/537.36" "-"
52.167.144.0 - - [31/Mar/2026:00:53:12 +0000] "GET /shop/item/doratifera151339780445 HTTP/1.1" 200 73358 kaminibeauty.com "-" "Mozilla/5.0 AppleWebKit/537.36 (KHTML, like Gecko; compatible; bingbot/2.0; +http://www.bing.com/bingbot.htm) Chrome/116.0.1938.76 Safari/537.36" "-"
52.167.144.0 - - [31/Mar/2026:00:53:13 +0000] "GET /shop/item/teutons151332811804 HTTP/1.1" 200 73358 kaminibeauty.com "-" "Mozilla/5.0 AppleWebKit/537.36 (KHTML, like Gecko; compatible; bingbot/2.0; +http://www.bing.com/bingbot.htm) Chrome/116.0.1938.76 Safari/537.36" "-"
3.223.134.0 - - [31/Mar/2026:00:53:13 +0000] "GET /wp-login.php?fileloc=//lib/locale/chr_US/LC_PAPER&path=//lib/locale/chr_US HTTP/1.1" 200 12291 kaminibeauty.com "-" "Mozilla/5.0 AppleWebKit/537.36 (KHTML, like Gecko; compatible; Amazonbot/0.1; +https://developer.amazon.com/support/amazonbot) Chrome/119.0.6045.214 Safari/537.36" "-"
52.167.144.0 - - [31/Mar/2026:00:53:13 +0000] "GET /shop/item/showily113971475322 HTTP/1.1" 200 73358 kaminibeauty.com "-" "Mozilla/5.0 AppleWebKit/537.36 (KHTML, like Gecko; compatible; bingbot/2.0; +http://www.bing.com/bingbot.htm) Chrome/116.0.1938.76 Safari/537.36" "-"
52.167.144.0 - - [31/Mar/2026:00:53:13 +0000] "GET /shop/item/decollating15795567234 HTTP/1.1" 200 73358 kaminibeauty.com "-" "Mozilla/5.0 AppleWebKit/537.36 (KHTML, like Gecko; compatible; bingbot/2.0; +http://www.bing.com/bingbot.htm) Chrome/116.0.1938.76 Safari/537.36" "-"
52.167.144.0 - - [31/Mar/2026:00:53:14 +0000] "GET /shop/item/letterwood162135164819 HTTP/1.1" 200 73358 kaminibeauty.com "-" "Mozilla/5.0 AppleWebKit/537.36 (KHTML, like Gecko; compatible; bingbot/2.0; +http://www.bing.com/bingbot.htm) Chrome/116.0.1938.76 Safari/537.36" "-"
216.73.216.0 - - [31/Mar/2026:00:53:14 +0000] "GET /shop/item/inapprehensive11770236938?fileloc=%2F%2Fetc%2Fhost.conf&path=%2F%2Fetc HTTP/1.1" 200 12200 kaminibeauty.com "-" "Mozilla/5.0 AppleWebKit/537.36 (KHTML, like Gecko; compatible; ClaudeBot/1.0; +claudebot@anthropic.com)" "-"
