74.7.241.0 - - [31/Mar/2026:00:24:10 +0000] "GET /?fileloc=//kunden/kunden/kunden/kunden/kunden/kunden/proc/thread-self/root/kunden/kunden/kunden/kunden/kunden/kunden/kunden/kunden/kunden/kunden/kunden/kunden/kunden/kunden/kunden/proc/thread-self/root/kunden/kunden/etc/alternatives/pinentry.1.gz&path=//kunden/kunden/kunden/kunden/kunden/kunden/proc/thread-self/root/kunden/kunden/kunden/kunden/kunden/kunden/kunden/kunden/kunden/kunden/kunden/kunden/kunden/kunden/kunden/proc/thread-self/root/kunden/kunden/etc/alternatives HTTP/1.1" 429 267 www.kaminibeauty.com "http://www.kaminibeauty.com/?path=//kunden/kunden/kunden/kunden/kunden/kunden/proc/thread-self/root/kunden/kunden/kunden/kunden/kunden/kunden/kunden/kunden/kunden/kunden/kunden/kunden/kunden/kunden/kunden/proc/thread-self/root/kunden/kunden/etc/alternatives" "Mozilla/5.0 AppleWebKit/537.36 (KHTML, like Gecko; compatible; GPTBot/1.3; +https://openai.com/gptbot)" "-"
107.20.181.0 - - [31/Mar/2026:00:24:11 +0000] "GET /?path=//homepages/34/d4296911866/.lnk HTTP/1.1" 200 12771 kaminibeauty.com "-" "Mozilla/5.0 AppleWebKit/537.36 (KHTML, like Gecko; compatible; Amazonbot/0.1; +https://developer.amazon.com/support/amazonbot) Chrome/119.0.6045.214 Safari/537.36" "-"
66.249.66.0 - - [31/Mar/2026:00:24:12 +0000] "GET /shop/item/confesso173213780329 HTTP/1.1" 200 73358 kaminibeauty.com "-" "Mozilla/5.0 (Linux; Android 6.0.1; Nexus 5X Build/MMB29P) AppleWebKit/537.36 (KHTML, like Gecko) Chrome/146.0.7680.153 Mobile Safari/537.36 (compatible; Googlebot/2.1; +http://www.google.com/bot.html)" "-"
216.73.216.0 - - [31/Mar/2026:00:24:12 +0000] "GET /?path=%2F%2Fkunden%2Fkunden%2Fkunden%2Fkunden%2Fproc%2Fself%2Froot%2Fproc%2Firq%2F171%2Fi40e-eth0-TxRx-10 HTTP/1.1" 200 13305 www.kaminibeauty.com "-" "Mozilla/5.0 AppleWebKit/537.36 (KHTML, like Gecko; compatible; ClaudeBot/1.0; +claudebot@anthropic.com)" "-"
66.249.76.0 - - [31/Mar/2026:00:24:12 +0000] "GET /?fileloc=/homepages/4/d4297730999/htdocs/wordpress/item.php?shop/item/circumflexing153032079390 HTTP/1.1" 200 12496 kaminibeauty.com "-" "Mozilla/5.0 (Linux; Android 6.0.1; Nexus 5X Build/MMB29P) AppleWebKit/537.36 (KHTML, like Gecko) Chrome/146.0.7680.153 Mobile Safari/537.36 (compatible; Googlebot/2.1; +http://www.google.com/bot.html)" "-"
2a03:2880:f800:: - - [31/Mar/2026:00:24:14 +0000] "GET /shop/item/misseek161364819026?fileloc=/homepages/4/d4297730999/htdocs/wordpress/wp-admin/edit.php&path=/homepages/4/d4297730999/htdocs/wordpress/wp-admin HTTP/1.1" 200 33947 kaminibeauty.com "-" "meta-externalagent/1.1 (+https://developers.facebook.com/docs/sharing/webmasters/crawler)" "-"
34.227.234.0 - - [31/Mar/2026:00:24:15 +0000] "GET /postnews.php?path=//homepages/42/d4297116230 HTTP/1.1" 200 19779 www.kaminibeauty.com "-" "Mozilla/5.0 AppleWebKit/537.36 (KHTML, like Gecko; compatible; Amazonbot/0.1; +https://developer.amazon.com/support/amazonbot) Chrome/119.0.6045.214 Safari/537.36" "-"
216.73.216.0 - - [31/Mar/2026:00:24:17 +0000] "GET /?path=%2F%2Fkunden%2Fkunden%2Fkunden%2Fkunden%2Fproc%2Fself%2Froot%2Fproc%2Firq%2F174%2Fi40e-eth0-TxRx-13 HTTP/1.1" 200 13305 www.kaminibeauty.com "-" "Mozilla/5.0 AppleWebKit/537.36 (KHTML, like Gecko; compatible; ClaudeBot/1.0; +claudebot@anthropic.com)" "-"
54.147.238.0 - - [31/Mar/2026:00:24:19 +0000] "GET /wp-login.php?fileloc=//kunden/usr/share/perl5/Date/Manip/Offset/off080.pm&path=//kunden/usr/share/perl5/Date/Manip/Offset HTTP/1.1" 200 13410 kaminibeauty.com "-" "Mozilla/5.0 AppleWebKit/537.36 (KHTML, like Gecko; compatible; Amazonbot/0.1; +https://developer.amazon.com/support/amazonbot) Chrome/119.0.6045.214 Safari/537.36" "-"
2a03:2880:f800:: - - [31/Mar/2026:00:24:21 +0000] "GET /shop/item/duplicated121916046216?path=/homepages/4/d4297730999/htdocs/wordpress/ALFA%20TEAM HTTP/1.1" 200 15989 kaminibeauty.com "-" "meta-externalagent/1.1 (+https://developers.facebook.com/docs/sharing/webmasters/crawler)" "-"
216.73.216.0 - - [31/Mar/2026:00:24:22 +0000] "GET /?path=%2F%2Fkunden%2Fkunden%2Fkunden%2Fkunden%2Fvar%2Ftmp%2Fit_nonce_9cbc4c9bde9f44e9b296045aa520374b HTTP/1.1" 200 13023 www.kaminibeauty.com "-" "Mozilla/5.0 AppleWebKit/537.36 (KHTML, like Gecko; compatible; ClaudeBot/1.0; +claudebot@anthropic.com)" "-"
74.7.242.0 - - [31/Mar/2026:00:24:22 +0000] "GET /shop/item/wrawness1763395948?path=//root HTTP/1.1" 200 12607 kaminibeauty.com "https://kaminibeauty.com/shop/item/wrawness1763395948?path=/" "Mozilla/5.0 AppleWebKit/537.36 (KHTML, like Gecko; compatible; GPTBot/1.3; +https://openai.com/gptbot)" "-"
47.128.98.0 - - [31/Mar/2026:00:24:24 +0000] "GET /2025/04/page/2/?path=%2F%2Fproc%2Firq%2F310 HTTP/1.1" 200 21170 kaminibeauty.com "-" "Mozilla/5.0 (Linux; Android 5.0) AppleWebKit/537.36 (KHTML, like Gecko) Mobile Safari/537.36 (compatible; Bytespider; spider-feedback@bytedance.com)" "-"
216.73.216.0 - - [31/Mar/2026:00:24:27 +0000] "GET /?path=%2F%2Fkunden%2Fkunden%2Fkunden%2Fkunden%2Fvar%2Ftmp%2Fit_nonce_ca6ed3ff99814b7384a5b3085b225e1c HTTP/1.1" 200 13023 www.kaminibeauty.com "-" "Mozilla/5.0 AppleWebKit/537.36 (KHTML, like Gecko; compatible; ClaudeBot/1.0; +claudebot@anthropic.com)" "-"
98.84.60.0 - - [31/Mar/2026:00:24:27 +0000] "GET /?fileloc=//usr/lib/python3/dist-packages/mercurial/thirdparty/selectors2.py&path=//usr/lib/python3/dist-packages/mercurial/thirdparty HTTP/1.1" 200 41300 www.kaminibeauty.com "-" "Mozilla/5.0 AppleWebKit/537.36 (KHTML, like Gecko; compatible; Amazonbot/0.1; +https://developer.amazon.com/support/amazonbot) Chrome/119.0.6045.214 Safari/537.36" "-"
40.77.167.0 - - [31/Mar/2026:00:24:28 +0000] "GET /shop/item/mordantly163582529179 HTTP/1.1" 200 73358 kaminibeauty.com "-" "Mozilla/5.0 AppleWebKit/537.36 (KHTML, like Gecko; compatible; bingbot/2.0; +http://www.bing.com/bingbot.htm) Chrome/116.0.1938.76 Safari/537.36" "-"
40.77.167.0 - - [31/Mar/2026:00:24:28 +0000] "GET /shop/item/herodias163616098252 HTTP/1.1" 200 73358 kaminibeauty.com "-" "Mozilla/5.0 AppleWebKit/537.36 (KHTML, like Gecko; compatible; bingbot/2.0; +http://www.bing.com/bingbot.htm) Chrome/116.0.1938.76 Safari/537.36" "-"
2a03:2880:f800:: - - [31/Mar/2026:00:24:28 +0000] "GET /shop/item/carpolite122436777225?path=/homepages/4/d4297730999/htdocs/wordpress/ALFA%20TEAM HTTP/1.1" 200 15989 kaminibeauty.com "-" "meta-externalagent/1.1 (+https://developers.facebook.com/docs/sharing/webmasters/crawler)" "-"
40.77.167.0 - - [31/Mar/2026:00:24:28 +0000] "GET /shop/item/diabaterial173927825477 HTTP/1.1" 200 73358 kaminibeauty.com "-" "Mozilla/5.0 AppleWebKit/537.36 (KHTML, like Gecko; compatible; bingbot/2.0; +http://www.bing.com/bingbot.htm) Chrome/116.0.1938.76 Safari/537.36" "-"
40.77.167.0 - - [31/Mar/2026:00:24:29 +0000] "GET /shop/item/spellbind17876726442 HTTP/1.1" 200 73358 kaminibeauty.com "-" "Mozilla/5.0 AppleWebKit/537.36 (KHTML, like Gecko; compatible; bingbot/2.0; +http://www.bing.com/bingbot.htm) Chrome/116.0.1938.76 Safari/537.36" "-"
40.77.167.0 - - [31/Mar/2026:00:24:29 +0000] "GET /shop/item/peregal164212471969 HTTP/1.1" 200 73358 kaminibeauty.com "-" "Mozilla/5.0 AppleWebKit/537.36 (KHTML, like Gecko; compatible; bingbot/2.0; +http://www.bing.com/bingbot.htm) Chrome/116.0.1938.76 Safari/537.36" "-"
34.195.60.0 - - [31/Mar/2026:00:24:31 +0000] "GET /wp-admin/js/index.php?fileloc=//usr/bin/pnmmargin&path=//usr/bin HTTP/1.1" 200 14241 www.kaminibeauty.com "-" "Mozilla/5.0 AppleWebKit/537.36 (KHTML, like Gecko; compatible; Amazonbot/0.1; +https://developer.amazon.com/support/amazonbot) Chrome/119.0.6045.214 Safari/537.36" "-"
52.73.142.0 - - [31/Mar/2026:00:24:31 +0000] "GET /wp-login.php?path=//kunden/kunden/usr/share/locale/tr/LC_TIME HTTP/1.1" 200 14493 kaminibeauty.com "-" "Mozilla/5.0 AppleWebKit/537.36 (KHTML, like Gecko; compatible; Amazonbot/0.1; +https://developer.amazon.com/support/amazonbot) Chrome/119.0.6045.214 Safari/537.36" "-"
216.73.216.0 - - [31/Mar/2026:00:24:32 +0000] "GET /?path=%2F%2Fkunden%2Fkunden%2Fkunden%2Fkunden%2Fproc%2Fself%2Froot%2Fproc%2Firq%2F32%2Fmegasas0-msix3 HTTP/1.1" 200 13296 www.kaminibeauty.com "-" "Mozilla/5.0 AppleWebKit/537.36 (KHTML, like Gecko; compatible; ClaudeBot/1.0; +claudebot@anthropic.com)" "-"
40.77.167.0 - - [31/Mar/2026:00:24:32 +0000] "GET /shop/item/alation112321758741 HTTP/1.1" 200 73358 kaminibeauty.com "-" "Mozilla/5.0 AppleWebKit/537.36 (KHTML, like Gecko; compatible; bingbot/2.0; +http://www.bing.com/bingbot.htm) Chrome/116.0.1938.76 Safari/537.36" "-"
40.77.167.0 - - [31/Mar/2026:00:24:33 +0000] "GET /shop/item/solanaceae174037309957 HTTP/1.1" 200 73358 kaminibeauty.com "-" "Mozilla/5.0 AppleWebKit/537.36 (KHTML, like Gecko; compatible; bingbot/2.0; +http://www.bing.com/bingbot.htm) Chrome/116.0.1938.76 Safari/537.36" "-"
40.77.167.0 - - [31/Mar/2026:00:24:33 +0000] "GET /shop/item/scalar141640526726 HTTP/1.1" 200 73358 kaminibeauty.com "-" "Mozilla/5.0 AppleWebKit/537.36 (KHTML, like Gecko; compatible; bingbot/2.0; +http://www.bing.com/bingbot.htm) Chrome/116.0.1938.76 Safari/537.36" "-"
2a03:2880:f800:: - - [31/Mar/2026:00:24:34 +0000] "GET /shop/item/misseek161364819026?fileloc=/homepages/4/d4297730999/htdocs/wordpress/wp-admin/custom-header.php&path=/homepages/4/d4297730999/htdocs/wordpress/wp-admin HTTP/1.1" 200 13060 kaminibeauty.com "-" "meta-externalagent/1.1 (+https://developers.facebook.com/docs/sharing/webmasters/crawler)" "-"
66.249.66.0 - - [31/Mar/2026:00:24:35 +0000] "GET /shop/item/propidene153921745029 HTTP/1.1" 200 73358 kaminibeauty.com "-" "Mozilla/5.0 (Linux; Android 6.0.1; Nexus 5X Build/MMB29P) AppleWebKit/537.36 (KHTML, like Gecko) Chrome/146.0.7680.153 Mobile Safari/537.36 (compatible; Googlebot/2.1; +http://www.google.com/bot.html)" "-"
52.167.144.0 - - [31/Mar/2026:00:24:35 +0000] "GET /pw/?path=//etc/alternatives HTTP/1.1" 200 289108 www.kaminibeauty.com "-" "Mozilla/5.0 AppleWebKit/537.36 (KHTML, like Gecko; compatible; bingbot/2.0; +http://www.bing.com/bingbot.htm) Chrome/116.0.1938.76 Safari/537.36" "-"
52.167.144.0 - - [31/Mar/2026:00:24:36 +0000] "GET /shop/item/eelfare171729445902 HTTP/1.1" 200 73358 www.kaminibeauty.com "-" "Mozilla/5.0 AppleWebKit/537.36 (KHTML, like Gecko; compatible; bingbot/2.0; +http://www.bing.com/bingbot.htm) Chrome/116.0.1938.76 Safari/537.36" "-"
44.205.180.0 - - [31/Mar/2026:00:24:37 +0000] "GET /wp-login.php?path=//kunden/kunden/proc/self/root/proc/irq/272 HTTP/1.1" 200 22160 kaminibeauty.com "-" "Mozilla/5.0 AppleWebKit/537.36 (KHTML, like Gecko; compatible; Amazonbot/0.1; +https://developer.amazon.com/support/amazonbot) Chrome/119.0.6045.214 Safari/537.36" "-"
52.167.144.0 - - [31/Mar/2026:00:24:37 +0000] "GET /shop/item/catamenial19688086246?path=//proc/self HTTP/1.1" 410 322 kaminibeauty.com "-" "Mozilla/5.0 AppleWebKit/537.36 (KHTML, like Gecko; compatible; bingbot/2.0; +http://www.bing.com/bingbot.htm) Chrome/116.0.1938.76 Safari/537.36" "-"
216.73.216.0 - - [31/Mar/2026:00:24:37 +0000] "GET /?path=%2F%2Fkunden%2Fkunden%2Fkunden%2Fkunden%2Fvar%2Ftmp%2Fit_nonce_646436b2303241f2a77ee6f3ca2580b7 HTTP/1.1" 200 13023 www.kaminibeauty.com "-" "Mozilla/5.0 AppleWebKit/537.36 (KHTML, like Gecko; compatible; ClaudeBot/1.0; +claudebot@anthropic.com)" "-"
52.167.144.0 - - [31/Mar/2026:00:24:39 +0000] "GET /shop/item/rabdomancy162830746597 HTTP/1.1" 200 73358 kaminibeauty.com "-" "Mozilla/5.0 AppleWebKit/537.36 (KHTML, like Gecko; compatible; bingbot/2.0; +http://www.bing.com/bingbot.htm) Chrome/116.0.1938.76 Safari/537.36" "-"
52.167.144.0 - - [31/Mar/2026:00:24:39 +0000] "GET /shop/item/irishism171548604395 HTTP/1.1" 200 73358 kaminibeauty.com "-" "Mozilla/5.0 AppleWebKit/537.36 (KHTML, like Gecko; compatible; bingbot/2.0; +http://www.bing.com/bingbot.htm) Chrome/116.0.1938.76 Safari/537.36" "-"
184.73.167.0 - - [31/Mar/2026:00:24:39 +0000] "GET /wp-login.php?fileloc=//proc/self/root/lib/locale/mr_IN/LC_NAME&path=//proc/self/root/lib/locale/mr_IN HTTP/1.1" 200 12531 kaminibeauty.com "-" "Mozilla/5.0 AppleWebKit/537.36 (KHTML, like Gecko; compatible; Amazonbot/0.1; +https://developer.amazon.com/support/amazonbot) Chrome/119.0.6045.214 Safari/537.36" "-"
52.167.144.0 - - [31/Mar/2026:00:24:40 +0000] "GET /shop/item/emeraldine15742576185 HTTP/1.1" 200 73358 kaminibeauty.com "-" "Mozilla/5.0 AppleWebKit/537.36 (KHTML, like Gecko; compatible; bingbot/2.0; +http://www.bing.com/bingbot.htm) Chrome/116.0.1938.76 Safari/537.36" "-"
52.167.144.0 - - [31/Mar/2026:00:24:40 +0000] "GET /shop/item/domiciling123046118284 HTTP/1.1" 200 73358 kaminibeauty.com "-" "Mozilla/5.0 AppleWebKit/537.36 (KHTML, like Gecko; compatible; bingbot/2.0; +http://www.bing.com/bingbot.htm) Chrome/116.0.1938.76 Safari/537.36" "-"
2a03:2880:f800:: - - [31/Mar/2026:00:24:40 +0000] "GET /shop/item/misseek161364819026?fileloc=/homepages/4/d4297730999/htdocs/wordpress/wp-admin/upload.php&path=/homepages/4/d4297730999/htdocs/wordpress/wp-admin HTTP/1.1" 200 28977 kaminibeauty.com "-" "meta-externalagent/1.1 (+https://developers.facebook.com/docs/sharing/webmasters/crawler)" "-"
43.173.182.0 - - [31/Mar/2026:00:24:42 +0000] "GET /2015/06/?path=/homepages/4/d4297730999/htdocs/wordpress/wp-admin HTTP/1.1" 200 169875 kaminibeauty.com "-" "Mozilla/5.0 (Windows NT 10.0; Win64; x64) AppleWebKit/537.36 (KHTML, like Gecko) Chrome/116.0.0.0 Safari/537.36" "-"
43.173.180.0 - - [31/Mar/2026:00:24:42 +0000] "GET /2011/01/?fileloc=/homepages/4/d4297730999/htdocs/wordpress/inputs.php&path=/homepages/4/d4297730999/htdocs/wordpress HTTP/1.1" 200 12462 kaminibeauty.com "-" "Mozilla/5.0 (Windows NT 10.0; Win64; x64) AppleWebKit/537.36 (KHTML, like Gecko) Chrome/106.0.5249.119 Safari/537.36" "-"
216.73.216.0 - - [31/Mar/2026:00:24:42 +0000] "GET /?fileloc=%2F%2Fkunden%2Fetc%2Fpam.d%2Fcommon-account&path=%2F%2Fkunden%2Fetc%2Fpam.d HTTP/1.1" 200 13525 www.kaminibeauty.com "-" "Mozilla/5.0 AppleWebKit/537.36 (KHTML, like Gecko; compatible; ClaudeBot/1.0; +claudebot@anthropic.com)" "-"
40.77.167.0 - - [31/Mar/2026:00:24:43 +0000] "GET /shop/item/auricularia16800241392 HTTP/1.1" 200 73358 kaminibeauty.com "-" "Mozilla/5.0 AppleWebKit/537.36 (KHTML, like Gecko; compatible; bingbot/2.0; +http://www.bing.com/bingbot.htm) Chrome/116.0.1938.76 Safari/537.36" "-"
40.77.167.0 - - [31/Mar/2026:00:24:43 +0000] "GET /shop/item/broadcrested14380912909 HTTP/1.1" 200 73358 kaminibeauty.com "-" "Mozilla/5.0 AppleWebKit/537.36 (KHTML, like Gecko; compatible; bingbot/2.0; +http://www.bing.com/bingbot.htm) Chrome/116.0.1938.76 Safari/537.36" "-"
34.205.163.0 - - [31/Mar/2026:00:24:43 +0000] "GET /wp-login.php?path=//proc/self/root/lib/locale/ht_HT/LC_MESSAGES HTTP/1.1" 200 14493 kaminibeauty.com "-" "Mozilla/5.0 AppleWebKit/537.36 (KHTML, like Gecko; compatible; Amazonbot/0.1; +https://developer.amazon.com/support/amazonbot) Chrome/119.0.6045.214 Safari/537.36" "-"
2a03:2880:f800:: - - [31/Mar/2026:00:24:46 +0000] "GET /shop/item/aided172609473168?path=/homepages/4/d4297730999/htdocs/wordpress/ALFA%20TEAM HTTP/1.1" 200 15989 kaminibeauty.com "-" "meta-externalagent/1.1 (+https://developers.facebook.com/docs/sharing/webmasters/crawler)" "-"
52.167.144.0 - - [31/Mar/2026:00:24:47 +0000] "GET /shop/item/cellular172067502627 HTTP/1.1" 200 73358 www.kaminibeauty.com "-" "Mozilla/5.0 AppleWebKit/537.36 (KHTML, like Gecko; compatible; bingbot/2.0; +http://www.bing.com/bingbot.htm) Chrome/116.0.1938.76 Safari/537.36" "-"
52.73.142.0 - - [31/Mar/2026:00:24:47 +0000] "GET /?fileloc=//var/tmp/runlock-ws67192204-ws67192204:54d515ed882864933c7771d933621916c6421d7fb66ce66b0dd37b49&path=//var/tmp HTTP/1.1" 200 12306 kaminibeauty.com "-" "Mozilla/5.0 AppleWebKit/537.36 (KHTML, like Gecko; compatible; Amazonbot/0.1; +https://developer.amazon.com/support/amazonbot) Chrome/119.0.6045.214 Safari/537.36" "-"
40.77.167.0 - - [31/Mar/2026:00:24:47 +0000] "GET /shop/item/nacelle30898312570?path=//etc/ssh HTTP/1.1" 200 15373 kaminibeauty.com "-" "Mozilla/5.0 AppleWebKit/537.36 (KHTML, like Gecko; compatible; bingbot/2.0; +http://www.bing.com/bingbot.htm) Chrome/116.0.1938.76 Safari/537.36" "-"
52.167.144.0 - - [31/Mar/2026:00:24:48 +0000] "GET /shop/item/bulbel132854753719 HTTP/1.1" 200 73358 www.kaminibeauty.com "-" "Mozilla/5.0 AppleWebKit/537.36 (KHTML, like Gecko; compatible; bingbot/2.0; +http://www.bing.com/bingbot.htm) Chrome/116.0.1938.76 Safari/537.36" "-"
216.73.216.0 - - [31/Mar/2026:00:24:48 +0000] "GET /?fileloc=%2F%2Fkunden%2Fkunden%2Fkunden%2Fkunden%2Fkunden%2Fusr%2Fshare%2Fdoc%2Frrdtool%2Fhtml%2Frrdxport.html&path=%2F%2Fkunden%2Fkunden%2Fkunden%2Fkunden%2Fkunden%2Fusr%2Fshare%2Fdoc%2Frrdtool%2Fhtml HTTP/1.1" 200 27509 www.kaminibeauty.com "-" "Mozilla/5.0 AppleWebKit/537.36 (KHTML, like Gecko; compatible; ClaudeBot/1.0; +claudebot@anthropic.com)" "-"
40.77.167.0 - - [31/Mar/2026:00:24:48 +0000] "GET /shop/item/sebacic131188725133 HTTP/1.1" 200 73358 kaminibeauty.com "-" "Mozilla/5.0 AppleWebKit/537.36 (KHTML, like Gecko; compatible; bingbot/2.0; +http://www.bing.com/bingbot.htm) Chrome/116.0.1938.76 Safari/537.36" "-"
40.77.167.0 - - [31/Mar/2026:00:24:49 +0000] "GET /shop/item/thundery153062983779 HTTP/1.1" 200 73358 kaminibeauty.com "-" "Mozilla/5.0 AppleWebKit/537.36 (KHTML, like Gecko; compatible; bingbot/2.0; +http://www.bing.com/bingbot.htm) Chrome/116.0.1938.76 Safari/537.36" "-"
40.77.167.0 - - [31/Mar/2026:00:24:49 +0000] "GET /shop/item/bountihead132529603598 HTTP/1.1" 200 73358 kaminibeauty.com "-" "Mozilla/5.0 AppleWebKit/537.36 (KHTML, like Gecko; compatible; bingbot/2.0; +http://www.bing.com/bingbot.htm) Chrome/116.0.1938.76 Safari/537.36" "-"
74.7.242.0 - - [31/Mar/2026:00:24:49 +0000] "GET /shop/item/wrawness1763395948?path=//tmp HTTP/1.1" 200 928895 kaminibeauty.com "https://kaminibeauty.com/shop/item/wrawness1763395948?path=/" "Mozilla/5.0 AppleWebKit/537.36 (KHTML, like Gecko; compatible; GPTBot/1.3; +https://openai.com/gptbot)" "-"
40.77.167.0 - - [31/Mar/2026:00:24:49 +0000] "GET /shop/item/decipherment122793486986 HTTP/1.1" 200 73358 kaminibeauty.com "-" "Mozilla/5.0 AppleWebKit/537.36 (KHTML, like Gecko; compatible; bingbot/2.0; +http://www.bing.com/bingbot.htm) Chrome/116.0.1938.76 Safari/537.36" "-"
2a03:2880:f800:: - - [31/Mar/2026:00:24:51 +0000] "GET /shop/item/discamp161249595496?path=/homepages/4/d4297730999/htdocs/wordpress/ALFA%20TEAM HTTP/1.1" 200 15989 kaminibeauty.com "-" "meta-externalagent/1.1 (+https://developers.facebook.com/docs/sharing/webmasters/crawler)" "-"
3.232.39.0 - - [31/Mar/2026:00:24:52 +0000] "GET /wp-login.php?fileloc=//kunden/proc/thread-self/root/lib/locale/uz_UZ/LC_ADDRESS&path=//kunden/proc/thread-self/root/lib/locale/uz_UZ HTTP/1.1" 200 12595 kaminibeauty.com "-" "Mozilla/5.0 AppleWebKit/537.36 (KHTML, like Gecko; compatible; Amazonbot/0.1; +https://developer.amazon.com/support/amazonbot) Chrome/119.0.6045.214 Safari/537.36" "-"
216.73.216.0 - - [31/Mar/2026:00:24:53 +0000] "GET /?fileloc=%2F%2Fkunden%2Fkunden%2Fkunden%2Fkunden%2Fproc%2Fself%2Froot%2Fproc%2Fself%2Froot%2Fbin%2Fpnmtile&path=%2F%2Fkunden%2Fkunden%2Fkunden%2Fkunden%2Fproc%2Fself%2Froot%2Fproc%2Fself%2Froot%2Fbin HTTP/1.1" 200 12926 www.kaminibeauty.com "-" "Mozilla/5.0 AppleWebKit/537.36 (KHTML, like Gecko; compatible; ClaudeBot/1.0; +claudebot@anthropic.com)" "-"
40.77.167.0 - - [31/Mar/2026:00:24:54 +0000] "GET /shop/item/elancing162820142157 HTTP/1.1" 200 73358 kaminibeauty.com "-" "Mozilla/5.0 AppleWebKit/537.36 (KHTML, like Gecko; compatible; bingbot/2.0; +http://www.bing.com/bingbot.htm) Chrome/116.0.1938.76 Safari/537.36" "-"
40.77.167.0 - - [31/Mar/2026:00:24:55 +0000] "GET /shop/item/restrictions163994061531 HTTP/1.1" 200 73358 kaminibeauty.com "-" "Mozilla/5.0 AppleWebKit/537.36 (KHTML, like Gecko; compatible; bingbot/2.0; +http://www.bing.com/bingbot.htm) Chrome/116.0.1938.76 Safari/537.36" "-"
44.218.170.0 - - [31/Mar/2026:00:24:55 +0000] "GET /?path=//kunden/kunden/homepages/29/d4296765550 HTTP/1.1" 200 20138 www.kaminibeauty.com "-" "Mozilla/5.0 AppleWebKit/537.36 (KHTML, like Gecko; compatible; Amazonbot/0.1; +https://developer.amazon.com/support/amazonbot) Chrome/119.0.6045.214 Safari/537.36" "-"
40.77.167.0 - - [31/Mar/2026:00:24:55 +0000] "GET /shop/item/aldermanly142664468350 HTTP/1.1" 200 73358 kaminibeauty.com "-" "Mozilla/5.0 AppleWebKit/537.36 (KHTML, like Gecko; compatible; bingbot/2.0; +http://www.bing.com/bingbot.htm) Chrome/116.0.1938.76 Safari/537.36" "-"
40.77.167.0 - - [31/Mar/2026:00:24:55 +0000] "GET /shop/item/ranch11398846498 HTTP/1.1" 200 73358 kaminibeauty.com "-" "Mozilla/5.0 AppleWebKit/537.36 (KHTML, like Gecko; compatible; bingbot/2.0; +http://www.bing.com/bingbot.htm) Chrome/116.0.1938.76 Safari/537.36" "-"
40.77.167.0 - - [31/Mar/2026:00:24:56 +0000] "GET /shop/item/morrow163969618354 HTTP/1.1" 200 73358 kaminibeauty.com "-" "Mozilla/5.0 AppleWebKit/537.36 (KHTML, like Gecko; compatible; bingbot/2.0; +http://www.bing.com/bingbot.htm) Chrome/116.0.1938.76 Safari/537.36" "-"
2a03:2880:f800:: - - [31/Mar/2026:00:24:56 +0000] "GET /shop/item/vervelled111505372324?path=/homepages/4/d4297730999/htdocs/wordpress/ALFA%20TEAM HTTP/1.1" 200 15989 kaminibeauty.com "-" "meta-externalagent/1.1 (+https://developers.facebook.com/docs/sharing/webmasters/crawler)" "-"
66.249.66.0 - - [31/Mar/2026:00:24:57 +0000] "GET /?fileloc=/homepages/4/d4297730999/htdocs/wordpress/item.php?shop/item/mediums154199703751 HTTP/1.1" 200 12490 kaminibeauty.com "-" "Mozilla/5.0 (Linux; Android 6.0.1; Nexus 5X Build/MMB29P) AppleWebKit/537.36 (KHTML, like Gecko) Chrome/146.0.7680.153 Mobile Safari/537.36 (compatible; Googlebot/2.1; +http://www.google.com/bot.html)" "-"
216.73.216.0 - - [31/Mar/2026:00:24:58 +0000] "GET /?fileloc=%2F%2Fkunden%2Fkunden%2Fkunden%2Fkunden%2Fproc%2Fself%2Froot%2Fproc%2Fself%2Froot%2Fbin%2Fpwd&path=%2F%2Fkunden%2Fkunden%2Fkunden%2Fkunden%2Fproc%2Fself%2Froot%2Fproc%2Fself%2Froot%2Fbin HTTP/1.1" 200 12922 www.kaminibeauty.com "-" "Mozilla/5.0 AppleWebKit/537.36 (KHTML, like Gecko; compatible; ClaudeBot/1.0; +claudebot@anthropic.com)" "-"
40.77.167.0 - - [31/Mar/2026:00:24:58 +0000] "GET /shop/item/macropodal17365533293 HTTP/1.1" 200 73358 www.kaminibeauty.com "-" "Mozilla/5.0 AppleWebKit/537.36 (KHTML, like Gecko; compatible; bingbot/2.0; +http://www.bing.com/bingbot.htm) Chrome/116.0.1938.76 Safari/537.36" "-"
66.249.66.0 - - [31/Mar/2026:00:24:58 +0000] "GET /shop/item/queenhood162829371775 HTTP/1.1" 200 73358 kaminibeauty.com "-" "Mozilla/5.0 (Linux; Android 6.0.1; Nexus 5X Build/MMB29P) AppleWebKit/537.36 (KHTML, like Gecko) Chrome/146.0.7680.153 Mobile Safari/537.36 (compatible; Googlebot/2.1; +http://www.google.com/bot.html)" "-"
3.232.102.0 - - [31/Mar/2026:00:24:59 +0000] "GET /wp-login.php?fileloc=//homepages/4/d4297730999/htdocs/wordpress/wp-includes/pluggable-deprecated.php&path=//homepages/4/d4297730999/htdocs/wordpress/wp-includes HTTP/1.1" 200 18934 kaminibeauty.com "-" "Mozilla/5.0 AppleWebKit/537.36 (KHTML, like Gecko; compatible; Amazonbot/0.1; +https://developer.amazon.com/support/amazonbot) Chrome/119.0.6045.214 Safari/537.36" "-"
40.77.167.0 - - [31/Mar/2026:00:24:59 +0000] "GET /shop/item/drollest173385286320 HTTP/1.1" 200 73358 kaminibeauty.com "-" "Mozilla/5.0 AppleWebKit/537.36 (KHTML, like Gecko; compatible; bingbot/2.0; +http://www.bing.com/bingbot.htm) Chrome/116.0.1938.76 Safari/537.36" "-"
40.77.167.0 - - [31/Mar/2026:00:25:00 +0000] "GET /shop/item/scouring152390064992 HTTP/1.1" 200 73358 kaminibeauty.com "-" "Mozilla/5.0 AppleWebKit/537.36 (KHTML, like Gecko; compatible; bingbot/2.0; +http://www.bing.com/bingbot.htm) Chrome/116.0.1938.76 Safari/537.36" "-"
40.77.167.0 - - [31/Mar/2026:00:25:00 +0000] "GET /shop/item/agrostemma171437482544 HTTP/1.1" 200 73358 kaminibeauty.com "-" "Mozilla/5.0 AppleWebKit/537.36 (KHTML, like Gecko; compatible; bingbot/2.0; +http://www.bing.com/bingbot.htm) Chrome/116.0.1938.76 Safari/537.36" "-"
40.77.167.0 - - [31/Mar/2026:00:25:00 +0000] "GET /shop/item/vinose163350461502 HTTP/1.1" 200 73358 kaminibeauty.com "-" "Mozilla/5.0 AppleWebKit/537.36 (KHTML, like Gecko; compatible; bingbot/2.0; +http://www.bing.com/bingbot.htm) Chrome/116.0.1938.76 Safari/537.36" "-"
40.77.167.0 - - [31/Mar/2026:00:25:01 +0000] "GET /shop/item/pincher162630606327 HTTP/1.1" 200 73358 kaminibeauty.com "-" "Mozilla/5.0 AppleWebKit/537.36 (KHTML, like Gecko; compatible; bingbot/2.0; +http://www.bing.com/bingbot.htm) Chrome/116.0.1938.76 Safari/537.36" "-"
2a03:2880:f800:: - - [31/Mar/2026:00:25:01 +0000] "GET /shop/item/misseek161364819026?fileloc=/homepages/4/d4297730999/htdocs/wordpress/wp-admin/admin-footer.php&path=/homepages/4/d4297730999/htdocs/wordpress/wp-admin HTTP/1.1" 200 15794 kaminibeauty.com "-" "meta-externalagent/1.1 (+https://developers.facebook.com/docs/sharing/webmasters/crawler)" "-"
40.77.167.0 - - [31/Mar/2026:00:25:01 +0000] "GET /shop/item/twoply161007140420 HTTP/1.1" 200 73358 kaminibeauty.com "-" "Mozilla/5.0 AppleWebKit/537.36 (KHTML, like Gecko; compatible; bingbot/2.0; +http://www.bing.com/bingbot.htm) Chrome/116.0.1938.76 Safari/537.36" "-"
40.77.167.0 - - [31/Mar/2026:00:25:02 +0000] "GET /shop/item/squamellae16523124304 HTTP/1.1" 200 73358 kaminibeauty.com "-" "Mozilla/5.0 AppleWebKit/537.36 (KHTML, like Gecko; compatible; bingbot/2.0; +http://www.bing.com/bingbot.htm) Chrome/116.0.1938.76 Safari/537.36" "-"
40.77.167.0 - - [31/Mar/2026:00:25:02 +0000] "GET /shop/item/crisscrossrow151041329593 HTTP/1.1" 200 73358 kaminibeauty.com "-" "Mozilla/5.0 AppleWebKit/537.36 (KHTML, like Gecko; compatible; bingbot/2.0; +http://www.bing.com/bingbot.htm) Chrome/116.0.1938.76 Safari/537.36" "-"
216.73.216.0 - - [31/Mar/2026:00:25:03 +0000] "GET /?fileloc=%2F%2Fkunden%2Fkunden%2Fkunden%2Fkunden%2Fproc%2Fself%2Froot%2Fproc%2Fself%2Froot%2Fbin%2Fpgmnoise&path=%2F%2Fkunden%2Fkunden%2Fkunden%2Fkunden%2Fproc%2Fself%2Froot%2Fproc%2Fself%2Froot%2Fbin HTTP/1.1" 200 12927 www.kaminibeauty.com "-" "Mozilla/5.0 AppleWebKit/537.36 (KHTML, like Gecko; compatible; ClaudeBot/1.0; +claudebot@anthropic.com)" "-"
40.77.167.0 - - [31/Mar/2026:00:25:03 +0000] "GET /shop/item/reassessment151852134029 HTTP/1.1" 200 73358 kaminibeauty.com "-" "Mozilla/5.0 AppleWebKit/537.36 (KHTML, like Gecko; compatible; bingbot/2.0; +http://www.bing.com/bingbot.htm) Chrome/116.0.1938.76 Safari/537.36" "-"
44.221.105.0 - - [31/Mar/2026:00:25:03 +0000] "GET /?fileloc=//kunden/kunden/lib/locale/ar_TN.utf8/LC_IDENTIFICATION&path=//kunden/kunden/lib/locale/ar_TN.utf8 HTTP/1.1" 200 12447 www.kaminibeauty.com "-" "Mozilla/5.0 AppleWebKit/537.36 (KHTML, like Gecko; compatible; Amazonbot/0.1; +https://developer.amazon.com/support/amazonbot) Chrome/119.0.6045.214 Safari/537.36" "-"
40.77.167.0 - - [31/Mar/2026:00:25:03 +0000] "GET /shop/item/orichalch172132922920 HTTP/1.1" 200 73358 kaminibeauty.com "-" "Mozilla/5.0 AppleWebKit/537.36 (KHTML, like Gecko; compatible; bingbot/2.0; +http://www.bing.com/bingbot.htm) Chrome/116.0.1938.76 Safari/537.36" "-"
2c0f:4280:6000:: - - [31/Mar/2026:00:25:04 +0000] "GET /shop/item/hillside132192729832 HTTP/1.1" 200 73358 kaminibeauty.com "http://images.google.com/images?q=%22Cryptanthus+bahianus%22" "Mozilla/5.0 (Macintosh; Intel Mac OS X 10_15_7) AppleWebKit/537.36 (KHTML, like Gecko) Chrome/135.0.0.0 Safari/537.36" "-"
40.77.167.0 - - [31/Mar/2026:00:25:05 +0000] "GET /pw/?path=//lib/gold-ld HTTP/1.1" 200 14036 www.kaminibeauty.com "-" "Mozilla/5.0 AppleWebKit/537.36 (KHTML, like Gecko; compatible; bingbot/2.0; +http://www.bing.com/bingbot.htm) Chrome/116.0.1938.76 Safari/537.36" "-"
2a03:2880:f800:: - - [31/Mar/2026:00:25:06 +0000] "GET /shop/item/misseek161364819026?fileloc=/homepages/4/d4297730999/htdocs/wordpress/wp-admin/ms-upgrade-network.php&path=/homepages/4/d4297730999/htdocs/wordpress/wp-admin HTTP/1.1" 200 12785 kaminibeauty.com "-" "meta-externalagent/1.1 (+https://developers.facebook.com/docs/sharing/webmasters/crawler)" "-"
66.249.76.0 - - [31/Mar/2026:00:25:06 +0000] "GET /shop/item/chloroplast16892358349 HTTP/1.1" 200 73358 kaminibeauty.com "-" "Mozilla/5.0 (Linux; Android 6.0.1; Nexus 5X Build/MMB29P) AppleWebKit/537.36 (KHTML, like Gecko) Chrome/146.0.7680.164 Mobile Safari/537.36 (compatible; Googlebot/2.1; +http://www.google.com/bot.html)" "-"
18.205.127.0 - - [31/Mar/2026:00:25:07 +0000] "GET /?fileloc=//proc/thread-self/root/var/tmp/runlock-ws67317492-ws67317492:54d515ed882864933c7771d933621916c6421d7fb66ce66b0dd37b49&path=//proc/thread-self/root/var/tmp HTTP/1.1" 200 12504 www.kaminibeauty.com "-" "Mozilla/5.0 AppleWebKit/537.36 (KHTML, like Gecko; compatible; Amazonbot/0.1; +https://developer.amazon.com/support/amazonbot) Chrome/119.0.6045.214 Safari/537.36" "-"
216.73.216.0 - - [31/Mar/2026:00:25:08 +0000] "GET /?fileloc=%2F%2Fkunden%2Fkunden%2Fkunden%2Fkunden%2Fkunden%2Fusr%2Fshare%2Fghostscript%2F9.53.3%2FResource%2FCMap%2FAdobe-CNS1-0&path=%2F%2Fkunden%2Fkunden%2Fkunden%2Fkunden%2Fkunden%2Fusr%2Fshare%2Fghostscript%2F9.53.3%2FResource%2FCMap HTTP/1.1" 200 17542 www.kaminibeauty.com "-" "Mozilla/5.0 AppleWebKit/537.36 (KHTML, like Gecko; compatible; ClaudeBot/1.0; +claudebot@anthropic.com)" "-"
40.77.167.0 - - [31/Mar/2026:00:25:08 +0000] "GET /shop/item/frontispiece142561501797 HTTP/1.1" 200 73358 kaminibeauty.com "-" "Mozilla/5.0 AppleWebKit/537.36 (KHTML, like Gecko; compatible; bingbot/2.0; +http://www.bing.com/bingbot.htm) Chrome/116.0.1938.76 Safari/537.36" "-"
40.77.167.0 - - [31/Mar/2026:00:25:09 +0000] "GET /shop/item/moutan173787310323 HTTP/1.1" 200 73358 kaminibeauty.com "-" "Mozilla/5.0 AppleWebKit/537.36 (KHTML, like Gecko; compatible; bingbot/2.0; +http://www.bing.com/bingbot.htm) Chrome/116.0.1938.76 Safari/537.36" "-"
40.77.167.0 - - [31/Mar/2026:00:25:09 +0000] "GET /shop/item/pinche15855722678 HTTP/1.1" 200 73358 kaminibeauty.com "-" "Mozilla/5.0 AppleWebKit/537.36 (KHTML, like Gecko; compatible; bingbot/2.0; +http://www.bing.com/bingbot.htm) Chrome/116.0.1938.76 Safari/537.36" "-"
2a03:2880:f800:: - - [31/Mar/2026:00:25:09 +0000] "GET /shop/item/misseek161364819026?fileloc=/homepages/4/d4297730999/htdocs/wordpress/wp-admin/site-health.php&path=/homepages/4/d4297730999/htdocs/wordpress/wp-admin HTTP/1.1" 200 24783 kaminibeauty.com "-" "meta-externalagent/1.1 (+https://developers.facebook.com/docs/sharing/webmasters/crawler)" "-"
40.77.167.0 - - [31/Mar/2026:00:25:10 +0000] "GET /shop/item/bumboat16993328985 HTTP/1.1" 200 73358 kaminibeauty.com "-" "Mozilla/5.0 AppleWebKit/537.36 (KHTML, like Gecko; compatible; bingbot/2.0; +http://www.bing.com/bingbot.htm) Chrome/116.0.1938.76 Safari/537.36" "-"
40.77.167.0 - - [31/Mar/2026:00:25:10 +0000] "GET /shop/item/xylogen154273244503 HTTP/1.1" 200 73358 kaminibeauty.com "-" "Mozilla/5.0 AppleWebKit/537.36 (KHTML, like Gecko; compatible; bingbot/2.0; +http://www.bing.com/bingbot.htm) Chrome/116.0.1938.76 Safari/537.36" "-"
34.239.85.0 - - [31/Mar/2026:00:25:11 +0000] "GET /wp-admin/js/index.php?fileloc=//kunden/bin/ksh&path=//kunden/bin HTTP/1.1" 200 12235 www.kaminibeauty.com "-" "Mozilla/5.0 AppleWebKit/537.36 (KHTML, like Gecko; compatible; Amazonbot/0.1; +https://developer.amazon.com/support/amazonbot) Chrome/119.0.6045.214 Safari/537.36" "-"
74.7.241.0 - - [31/Mar/2026:00:25:12 +0000] "GET /?path=//kunden/kunden/kunden/kunden/kunden/kunden/proc/thread-self/root/kunden/kunden/kunden/kunden/kunden/kunden/kunden/kunden/kunden/kunden/kunden/kunden/kunden/kunden/var/lib/pam HTTP/1.1" 200 28166 www.kaminibeauty.com "http://www.kaminibeauty.com/?path=//kunden/kunden/kunden/kunden/kunden/kunden/proc/thread-self/root/kunden/kunden/kunden/kunden/kunden/kunden/kunden/kunden/kunden/kunden/kunden/kunden/kunden/kunden/var/lib" "Mozilla/5.0 AppleWebKit/537.36 (KHTML, like Gecko; compatible; GPTBot/1.3; +https://openai.com/gptbot)" "-"
216.73.216.0 - - [31/Mar/2026:00:25:13 +0000] "GET /?fileloc=%2F%2Fkunden%2Fkunden%2Fkunden%2Fkunden%2Fkunden%2Fusr%2Fshare%2Fghostscript%2F9.53.3%2FResource%2FCMap%2FUniGB-UTF8-V&path=%2F%2Fkunden%2Fkunden%2Fkunden%2Fkunden%2Fkunden%2Fusr%2Fshare%2Fghostscript%2F9.53.3%2FResource%2FCMap HTTP/1.1" 200 16318 www.kaminibeauty.com "-" "Mozilla/5.0 AppleWebKit/537.36 (KHTML, like Gecko; compatible; ClaudeBot/1.0; +claudebot@anthropic.com)" "-"
74.7.242.0 - - [31/Mar/2026:00:25:13 +0000] "GET /shop/item/calymene1692488529?path=//mnt HTTP/1.1" 200 15177 kaminibeauty.com "https://kaminibeauty.com/shop/item/calymene1692488529?path=/" "Mozilla/5.0 AppleWebKit/537.36 (KHTML, like Gecko; compatible; GPTBot/1.3; +https://openai.com/gptbot)" "-"
66.249.66.0 - - [31/Mar/2026:00:25:13 +0000] "GET /?fileloc=//kunden/kunden/kunden/kunden/kunden/kunden/proc/thread-self/root/kunden/kunden/kunden/kunden/kunden/kunden/kunden/kunden/kunden/kunden/kunden/kunden/kunden/usr/bin/import&path=//kunden/kunden/kunden/kunden/kunden/kunden/proc/thread-self/root/kunden/kunden/kunden/kunden/kunden/kunden/kunden/kunden/kunden/kunden/kunden/kunden/kunden/usr/bin HTTP/1.1" 200 15116 www.kaminibeauty.com "-" "Mozilla/5.0 (Linux; Android 6.0.1; Nexus 5X Build/MMB29P) AppleWebKit/537.36 (KHTML, like Gecko) Chrome/146.0.7680.153 Mobile Safari/537.36 (compatible; Googlebot/2.1; +http://www.google.com/bot.html)" "-"
2a03:2880:f800:: - - [31/Mar/2026:00:25:14 +0000] "GET /shop/item/misseek161364819026?fileloc=/homepages/4/d4297730999/htdocs/wordpress/wp-admin/profile.php&path=/homepages/4/d4297730999/htdocs/wordpress/wp-admin HTTP/1.1" 429 267 kaminibeauty.com "-" "meta-externalagent/1.1 (+https://developers.facebook.com/docs/sharing/webmasters/crawler)" "-"
40.77.167.0 - - [31/Mar/2026:00:25:15 +0000] "GET /shop/item/buzzardet143090997968 HTTP/1.1" 200 73358 kaminibeauty.com "-" "Mozilla/5.0 AppleWebKit/537.36 (KHTML, like Gecko; compatible; bingbot/2.0; +http://www.bing.com/bingbot.htm) Chrome/116.0.1938.76 Safari/537.36" "-"
40.77.167.0 - - [31/Mar/2026:00:25:15 +0000] "GET /shop/item/prudently113203977022 HTTP/1.1" 200 73358 kaminibeauty.com "-" "Mozilla/5.0 AppleWebKit/537.36 (KHTML, like Gecko; compatible; bingbot/2.0; +http://www.bing.com/bingbot.htm) Chrome/116.0.1938.76 Safari/537.36" "-"
3.89.176.0 - - [31/Mar/2026:00:25:15 +0000] "GET /wp-login.php?fileloc=//proc/self/root/lib/locale/ce_RU/LC_PAPER&path=//proc/self/root/lib/locale/ce_RU HTTP/1.1" 200 12459 kaminibeauty.com "-" "Mozilla/5.0 AppleWebKit/537.36 (KHTML, like Gecko; compatible; Amazonbot/0.1; +https://developer.amazon.com/support/amazonbot) Chrome/119.0.6045.214 Safari/537.36" "-"
40.77.167.0 - - [31/Mar/2026:00:25:15 +0000] "GET /shop/item/aforehand162679559062 HTTP/1.1" 200 73358 kaminibeauty.com "-" "Mozilla/5.0 AppleWebKit/537.36 (KHTML, like Gecko; compatible; bingbot/2.0; +http://www.bing.com/bingbot.htm) Chrome/116.0.1938.76 Safari/537.36" "-"
66.249.76.0 - - [31/Mar/2026:00:25:16 +0000] "GET /?fileloc=//kunden/kunden/kunden/kunden/kunden/kunden/proc/thread-self/root/kunden/kunden/kunden/kunden/kunden/kunden/kunden/kunden/kunden/kunden/kunden/kunden/kunden/usr/bin/lzop&path=//kunden/kunden/kunden/kunden/kunden/kunden/proc/thread-self/root/kunden/kunden/kunden/kunden/kunden/kunden/kunden/kunden/kunden/kunden/kunden/kunden/kunden/usr/bin HTTP/1.1" 200 15114 www.kaminibeauty.com "-" "Mozilla/5.0 (Linux; Android 6.0.1; Nexus 5X Build/MMB29P) AppleWebKit/537.36 (KHTML, like Gecko) Chrome/146.0.7680.153 Mobile Safari/537.36 (compatible; Googlebot/2.1; +http://www.google.com/bot.html)" "-"
40.77.167.0 - - [31/Mar/2026:00:25:16 +0000] "GET /shop/item/lifesizedlimacfsimacz124289888642 HTTP/1.1" 200 73358 kaminibeauty.com "-" "Mozilla/5.0 AppleWebKit/537.36 (KHTML, like Gecko; compatible; bingbot/2.0; +http://www.bing.com/bingbot.htm) Chrome/116.0.1938.76 Safari/537.36" "-"
40.77.167.0 - - [31/Mar/2026:00:25:16 +0000] "GET /shop/item/formeer163770709775 HTTP/1.1" 200 73358 kaminibeauty.com "-" "Mozilla/5.0 AppleWebKit/537.36 (KHTML, like Gecko; compatible; bingbot/2.0; +http://www.bing.com/bingbot.htm) Chrome/116.0.1938.76 Safari/537.36" "-"
216.73.216.0 - - [31/Mar/2026:00:25:18 +0000] "GET /?fileloc=%2F%2Fkunden%2Fkunden%2Fkunden%2Fkunden%2Fproc%2Fself%2Froot%2Fproc%2Fself%2Froot%2Fbin%2Fpstopnm&path=%2F%2Fkunden%2Fkunden%2Fkunden%2Fkunden%2Fproc%2Fself%2Froot%2Fproc%2Fself%2Froot%2Fbin HTTP/1.1" 200 12926 www.kaminibeauty.com "-" "Mozilla/5.0 AppleWebKit/537.36 (KHTML, like Gecko; compatible; ClaudeBot/1.0; +claudebot@anthropic.com)" "-"
2a03:2880:f800:: - - [31/Mar/2026:00:25:18 +0000] "GET /shop/item/aligned16403021627?fileloc=/homepages/4/d4297730999/htdocs/wordpress/wp-admin/options-permalink.php&path=/homepages/4/d4297730999/htdocs/wordpress/wp-admin HTTP/1.1" 429 267 kaminibeauty.com "-" "meta-externalagent/1.1 (+https://developers.facebook.com/docs/sharing/webmasters/crawler)" "-"
2a03:2880:f800:: - - [31/Mar/2026:00:25:18 +0000] "GET /shop/item/misseek161364819026?fileloc=/homepages/4/d4297730999/htdocs/wordpress/wp-admin/async-upload.php&path=/homepages/4/d4297730999/htdocs/wordpress/wp-admin HTTP/1.1" 429 267 kaminibeauty.com "-" "meta-externalagent/1.1 (+https://developers.facebook.com/docs/sharing/webmasters/crawler)" "-"
54.90.244.0 - - [31/Mar/2026:00:25:19 +0000] "GET /?fileloc=//kunden/lib/locale/ar_SS/LC_TIME&path=//kunden/lib/locale/ar_SS HTTP/1.1" 200 12351 www.kaminibeauty.com "-" "Mozilla/5.0 AppleWebKit/537.36 (KHTML, like Gecko; compatible; Amazonbot/0.1; +https://developer.amazon.com/support/amazonbot) Chrome/119.0.6045.214 Safari/537.36" "-"
40.77.167.0 - - [31/Mar/2026:00:25:20 +0000] "GET /shop/item/enridge161431973369 HTTP/1.1" 200 73358 kaminibeauty.com "-" "Mozilla/5.0 AppleWebKit/537.36 (KHTML, like Gecko; compatible; bingbot/2.0; +http://www.bing.com/bingbot.htm) Chrome/116.0.1938.76 Safari/537.36" "-"
40.77.167.0 - - [31/Mar/2026:00:25:20 +0000] "GET /shop/item/gravidation113669347812 HTTP/1.1" 200 73358 kaminibeauty.com "-" "Mozilla/5.0 AppleWebKit/537.36 (KHTML, like Gecko; compatible; bingbot/2.0; +http://www.bing.com/bingbot.htm) Chrome/116.0.1938.76 Safari/537.36" "-"
40.77.167.0 - - [31/Mar/2026:00:25:20 +0000] "GET /shop/item/appetite171450351672 HTTP/1.1" 200 73358 kaminibeauty.com "-" "Mozilla/5.0 AppleWebKit/537.36 (KHTML, like Gecko; compatible; bingbot/2.0; +http://www.bing.com/bingbot.htm) Chrome/116.0.1938.76 Safari/537.36" "-"
40.77.167.0 - - [31/Mar/2026:00:25:21 +0000] "GET /shop/item/sisters161363427508 HTTP/1.1" 200 73358 kaminibeauty.com "-" "Mozilla/5.0 AppleWebKit/537.36 (KHTML, like Gecko; compatible; bingbot/2.0; +http://www.bing.com/bingbot.htm) Chrome/116.0.1938.76 Safari/537.36" "-"
40.77.167.0 - - [31/Mar/2026:00:25:21 +0000] "GET /shop/item/exoskeleton132293068918 HTTP/1.1" 200 73358 kaminibeauty.com "-" "Mozilla/5.0 AppleWebKit/537.36 (KHTML, like Gecko; compatible; bingbot/2.0; +http://www.bing.com/bingbot.htm) Chrome/116.0.1938.76 Safari/537.36" "-"
66.249.66.0 - - [31/Mar/2026:00:25:21 +0000] "GET /shop/item/saccopteryx112013342632 HTTP/1.1" 200 73358 kaminibeauty.com "-" "Mozilla/5.0 (Linux; Android 6.0.1; Nexus 5X Build/MMB29P) AppleWebKit/537.36 (KHTML, like Gecko) Chrome/146.0.7680.153 Mobile Safari/537.36 (compatible; Googlebot/2.1; +http://www.google.com/bot.html)" "-"
40.77.167.0 - - [31/Mar/2026:00:25:22 +0000] "GET /shop/item/variscite172423965058 HTTP/1.1" 200 73358 kaminibeauty.com "-" "Mozilla/5.0 AppleWebKit/537.36 (KHTML, like Gecko; compatible; bingbot/2.0; +http://www.bing.com/bingbot.htm) Chrome/116.0.1938.76 Safari/537.36" "-"
40.77.167.0 - - [31/Mar/2026:00:25:22 +0000] "GET /shop/item/etude15227789802 HTTP/1.1" 200 73358 kaminibeauty.com "-" "Mozilla/5.0 AppleWebKit/537.36 (KHTML, like Gecko; compatible; bingbot/2.0; +http://www.bing.com/bingbot.htm) Chrome/116.0.1938.76 Safari/537.36" "-"
216.73.216.0 - - [31/Mar/2026:00:25:23 +0000] "GET /?fileloc=%2F%2Fkunden%2Fkunden%2Fkunden%2Fkunden%2Fproc%2Fself%2Froot%2Fproc%2Fself%2Froot%2Fbin%2Fmgrtopbm&path=%2F%2Fkunden%2Fkunden%2Fkunden%2Fkunden%2Fproc%2Fself%2Froot%2Fproc%2Fself%2Froot%2Fbin HTTP/1.1" 200 12927 www.kaminibeauty.com "-" "Mozilla/5.0 AppleWebKit/537.36 (KHTML, like Gecko; compatible; ClaudeBot/1.0; +claudebot@anthropic.com)" "-"
40.77.167.0 - - [31/Mar/2026:00:25:23 +0000] "GET /shop/item/gyronny16751616667 HTTP/1.1" 200 73358 kaminibeauty.com "-" "Mozilla/5.0 AppleWebKit/537.36 (KHTML, like Gecko; compatible; bingbot/2.0; +http://www.bing.com/bingbot.htm) Chrome/116.0.1938.76 Safari/537.36" "-"
2a03:2880:f800:: - - [31/Mar/2026:00:25:23 +0000] "GET /shop/item/aligned16403021627?fileloc=/homepages/4/d4297730999/htdocs/wordpress/wp-admin/options-head.php&path=/homepages/4/d4297730999/htdocs/wordpress/wp-admin HTTP/1.1" 429 267 kaminibeauty.com "-" "meta-externalagent/1.1 (+https://developers.facebook.com/docs/sharing/webmasters/crawler)" "-"
40.77.167.0 - - [31/Mar/2026:00:25:23 +0000] "GET /shop/item/sensitizer151931408706 HTTP/1.1" 200 73358 kaminibeauty.com "-" "Mozilla/5.0 AppleWebKit/537.36 (KHTML, like Gecko; compatible; bingbot/2.0; +http://www.bing.com/bingbot.htm) Chrome/116.0.1938.76 Safari/537.36" "-"
40.77.167.0 - - [31/Mar/2026:00:25:23 +0000] "GET /shop/item/calippic13312443151 HTTP/1.1" 200 73358 kaminibeauty.com "-" "Mozilla/5.0 AppleWebKit/537.36 (KHTML, like Gecko; compatible; bingbot/2.0; +http://www.bing.com/bingbot.htm) Chrome/116.0.1938.76 Safari/537.36" "-"
2a03:2880:f800:: - - [31/Mar/2026:00:25:24 +0000] "GET /shop/item/aligned16403021627?fileloc=/homepages/4/d4297730999/htdocs/wordpress/wp-admin/upgrade-functions.php&path=/homepages/4/d4297730999/htdocs/wordpress/wp-admin HTTP/1.1" 429 267 kaminibeauty.com "-" "meta-externalagent/1.1 (+https://developers.facebook.com/docs/sharing/webmasters/crawler)" "-"
3.217.171.0 - - [31/Mar/2026:00:25:25 +0000] "GET /wp-login.php?fileloc=//kunden/proc/thread-self/cwd/wp-admin/css/customize-nav-menus-rtl.css&path=//kunden/proc/thread-self/cwd/wp-admin/css HTTP/1.1" 200 34938 kaminibeauty.com "-" "Mozilla/5.0 AppleWebKit/537.36 (KHTML, like Gecko; compatible; Amazonbot/0.1; +https://developer.amazon.com/support/amazonbot) Chrome/119.0.6045.214 Safari/537.36" "-"
66.249.76.0 - - [31/Mar/2026:00:25:25 +0000] "GET /shop/item/actively10326673655?fileloc=//bin/ps2pdf&path=//bin HTTP/1.1" 200 12520 kaminibeauty.com "-" "Mozilla/5.0 (Linux; Android 6.0.1; Nexus 5X Build/MMB29P) AppleWebKit/537.36 (KHTML, like Gecko) Chrome/146.0.7680.153 Mobile Safari/537.36 (compatible; GoogleOther)" "-"
40.77.167.0 - - [31/Mar/2026:00:25:26 +0000] "GET /shop/item/camera12559847513 HTTP/1.1" 200 73358 www.kaminibeauty.com "-" "Mozilla/5.0 AppleWebKit/537.36 (KHTML, like Gecko; compatible; bingbot/2.0; +http://www.bing.com/bingbot.htm) Chrome/116.0.1938.76 Safari/537.36" "-"
54.221.203.0 - - [31/Mar/2026:00:25:27 +0000] "GET /?fileloc=//proc/self/root/sbin/mkfs.ext2&path=//proc/self/root/sbin HTTP/1.1" 200 12335 www.kaminibeauty.com "-" "Mozilla/5.0 AppleWebKit/537.36 (KHTML, like Gecko; compatible; Amazonbot/0.1; +https://developer.amazon.com/support/amazonbot) Chrome/119.0.6045.214 Safari/537.36" "-"
216.73.216.0 - - [31/Mar/2026:00:25:28 +0000] "GET /?fileloc=%2F%2Fkunden%2Fkunden%2Fkunden%2Fkunden%2Fproc%2Fself%2Froot%2Fproc%2Fself%2Froot%2Fbin%2Fgrotty&path=%2F%2Fkunden%2Fkunden%2Fkunden%2Fkunden%2Fproc%2Fself%2Froot%2Fproc%2Fself%2Froot%2Fbin HTTP/1.1" 200 12925 www.kaminibeauty.com "-" "Mozilla/5.0 AppleWebKit/537.36 (KHTML, like Gecko; compatible; ClaudeBot/1.0; +claudebot@anthropic.com)" "-"
66.249.64.0 - - [31/Mar/2026:00:25:28 +0000] "GET /?fileloc=//kunden/kunden/kunden/kunden/kunden/kunden/proc/thread-self/root/kunden/kunden/kunden/kunden/kunden/kunden/kunden/kunden/kunden/kunden/kunden/kunden/kunden/kunden/usr/lib/x86_64-linux-gnu/libldap_r-2.4.so.2&path=//kunden/kunden/kunden/kunden/kunden/kunden/proc/thread-self/root/kunden/kunden/kunden/kunden/kunden/kunden/kunden/kunden/kunden/kunden/kunden/kunden/kunden/kunden/usr/lib/x86_64-linux-gnu HTTP/1.1" 200 15583 www.kaminibeauty.com "-" "Mozilla/5.0 (Linux; Android 6.0.1; Nexus 5X Build/MMB29P) AppleWebKit/537.36 (KHTML, like Gecko) Chrome/146.0.7680.153 Mobile Safari/537.36 (compatible; Googlebot/2.1; +http://www.google.com/bot.html)" "-"
2a03:2880:f800:: - - [31/Mar/2026:00:25:29 +0000] "GET /shop/item/colossuses173555217945?path=/homepages/4/d4297730999/htdocs/wordpress/ALFA%20TEAM HTTP/1.1" 429 267 kaminibeauty.com "-" "meta-externalagent/1.1 (+https://developers.facebook.com/docs/sharing/webmasters/crawler)" "-"
40.77.167.0 - - [31/Mar/2026:00:25:29 +0000] "GET /shop/item/cinefaction172002259583 HTTP/1.1" 200 73358 kaminibeauty.com "-" "Mozilla/5.0 AppleWebKit/537.36 (KHTML, like Gecko; compatible; bingbot/2.0; +http://www.bing.com/bingbot.htm) Chrome/116.0.1938.76 Safari/537.36" "-"
40.77.167.0 - - [31/Mar/2026:00:25:29 +0000] "GET /shop/item/nitroxyl142093602168 HTTP/1.1" 200 73358 kaminibeauty.com "-" "Mozilla/5.0 AppleWebKit/537.36 (KHTML, like Gecko; compatible; bingbot/2.0; +http://www.bing.com/bingbot.htm) Chrome/116.0.1938.76 Safari/537.36" "-"
40.77.167.0 - - [31/Mar/2026:00:25:30 +0000] "GET /shop/item/recurviroster112508194472 HTTP/1.1" 200 73358 kaminibeauty.com "-" "Mozilla/5.0 AppleWebKit/537.36 (KHTML, like Gecko; compatible; bingbot/2.0; +http://www.bing.com/bingbot.htm) Chrome/116.0.1938.76 Safari/537.36" "-"
34.196.114.0 - - [31/Mar/2026:00:25:30 +0000] "GET /users.php?path=//kunden/kunden/srv HTTP/1.1" 200 12698 www.kaminibeauty.com "-" "Mozilla/5.0 AppleWebKit/537.36 (KHTML, like Gecko; compatible; Amazonbot/0.1; +https://developer.amazon.com/support/amazonbot) Chrome/119.0.6045.214 Safari/537.36" "-"
40.77.167.0 - - [31/Mar/2026:00:25:30 +0000] "GET /shop/item/transpass1545697224 HTTP/1.1" 200 73358 kaminibeauty.com "-" "Mozilla/5.0 AppleWebKit/537.36 (KHTML, like Gecko; compatible; bingbot/2.0; +http://www.bing.com/bingbot.htm) Chrome/116.0.1938.76 Safari/537.36" "-"
2a03:2880:f800:: - - [31/Mar/2026:00:25:31 +0000] "GET /shop/item/aligned16403021627?fileloc=/homepages/4/d4297730999/htdocs/wordpress/wp-admin/tools.php&path=/homepages/4/d4297730999/htdocs/wordpress/wp-admin HTTP/1.1" 429 267 kaminibeauty.com "-" "meta-externalagent/1.1 (+https://developers.facebook.com/docs/sharing/webmasters/crawler)" "-"
40.77.167.0 - - [31/Mar/2026:00:25:31 +0000] "GET /shop/item/paynemain162340901897 HTTP/1.1" 200 73358 kaminibeauty.com "-" "Mozilla/5.0 AppleWebKit/537.36 (KHTML, like Gecko; compatible; bingbot/2.0; +http://www.bing.com/bingbot.htm) Chrome/116.0.1938.76 Safari/537.36" "-"
40.77.167.0 - - [31/Mar/2026:00:25:31 +0000] "GET /shop/item/diaphaned153648771591 HTTP/1.1" 200 73358 www.kaminibeauty.com "-" "Mozilla/5.0 AppleWebKit/537.36 (KHTML, like Gecko; compatible; bingbot/2.0; +http://www.bing.com/bingbot.htm) Chrome/116.0.1938.76 Safari/537.36" "-"
40.77.167.0 - - [31/Mar/2026:00:25:31 +0000] "GET /shop/item/kreatinin133639858864 HTTP/1.1" 200 73358 kaminibeauty.com "-" "Mozilla/5.0 AppleWebKit/537.36 (KHTML, like Gecko; compatible; bingbot/2.0; +http://www.bing.com/bingbot.htm) Chrome/116.0.1938.76 Safari/537.36" "-"
2a03:2880:f800:: - - [31/Mar/2026:00:25:32 +0000] "GET /shop/item/aligned16403021627?fileloc=/homepages/4/d4297730999/htdocs/wordpress/wp-admin/ms-edit.php&path=/homepages/4/d4297730999/htdocs/wordpress/wp-admin HTTP/1.1" 429 267 kaminibeauty.com "-" "meta-externalagent/1.1 (+https://developers.facebook.com/docs/sharing/webmasters/crawler)" "-"
40.77.167.0 - - [31/Mar/2026:00:25:32 +0000] "GET /shop/item/procellous15575923752 HTTP/1.1" 200 73358 kaminibeauty.com "-" "Mozilla/5.0 AppleWebKit/537.36 (KHTML, like Gecko; compatible; bingbot/2.0; +http://www.bing.com/bingbot.htm) Chrome/116.0.1938.76 Safari/537.36" "-"
40.77.167.0 - - [31/Mar/2026:00:25:32 +0000] "GET /shop/item/cervicide163674545683 HTTP/1.1" 200 73358 kaminibeauty.com "-" "Mozilla/5.0 AppleWebKit/537.36 (KHTML, like Gecko; compatible; bingbot/2.0; +http://www.bing.com/bingbot.htm) Chrome/116.0.1938.76 Safari/537.36" "-"
40.77.167.0 - - [31/Mar/2026:00:25:32 +0000] "GET /shop/item/annats113388829050 HTTP/1.1" 200 73358 kaminibeauty.com "-" "Mozilla/5.0 AppleWebKit/537.36 (KHTML, like Gecko; compatible; bingbot/2.0; +http://www.bing.com/bingbot.htm) Chrome/116.0.1938.76 Safari/537.36" "-"
216.73.216.0 - - [31/Mar/2026:00:25:33 +0000] "GET /?fileloc=%2F%2Fkunden%2Fkunden%2Fkunden%2Fkunden%2Fproc%2Fself%2Froot%2Fproc%2Fself%2Froot%2Fbin%2Fi386&path=%2F%2Fkunden%2Fkunden%2Fkunden%2Fkunden%2Fproc%2Fself%2Froot%2Fproc%2Fself%2Froot%2Fbin HTTP/1.1" 200 12923 www.kaminibeauty.com "-" "Mozilla/5.0 AppleWebKit/537.36 (KHTML, like Gecko; compatible; ClaudeBot/1.0; +claudebot@anthropic.com)" "-"
40.77.167.0 - - [31/Mar/2026:00:25:33 +0000] "GET /shop/item/scoffed153485952889 HTTP/1.1" 200 73358 kaminibeauty.com "-" "Mozilla/5.0 AppleWebKit/537.36 (KHTML, like Gecko; compatible; bingbot/2.0; +http://www.bing.com/bingbot.htm) Chrome/116.0.1938.76 Safari/537.36" "-"
40.77.167.0 - - [31/Mar/2026:00:25:33 +0000] "GET /shop/item/improvidentially171295382614 HTTP/1.1" 200 73358 kaminibeauty.com "-" "Mozilla/5.0 AppleWebKit/537.36 (KHTML, like Gecko; compatible; bingbot/2.0; +http://www.bing.com/bingbot.htm) Chrome/116.0.1938.76 Safari/537.36" "-"
40.77.167.0 - - [31/Mar/2026:00:25:34 +0000] "GET /shop/item/sphagnales17775339280 HTTP/1.1" 200 73358 kaminibeauty.com "-" "Mozilla/5.0 AppleWebKit/537.36 (KHTML, like Gecko; compatible; bingbot/2.0; +http://www.bing.com/bingbot.htm) Chrome/116.0.1938.76 Safari/537.36" "-"
40.77.167.0 - - [31/Mar/2026:00:25:34 +0000] "GET /shop/item/masse13763766397 HTTP/1.1" 200 73358 kaminibeauty.com "-" "Mozilla/5.0 AppleWebKit/537.36 (KHTML, like Gecko; compatible; bingbot/2.0; +http://www.bing.com/bingbot.htm) Chrome/116.0.1938.76 Safari/537.36" "-"
40.77.167.0 - - [31/Mar/2026:00:25:35 +0000] "GET /shop/item/shrike12598006580 HTTP/1.1" 200 73358 kaminibeauty.com "-" "Mozilla/5.0 AppleWebKit/537.36 (KHTML, like Gecko; compatible; bingbot/2.0; +http://www.bing.com/bingbot.htm) Chrome/116.0.1938.76 Safari/537.36" "-"
40.77.167.0 - - [31/Mar/2026:00:25:35 +0000] "GET /shop/item/finalized12466443766 HTTP/1.1" 200 73358 kaminibeauty.com "-" "Mozilla/5.0 AppleWebKit/537.36 (KHTML, like Gecko; compatible; bingbot/2.0; +http://www.bing.com/bingbot.htm) Chrome/116.0.1938.76 Safari/537.36" "-"
