44.206.93.0 - - [31/Mar/2026:00:54:52 +0000] "GET /?path=//tmp/it_nonce_d47e389115fb42f1983ba0377ac3f3e9 HTTP/1.1" 200 12715 www.kaminibeauty.com "-" "Mozilla/5.0 AppleWebKit/537.36 (KHTML, like Gecko; compatible; Amazonbot/0.1; +https://developer.amazon.com/support/amazonbot) Chrome/119.0.6045.214 Safari/537.36" "-"
52.167.144.0 - - [31/Mar/2026:00:54:53 +0000] "GET /shop/item/gigantesque151645129398 HTTP/1.1" 200 73358 kaminibeauty.com "-" "Mozilla/5.0 AppleWebKit/537.36 (KHTML, like Gecko; compatible; bingbot/2.0; +http://www.bing.com/bingbot.htm) Chrome/116.0.1938.76 Safari/537.36" "-"
52.167.144.0 - - [31/Mar/2026:00:54:54 +0000] "GET /shop/item/saponaria131161050860 HTTP/1.1" 200 73358 kaminibeauty.com "-" "Mozilla/5.0 AppleWebKit/537.36 (KHTML, like Gecko; compatible; bingbot/2.0; +http://www.bing.com/bingbot.htm) Chrome/116.0.1938.76 Safari/537.36" "-"
52.167.144.0 - - [31/Mar/2026:00:54:54 +0000] "GET /shop/item/chronologer13527653637 HTTP/1.1" 200 73358 kaminibeauty.com "-" "Mozilla/5.0 AppleWebKit/537.36 (KHTML, like Gecko; compatible; bingbot/2.0; +http://www.bing.com/bingbot.htm) Chrome/116.0.1938.76 Safari/537.36" "-"
52.167.144.0 - - [31/Mar/2026:00:54:55 +0000] "GET /shop/item/frithy161017557352 HTTP/1.1" 200 73358 kaminibeauty.com "-" "Mozilla/5.0 AppleWebKit/537.36 (KHTML, like Gecko; compatible; bingbot/2.0; +http://www.bing.com/bingbot.htm) Chrome/116.0.1938.76 Safari/537.36" "-"
2a03:2880:f800:: - - [31/Mar/2026:00:54:55 +0000] "GET /shop/item/sarplar15364350141?fileloc=/homepages/4/d4297730999/htdocs/wordpress/buy.php&path=/homepages/4/d4297730999/htdocs/wordpress HTTP/1.1" 200 14135 kaminibeauty.com "-" "meta-externalagent/1.1 (+https://developers.facebook.com/docs/sharing/webmasters/crawler)" "-"
216.73.216.0 - - [31/Mar/2026:00:54:55 +0000] "GET /shop/item/marly113419597627?path=%2F%2Fproc%2Firq%2F401%2Fi40e-eth1-TxRx-111 HTTP/1.1" 200 12754 kaminibeauty.com "-" "Mozilla/5.0 AppleWebKit/537.36 (KHTML, like Gecko; compatible; ClaudeBot/1.0; +claudebot@anthropic.com)" "-"
52.167.144.0 - - [31/Mar/2026:00:54:55 +0000] "GET /shop/item/saxicavid163822546804 HTTP/1.1" 200 73358 kaminibeauty.com "-" "Mozilla/5.0 AppleWebKit/537.36 (KHTML, like Gecko; compatible; bingbot/2.0; +http://www.bing.com/bingbot.htm) Chrome/116.0.1938.76 Safari/537.36" "-"
3.224.198.0 - - [31/Mar/2026:00:54:55 +0000] "HEAD /?path=//tmp/it_nonce_ce04b53ca982426a924c7dad389bc41e HTTP/1.1" 200 - www.kaminibeauty.com "-" "Mozilla/5.0 AppleWebKit/605.1.15 (KHTML, like Gecko) Chrome/139.0.0.0 Safari/605.1.15" "-"
52.167.144.0 - - [31/Mar/2026:00:54:55 +0000] "GET /shop/item/pellagrin1513681124 HTTP/1.1" 200 73358 kaminibeauty.com "-" "Mozilla/5.0 AppleWebKit/537.36 (KHTML, like Gecko; compatible; bingbot/2.0; +http://www.bing.com/bingbot.htm) Chrome/116.0.1938.76 Safari/537.36" "-"
52.167.144.0 - - [31/Mar/2026:00:54:56 +0000] "GET /shop/item/horsenail152258233521 HTTP/1.1" 200 73358 kaminibeauty.com "-" "Mozilla/5.0 AppleWebKit/537.36 (KHTML, like Gecko; compatible; bingbot/2.0; +http://www.bing.com/bingbot.htm) Chrome/116.0.1938.76 Safari/537.36" "-"
216.73.216.0 - - [31/Mar/2026:00:54:56 +0000] "GET /shop/item/ileus123715916985?fileloc=%2Fhomepages%2F4%2Fd4297730999%2Fhtdocs%2Fwordpress%2Fwp-admin%2Fimages%2Falign-none.png&path=%2Fhomepages%2F4%2Fd4297730999%2Fhtdocs%2Fwordpress%2Fwp-admin%2Fimages HTTP/1.1" 200 12647 kaminibeauty.com "-" "Mozilla/5.0 AppleWebKit/537.36 (KHTML, like Gecko; compatible; ClaudeBot/1.0; +claudebot@anthropic.com)" "-"
52.167.144.0 - - [31/Mar/2026:00:54:56 +0000] "GET /shop/item/assiege152084580494 HTTP/1.1" 200 73358 kaminibeauty.com "-" "Mozilla/5.0 AppleWebKit/537.36 (KHTML, like Gecko; compatible; bingbot/2.0; +http://www.bing.com/bingbot.htm) Chrome/116.0.1938.76 Safari/537.36" "-"
52.167.144.0 - - [31/Mar/2026:00:54:57 +0000] "GET /shop/item/requisitive163584188392 HTTP/1.1" 200 73358 kaminibeauty.com "-" "Mozilla/5.0 AppleWebKit/537.36 (KHTML, like Gecko; compatible; bingbot/2.0; +http://www.bing.com/bingbot.htm) Chrome/116.0.1938.76 Safari/537.36" "-"
52.167.144.0 - - [31/Mar/2026:00:54:57 +0000] "GET /shop/item/offended162105589597 HTTP/1.1" 200 73358 kaminibeauty.com "-" "Mozilla/5.0 AppleWebKit/537.36 (KHTML, like Gecko; compatible; bingbot/2.0; +http://www.bing.com/bingbot.htm) Chrome/116.0.1938.76 Safari/537.36" "-"
52.167.144.0 - - [31/Mar/2026:00:54:57 +0000] "GET /shop/item/maudlinwort16867789512 HTTP/1.1" 200 73358 kaminibeauty.com "-" "Mozilla/5.0 AppleWebKit/537.36 (KHTML, like Gecko; compatible; bingbot/2.0; +http://www.bing.com/bingbot.htm) Chrome/116.0.1938.76 Safari/537.36" "-"
52.167.144.0 - - [31/Mar/2026:00:54:58 +0000] "GET /shop/item/osteolite163872465463 HTTP/1.1" 200 73358 kaminibeauty.com "-" "Mozilla/5.0 AppleWebKit/537.36 (KHTML, like Gecko; compatible; bingbot/2.0; +http://www.bing.com/bingbot.htm) Chrome/116.0.1938.76 Safari/537.36" "-"
52.167.144.0 - - [31/Mar/2026:00:54:58 +0000] "GET /shop/item/agrarium124026027887 HTTP/1.1" 200 73358 kaminibeauty.com "-" "Mozilla/5.0 AppleWebKit/537.36 (KHTML, like Gecko; compatible; bingbot/2.0; +http://www.bing.com/bingbot.htm) Chrome/116.0.1938.76 Safari/537.36" "-"
52.167.144.0 - - [31/Mar/2026:00:54:59 +0000] "GET /shop/item/sprechery172042790833 HTTP/1.1" 200 73358 kaminibeauty.com "-" "Mozilla/5.0 AppleWebKit/537.36 (KHTML, like Gecko; compatible; bingbot/2.0; +http://www.bing.com/bingbot.htm) Chrome/116.0.1938.76 Safari/537.36" "-"
3.213.213.0 - - [31/Mar/2026:00:54:59 +0000] "GET /?path=//tmp/it_nonce_67370b78a3d04a9f85c874451d4d144f HTTP/1.1" 200 12715 www.kaminibeauty.com "-" "Mozilla/5.0 AppleWebKit/537.36 (KHTML, like Gecko; compatible; Amazonbot/0.1; +https://developer.amazon.com/support/amazonbot) Chrome/119.0.6045.214 Safari/537.36" "-"
54.156.124.0 - - [31/Mar/2026:00:54:59 +0000] "GET /wp-login.php?path=//var/tmp/it_nonce_989a631538ab424b99560288eff4c94c HTTP/1.1" 200 12753 kaminibeauty.com "-" "Mozilla/5.0 AppleWebKit/537.36 (KHTML, like Gecko; compatible; Amazonbot/0.1; +https://developer.amazon.com/support/amazonbot) Chrome/119.0.6045.214 Safari/537.36" "-"
52.167.144.0 - - [31/Mar/2026:00:54:59 +0000] "GET /shop/item/holoblastic161824827163 HTTP/1.1" 200 73358 kaminibeauty.com "-" "Mozilla/5.0 AppleWebKit/537.36 (KHTML, like Gecko; compatible; bingbot/2.0; +http://www.bing.com/bingbot.htm) Chrome/116.0.1938.76 Safari/537.36" "-"
54.173.51.0 - - [31/Mar/2026:00:54:59 +0000] "HEAD /wp-login.php?fileloc=//lib/locale/zh_HK.utf8/LC_NUMERIC&path=//lib/locale/zh_HK.utf8 HTTP/1.1" 200 - kaminibeauty.com "-" "Mozilla/5.0 AppleWebKit/605.1.15 (KHTML, like Gecko) Chrome/139.0.0.0 Safari/605.1.15" "-"
52.167.144.0 - - [31/Mar/2026:00:54:59 +0000] "GET /shop/item/charted153291748565 HTTP/1.1" 200 73358 kaminibeauty.com "-" "Mozilla/5.0 AppleWebKit/537.36 (KHTML, like Gecko; compatible; bingbot/2.0; +http://www.bing.com/bingbot.htm) Chrome/116.0.1938.76 Safari/537.36" "-"
2a03:2880:f800:: - - [31/Mar/2026:00:55:00 +0000] "GET /shop/item/sarplar15364350141?path=/homepages/4/d4297730999/htdocs/wordpress/ALFA%20TEAM HTTP/1.1" 200 15989 kaminibeauty.com "-" "meta-externalagent/1.1 (+https://developers.facebook.com/docs/sharing/webmasters/crawler)" "-"
52.167.144.0 - - [31/Mar/2026:00:55:00 +0000] "GET /shop/item/antalgic163296285673 HTTP/1.1" 200 73358 kaminibeauty.com "-" "Mozilla/5.0 AppleWebKit/537.36 (KHTML, like Gecko; compatible; bingbot/2.0; +http://www.bing.com/bingbot.htm) Chrome/116.0.1938.76 Safari/537.36" "-"
216.73.216.0 - - [31/Mar/2026:00:55:01 +0000] "GET /shop/item/propension112991317157?fileloc=%2F%2Fetc%2Fenvironment&path=%2F%2Fetc HTTP/1.1" 200 12193 kaminibeauty.com "-" "Mozilla/5.0 AppleWebKit/537.36 (KHTML, like Gecko; compatible; ClaudeBot/1.0; +claudebot@anthropic.com)" "-"
52.6.97.0 - - [31/Mar/2026:00:55:03 +0000] "GET /?path=//tmp/it_nonce_261650761335459eb13d7090e9d67fd7 HTTP/1.1" 200 12715 www.kaminibeauty.com "-" "Mozilla/5.0 AppleWebKit/537.36 (KHTML, like Gecko; compatible; Amazonbot/0.1; +https://developer.amazon.com/support/amazonbot) Chrome/119.0.6045.214 Safari/537.36" "-"
2a03:2880:f800:: - - [31/Mar/2026:00:55:07 +0000] "GET /shop/item/sarplar15364350141?fileloc=/homepages/4/d4297730999/htdocs/wordpress/.htaccess&path=/homepages/4/d4297730999/htdocs/wordpress HTTP/1.1" 200 14539 kaminibeauty.com "-" "meta-externalagent/1.1 (+https://developers.facebook.com/docs/sharing/webmasters/crawler)" "-"
52.202.233.0 - - [31/Mar/2026:00:55:09 +0000] "GET /?fileloc=//tmp/sess_c11b3cd0735b6403d60cf315c796e604&path=//tmp HTTP/1.1" 200 12219 www.kaminibeauty.com "-" "Mozilla/5.0 AppleWebKit/537.36 (KHTML, like Gecko; compatible; Amazonbot/0.1; +https://developer.amazon.com/support/amazonbot) Chrome/119.0.6045.214 Safari/537.36" "-"
98.84.204.0 - - [31/Mar/2026:00:55:09 +0000] "HEAD /?path=//tmp/it_nonce_c6c1b6a4011e4d3992091e77b56b67c6 HTTP/1.1" 200 - www.kaminibeauty.com "-" "Mozilla/5.0 AppleWebKit/605.1.15 (KHTML, like Gecko) Chrome/139.0.0.0 Safari/605.1.15" "-"
52.167.144.0 - - [31/Mar/2026:00:55:10 +0000] "GET /shop/item/placarded16872689486 HTTP/1.1" 200 73358 kaminibeauty.com "-" "Mozilla/5.0 AppleWebKit/537.36 (KHTML, like Gecko; compatible; bingbot/2.0; +http://www.bing.com/bingbot.htm) Chrome/116.0.1938.76 Safari/537.36" "-"
52.167.144.0 - - [31/Mar/2026:00:55:10 +0000] "GET /shop/item/nephropsidae152264205192 HTTP/1.1" 200 73358 kaminibeauty.com "-" "Mozilla/5.0 AppleWebKit/537.36 (KHTML, like Gecko; compatible; bingbot/2.0; +http://www.bing.com/bingbot.htm) Chrome/116.0.1938.76 Safari/537.36" "-"
52.167.144.0 - - [31/Mar/2026:00:55:11 +0000] "GET /shop/item/policying11821732468 HTTP/1.1" 200 73358 kaminibeauty.com "-" "Mozilla/5.0 AppleWebKit/537.36 (KHTML, like Gecko; compatible; bingbot/2.0; +http://www.bing.com/bingbot.htm) Chrome/116.0.1938.76 Safari/537.36" "-"
52.167.144.0 - - [31/Mar/2026:00:55:11 +0000] "GET /shop/item/outwalk164134218973 HTTP/1.1" 200 73358 kaminibeauty.com "-" "Mozilla/5.0 AppleWebKit/537.36 (KHTML, like Gecko; compatible; bingbot/2.0; +http://www.bing.com/bingbot.htm) Chrome/116.0.1938.76 Safari/537.36" "-"
216.73.216.0 - - [31/Mar/2026:00:55:12 +0000] "GET /treatments.htm?fileloc=%2F%2Fusr%2Fbin%2Fh2xs&path=%2F%2Fusr%2Fbin HTTP/1.1" 200 77636 kaminibeauty.com "-" "Mozilla/5.0 AppleWebKit/537.36 (KHTML, like Gecko; compatible; ClaudeBot/1.0; +claudebot@anthropic.com)" "-"
52.167.144.0 - - [31/Mar/2026:00:55:12 +0000] "GET /shop/item/continuation153865228689 HTTP/1.1" 200 73358 kaminibeauty.com "-" "Mozilla/5.0 AppleWebKit/537.36 (KHTML, like Gecko; compatible; bingbot/2.0; +http://www.bing.com/bingbot.htm) Chrome/116.0.1938.76 Safari/537.36" "-"
2a03:2880:f800:: - - [31/Mar/2026:00:55:12 +0000] "GET /shop/item/sarplar15364350141?fileloc=/homepages/4/d4297730999/htdocs/wordpress/item.php&path=/homepages/4/d4297730999/htdocs/wordpress HTTP/1.1" 200 12460 kaminibeauty.com "-" "meta-externalagent/1.1 (+https://developers.facebook.com/docs/sharing/webmasters/crawler)" "-"
52.167.144.0 - - [31/Mar/2026:00:55:12 +0000] "GET /shop/item/shagreen112576133068 HTTP/1.1" 200 73358 kaminibeauty.com "-" "Mozilla/5.0 AppleWebKit/537.36 (KHTML, like Gecko; compatible; bingbot/2.0; +http://www.bing.com/bingbot.htm) Chrome/116.0.1938.76 Safari/537.36" "-"
66.249.66.0 - - [31/Mar/2026:00:55:12 +0000] "GET /shop/item/oversman112905936405 HTTP/1.1" 200 73358 kaminibeauty.com "-" "Mozilla/5.0 (Linux; Android 6.0.1; Nexus 5X Build/MMB29P) AppleWebKit/537.36 (KHTML, like Gecko) Chrome/146.0.7680.153 Mobile Safari/537.36 (compatible; Googlebot/2.1; +http://www.google.com/bot.html)" "-"
98.82.38.0 - - [31/Mar/2026:00:55:12 +0000] "GET /wp-login.php?fileloc=//tmp/runlock-ws67205551-ws67205551:9cef32402c0093e19324502ea8275c0ece10ccb94fff2c4e7514638c&path=//tmp HTTP/1.1" 200 12268 kaminibeauty.com "-" "Mozilla/5.0 AppleWebKit/537.36 (KHTML, like Gecko; compatible; Amazonbot/0.1; +https://developer.amazon.com/support/amazonbot) Chrome/119.0.6045.214 Safari/537.36" "-"
52.167.144.0 - - [31/Mar/2026:00:55:13 +0000] "GET /shop/item/mollusk161385439228 HTTP/1.1" 200 73358 kaminibeauty.com "-" "Mozilla/5.0 AppleWebKit/537.36 (KHTML, like Gecko; compatible; bingbot/2.0; +http://www.bing.com/bingbot.htm) Chrome/116.0.1938.76 Safari/537.36" "-"
18.235.172.0 - - [31/Mar/2026:00:55:13 +0000] "HEAD /?path=//tmp/it_nonce_733612deba3d4c658972d57586c73d9f HTTP/1.1" 200 - www.kaminibeauty.com "-" "Mozilla/5.0 AppleWebKit/605.1.15 (KHTML, like Gecko) Chrome/139.0.0.0 Safari/605.1.15" "-"
52.167.144.0 - - [31/Mar/2026:00:55:13 +0000] "GET /shop/item/cappella121118150932 HTTP/1.1" 200 73358 kaminibeauty.com "-" "Mozilla/5.0 AppleWebKit/537.36 (KHTML, like Gecko; compatible; bingbot/2.0; +http://www.bing.com/bingbot.htm) Chrome/116.0.1938.76 Safari/537.36" "-"
52.167.144.0 - - [31/Mar/2026:00:55:14 +0000] "GET /shop/item/interanimate16406004014 HTTP/1.1" 200 73358 kaminibeauty.com "-" "Mozilla/5.0 AppleWebKit/537.36 (KHTML, like Gecko; compatible; bingbot/2.0; +http://www.bing.com/bingbot.htm) Chrome/116.0.1938.76 Safari/537.36" "-"
52.167.144.0 - - [31/Mar/2026:00:55:14 +0000] "GET /shop/item/unclothed162758732305 HTTP/1.1" 200 73358 kaminibeauty.com "-" "Mozilla/5.0 AppleWebKit/537.36 (KHTML, like Gecko; compatible; bingbot/2.0; +http://www.bing.com/bingbot.htm) Chrome/116.0.1938.76 Safari/537.36" "-"
52.167.144.0 - - [31/Mar/2026:00:55:14 +0000] "GET /shop/item/coerulignone12362406023 HTTP/1.1" 200 73358 kaminibeauty.com "-" "Mozilla/5.0 AppleWebKit/537.36 (KHTML, like Gecko; compatible; bingbot/2.0; +http://www.bing.com/bingbot.htm) Chrome/116.0.1938.76 Safari/537.36" "-"
52.167.144.0 - - [31/Mar/2026:00:55:15 +0000] "GET /shop/item/lettic112931110817 HTTP/1.1" 200 73358 kaminibeauty.com "-" "Mozilla/5.0 AppleWebKit/537.36 (KHTML, like Gecko; compatible; bingbot/2.0; +http://www.bing.com/bingbot.htm) Chrome/116.0.1938.76 Safari/537.36" "-"
52.167.144.0 - - [31/Mar/2026:00:55:15 +0000] "GET /shop/item/impotently15779609429 HTTP/1.1" 200 73358 kaminibeauty.com "-" "Mozilla/5.0 AppleWebKit/537.36 (KHTML, like Gecko; compatible; bingbot/2.0; +http://www.bing.com/bingbot.htm) Chrome/116.0.1938.76 Safari/537.36" "-"
52.167.144.0 - - [31/Mar/2026:00:55:16 +0000] "GET /shop/item/methionic123931640769 HTTP/1.1" 200 73358 kaminibeauty.com "-" "Mozilla/5.0 AppleWebKit/537.36 (KHTML, like Gecko; compatible; bingbot/2.0; +http://www.bing.com/bingbot.htm) Chrome/116.0.1938.76 Safari/537.36" "-"
52.167.144.0 - - [31/Mar/2026:00:55:16 +0000] "GET /shop/item/angustation152219867718 HTTP/1.1" 200 73358 kaminibeauty.com "-" "Mozilla/5.0 AppleWebKit/537.36 (KHTML, like Gecko; compatible; bingbot/2.0; +http://www.bing.com/bingbot.htm) Chrome/116.0.1938.76 Safari/537.36" "-"
216.73.216.0 - - [31/Mar/2026:00:55:16 +0000] "GET /treatments.htm?path=%2F%2Fusr%2Flib%2Flocale%2Ffy_DE HTTP/1.1" 200 30149 kaminibeauty.com "-" "Mozilla/5.0 AppleWebKit/537.36 (KHTML, like Gecko; compatible; ClaudeBot/1.0; +claudebot@anthropic.com)" "-"
2a03:2880:f800:: - - [31/Mar/2026:00:55:17 +0000] "GET /shop/item/sarplar15364350141?fileloc=/homepages/4/d4297730999/htdocs/wordpress/wp-config.php&path=/homepages/4/d4297730999/htdocs/wordpress HTTP/1.1" 503 339 kaminibeauty.com "-" "meta-externalagent/1.1 (+https://developers.facebook.com/docs/sharing/webmasters/crawler)" "-"
44.194.139.0 - - [31/Mar/2026:00:55:18 +0000] "GET /?path=//tmp/it_nonce_a932f4a89c4f4ca68cff67341455eb00 HTTP/1.1" 200 12715 www.kaminibeauty.com "-" "Mozilla/5.0 AppleWebKit/537.36 (KHTML, like Gecko; compatible; Amazonbot/0.1; +https://developer.amazon.com/support/amazonbot) Chrome/119.0.6045.214 Safari/537.36" "-"
184.73.167.0 - - [31/Mar/2026:00:55:20 +0000] "GET /wp-login.php?path=//lib/locale/kl_GL.utf8/LC_MESSAGES HTTP/1.1" 200 14298 kaminibeauty.com "-" "Mozilla/5.0 AppleWebKit/537.36 (KHTML, like Gecko; compatible; Amazonbot/0.1; +https://developer.amazon.com/support/amazonbot) Chrome/119.0.6045.214 Safari/537.36" "-"
216.73.216.0 - - [31/Mar/2026:00:55:21 +0000] "GET /products.htm?fileloc=%2F%2Flib%2Fssl%2Fcerts%2F0bf05006.0&path=%2F%2Flib%2Fssl%2Fcerts HTTP/1.1" 200 13222 kaminibeauty.com "-" "Mozilla/5.0 AppleWebKit/537.36 (KHTML, like Gecko; compatible; ClaudeBot/1.0; +claudebot@anthropic.com)" "-"
2a03:2880:f800:: - - [31/Mar/2026:00:55:22 +0000] "GET /shop/item/sarplar15364350141?fileloc=/homepages/4/d4297730999/htdocs/wordpress/ehymg.php&path=/homepages/4/d4297730999/htdocs/wordpress HTTP/1.1" 200 43043 kaminibeauty.com "-" "meta-externalagent/1.1 (+https://developers.facebook.com/docs/sharing/webmasters/crawler)" "-"
66.249.66.0 - - [31/Mar/2026:00:55:22 +0000] "GET /?fileloc=//kunden/kunden/kunden/kunden/kunden/kunden/proc/thread-self/root/kunden/kunden/kunden/kunden/kunden/kunden/kunden/kunden/kunden/kunden/kunden/kunden/kunden/kunden/usr/lib/x86_64-linux-gnu/liblsan.so.0.0.0&path=//kunden/kunden/kunden/kunden/kunden/kunden/proc/thread-self/root/kunden/kunden/kunden/kunden/kunden/kunden/kunden/kunden/kunden/kunden/kunden/kunden/kunden/kunden/usr/lib/x86_64-linux-gnu HTTP/1.1" 200 15581 www.kaminibeauty.com "-" "Mozilla/5.0 (Linux; Android 6.0.1; Nexus 5X Build/MMB29P) AppleWebKit/537.36 (KHTML, like Gecko) Chrome/146.0.7680.153 Mobile Safari/537.36 (compatible; Googlebot/2.1; +http://www.google.com/bot.html)" "-"
2a03:2880:f800:: - - [31/Mar/2026:00:55:22 +0000] "GET /shop/item/sarplar15364350141?fileloc=/homepages/4/d4297730999/htdocs/wordpress/b8ccf/index.php&path=/homepages/4/d4297730999/htdocs/wordpress/b8ccf HTTP/1.1" 200 12541 kaminibeauty.com "-" "meta-externalagent/1.1 (+https://developers.facebook.com/docs/sharing/webmasters/crawler)" "-"
170.239.214.0 - - [31/Mar/2026:00:55:24 +0000] "GET /shop/item/tetrahit112417707638?fileloc=%2Fhomepages%2F4%2Fd4297730999%2Fhtdocs%2Fwordpress%2Fwp-includes%2Fclass.wp-styles.php&path=%2Fhomepages%2F4%2Fd4297730999%2Fhtdocs%2Fwordpress%2Fwp-includes HTTP/1.1" 200 12910 kaminibeauty.com "-" "Mozilla/5.0 (Windows NT 6.1; Win64; x64) AppleWebKit/537.36 (KHTML, like Gecko) Chrome/79.0.3945.117 Safari/537.36" "-"
52.44.174.0 - - [31/Mar/2026:00:55:24 +0000] "GET /?path=//tmp/it_nonce_36a2d6d948c84e7c8b6cb6cce1b7801c HTTP/1.1" 200 12715 www.kaminibeauty.com "-" "Mozilla/5.0 AppleWebKit/537.36 (KHTML, like Gecko; compatible; Amazonbot/0.1; +https://developer.amazon.com/support/amazonbot) Chrome/119.0.6045.214 Safari/537.36" "-"
216.73.216.0 - - [31/Mar/2026:00:55:24 +0000] "GET /shop/item/chase114095028416?fileloc=%2F%2Fetc%2Fmc%2Fsfs.ini&path=%2F%2Fetc%2Fmc HTTP/1.1" 200 13243 kaminibeauty.com "-" "Mozilla/5.0 AppleWebKit/537.36 (KHTML, like Gecko; compatible; ClaudeBot/1.0; +claudebot@anthropic.com)" "-"
74.7.241.0 - - [31/Mar/2026:00:55:24 +0000] "GET /?path=//kunden/kunden/kunden/kunden/kunden/kunden/proc/thread-self/root/kunden/kunden/kunden/kunden/kunden/kunden/kunden/kunden/kunden/proc/thread-self/root/lib/mc/ext.d HTTP/1.1" 200 33486 www.kaminibeauty.com "http://www.kaminibeauty.com/?path=//kunden/kunden/kunden/kunden/kunden/kunden/proc/thread-self/root/kunden/kunden/kunden/kunden/kunden/kunden/kunden/kunden/kunden/proc/thread-self/root/lib/mc" "Mozilla/5.0 AppleWebKit/537.36 (KHTML, like Gecko; compatible; GPTBot/1.3; +https://openai.com/gptbot)" "-"
66.249.66.0 - - [31/Mar/2026:00:55:25 +0000] "GET /shop/item/detonized103009208833?fileloc=//bin/ps2pdf13&path=//bin HTTP/1.1" 200 12465 kaminibeauty.com "-" "Mozilla/5.0 (Linux; Android 6.0.1; Nexus 5X Build/MMB29P) AppleWebKit/537.36 (KHTML, like Gecko) Chrome/146.0.7680.153 Mobile Safari/537.36 (compatible; GoogleOther)" "-"
52.167.144.0 - - [31/Mar/2026:00:55:25 +0000] "GET /shop/item/erysipeloid123783605276 HTTP/1.1" 200 73358 kaminibeauty.com "-" "Mozilla/5.0 AppleWebKit/537.36 (KHTML, like Gecko; compatible; bingbot/2.0; +http://www.bing.com/bingbot.htm) Chrome/116.0.1938.76 Safari/537.36" "-"
66.249.76.0 - - [31/Mar/2026:00:55:26 +0000] "GET /shop/item/wapper19463049163?fileloc=//bin/ps2pdf13&path=//bin HTTP/1.1" 200 12465 kaminibeauty.com "-" "Mozilla/5.0 (Linux; Android 6.0.1; Nexus 5X Build/MMB29P) AppleWebKit/537.36 (KHTML, like Gecko) Chrome/146.0.7680.153 Mobile Safari/537.36 (compatible; GoogleOther)" "-"
216.73.216.0 - - [31/Mar/2026:00:55:26 +0000] "GET /products.htm?path=%2F%2Fproc%2Fself%2Froot%2Fhomepages%2F27%2Fd4298263861%2F.lnk HTTP/1.1" 200 12942 kaminibeauty.com "-" "Mozilla/5.0 AppleWebKit/537.36 (KHTML, like Gecko; compatible; ClaudeBot/1.0; +claudebot@anthropic.com)" "-"
98.82.40.0 - - [31/Mar/2026:00:55:27 +0000] "GET /wp-login.php?path=//tmp/it_nonce_b95253858e2c4358b70141694c08f9a9 HTTP/1.1" 200 12715 kaminibeauty.com "-" "Mozilla/5.0 AppleWebKit/537.36 (KHTML, like Gecko; compatible; Amazonbot/0.1; +https://developer.amazon.com/support/amazonbot) Chrome/119.0.6045.214 Safari/537.36" "-"
2a03:2880:f800:: - - [31/Mar/2026:00:55:28 +0000] "GET /shop/item/sarplar15364350141?fileloc=/homepages/4/d4297730999/htdocs/wordpress/wp-config-sample.php&path=/homepages/4/d4297730999/htdocs/wordpress HTTP/1.1" 200 15834 kaminibeauty.com "-" "meta-externalagent/1.1 (+https://developers.facebook.com/docs/sharing/webmasters/crawler)" "-"
216.73.216.0 - - [31/Mar/2026:00:55:28 +0000] "GET /shop/item/squabby111260887610?path=%2Fhomepages%2F16%2Fd4296986531 HTTP/1.1" 200 19759 kaminibeauty.com "-" "Mozilla/5.0 AppleWebKit/537.36 (KHTML, like Gecko; compatible; ClaudeBot/1.0; +claudebot@anthropic.com)" "-"
52.167.144.0 - - [31/Mar/2026:00:55:30 +0000] "GET /shop/item/fueller163743934622 HTTP/1.1" 200 73358 kaminibeauty.com "-" "Mozilla/5.0 AppleWebKit/537.36 (KHTML, like Gecko; compatible; bingbot/2.0; +http://www.bing.com/bingbot.htm) Chrome/116.0.1938.76 Safari/537.36" "-"
74.7.242.0 - - [31/Mar/2026:00:55:31 +0000] "GET /?fileloc=//kunden/sbin/groupdel&path=//kunden/sbin HTTP/1.1" 200 12243 kaminibeauty.com "http://kaminibeauty.com/?path=//kunden/sbin" "Mozilla/5.0 AppleWebKit/537.36 (KHTML, like Gecko; compatible; GPTBot/1.3; +https://openai.com/gptbot)" "-"
52.167.144.0 - - [31/Mar/2026:00:55:31 +0000] "GET /shop/item/authenticating132646160443 HTTP/1.1" 200 73358 kaminibeauty.com "-" "Mozilla/5.0 AppleWebKit/537.36 (KHTML, like Gecko; compatible; bingbot/2.0; +http://www.bing.com/bingbot.htm) Chrome/116.0.1938.76 Safari/537.36" "-"
216.73.216.0 - - [31/Mar/2026:00:55:31 +0000] "GET /treatments_facial.htm?fileloc=%2F%2Fsbin%2Fupdate-default-aspell&path=%2F%2Fsbin HTTP/1.1" 200 13274 kaminibeauty.com "-" "Mozilla/5.0 AppleWebKit/537.36 (KHTML, like Gecko; compatible; ClaudeBot/1.0; +claudebot@anthropic.com)" "-"
52.167.144.0 - - [31/Mar/2026:00:55:31 +0000] "GET /shop/item/carunculata174280314394 HTTP/1.1" 200 73358 kaminibeauty.com "-" "Mozilla/5.0 AppleWebKit/537.36 (KHTML, like Gecko; compatible; bingbot/2.0; +http://www.bing.com/bingbot.htm) Chrome/116.0.1938.76 Safari/537.36" "-"
52.167.144.0 - - [31/Mar/2026:00:55:32 +0000] "GET /shop/item/pitted1295590502 HTTP/1.1" 200 73358 kaminibeauty.com "-" "Mozilla/5.0 AppleWebKit/537.36 (KHTML, like Gecko; compatible; bingbot/2.0; +http://www.bing.com/bingbot.htm) Chrome/116.0.1938.76 Safari/537.36" "-"
18.210.58.0 - - [31/Mar/2026:00:55:32 +0000] "GET /wp-login.php?fileloc=//homepages/41/d4296715366/last_traffic&path=//homepages/41/d4296715366 HTTP/1.1" 200 12324 kaminibeauty.com "-" "Mozilla/5.0 AppleWebKit/537.36 (KHTML, like Gecko; compatible; Amazonbot/0.1; +https://developer.amazon.com/support/amazonbot) Chrome/119.0.6045.214 Safari/537.36" "-"
52.167.144.0 - - [31/Mar/2026:00:55:32 +0000] "GET /shop/item/pyrogenous152972667108 HTTP/1.1" 200 73358 kaminibeauty.com "-" "Mozilla/5.0 AppleWebKit/537.36 (KHTML, like Gecko; compatible; bingbot/2.0; +http://www.bing.com/bingbot.htm) Chrome/116.0.1938.76 Safari/537.36" "-"
2a03:2880:f800:: - - [31/Mar/2026:00:55:33 +0000] "GET /shop/item/solas131521732170?path=/homepages/4/d4297730999/htdocs/wordpress/ALFA%20TEAM HTTP/1.1" 429 267 kaminibeauty.com "-" "meta-externalagent/1.1 (+https://developers.facebook.com/docs/sharing/webmasters/crawler)" "-"
216.73.216.0 - - [31/Mar/2026:00:55:33 +0000] "GET /shop/item/calibration112844984452?path=%2F%2Ftmp%2Fit_nonce_2893c013b0c244348f753b7f9f8f9393 HTTP/1.1" 200 12715 kaminibeauty.com "-" "Mozilla/5.0 AppleWebKit/537.36 (KHTML, like Gecko; compatible; ClaudeBot/1.0; +claudebot@anthropic.com)" "-"
170.168.173.0 - - [31/Mar/2026:00:55:34 +0000] "GET /wp-login.php HTTP/1.1" 200 73358 www.kaminibeauty.com "-" "Mozilla/5.0 (Windows NT 10.0; Win64; x64) AppleWebKit/537.36 (KHTML, like Gecko) Chrome/124.0.6367.207 Safari/537.36" "-"
66.249.76.0 - - [31/Mar/2026:00:55:35 +0000] "GET /shop/item/distune153389383673 HTTP/1.1" 200 73358 kaminibeauty.com "-" "Mozilla/5.0 (Linux; Android 6.0.1; Nexus 5X Build/MMB29P) AppleWebKit/537.36 (KHTML, like Gecko) Chrome/146.0.7680.153 Mobile Safari/537.36 (compatible; Googlebot/2.1; +http://www.google.com/bot.html)" "-"
3.94.229.0 - - [31/Mar/2026:00:55:35 +0000] "HEAD /wp-login.php?fileloc=//lib/locale/bho_IN/LC_COLLATE&path=//lib/locale/bho_IN HTTP/1.1" 200 - kaminibeauty.com "-" "Mozilla/5.0 AppleWebKit/605.1.15 (KHTML, like Gecko) Chrome/139.0.0.0 Safari/605.1.15" "-"
52.167.144.0 - - [31/Mar/2026:00:55:35 +0000] "GET /shop/item/desolation152820184450 HTTP/1.1" 200 73358 kaminibeauty.com "-" "Mozilla/5.0 AppleWebKit/537.36 (KHTML, like Gecko; compatible; bingbot/2.0; +http://www.bing.com/bingbot.htm) Chrome/116.0.1938.76 Safari/537.36" "-"
52.167.144.0 - - [31/Mar/2026:00:55:36 +0000] "GET /shop/item/twelvemonth173256598461 HTTP/1.1" 200 73358 kaminibeauty.com "-" "Mozilla/5.0 AppleWebKit/537.36 (KHTML, like Gecko; compatible; bingbot/2.0; +http://www.bing.com/bingbot.htm) Chrome/116.0.1938.76 Safari/537.36" "-"
52.167.144.0 - - [31/Mar/2026:00:55:36 +0000] "GET /shop/item/parental162695238604 HTTP/1.1" 200 73358 kaminibeauty.com "-" "Mozilla/5.0 AppleWebKit/537.36 (KHTML, like Gecko; compatible; bingbot/2.0; +http://www.bing.com/bingbot.htm) Chrome/116.0.1938.76 Safari/537.36" "-"
170.168.173.0 - - [31/Mar/2026:00:55:36 +0000] "POST /xmlrpc.php HTTP/1.1" 200 73358 www.kaminibeauty.com "-" "Mozilla/5.0 (Macintosh; Intel Mac OS X 13_5) AppleWebKit/605.1.15 (KHTML, like Gecko) Version/17.5 Safari/605.1.15" "-"
216.73.216.0 - - [31/Mar/2026:00:55:36 +0000] "GET /treatments.htm?fileloc=%2F%2Fusr%2Fbin%2Fimport-im6.q16&path=%2F%2Fusr%2Fbin HTTP/1.1" 200 12234 kaminibeauty.com "-" "Mozilla/5.0 AppleWebKit/537.36 (KHTML, like Gecko; compatible; ClaudeBot/1.0; +claudebot@anthropic.com)" "-"
52.167.144.0 - - [31/Mar/2026:00:55:36 +0000] "GET /shop/item/encyclopaedic152457276981 HTTP/1.1" 200 73358 kaminibeauty.com "-" "Mozilla/5.0 AppleWebKit/537.36 (KHTML, like Gecko; compatible; bingbot/2.0; +http://www.bing.com/bingbot.htm) Chrome/116.0.1938.76 Safari/537.36" "-"
52.167.144.0 - - [31/Mar/2026:00:55:37 +0000] "GET /shop/item/dipropargyl172113186401 HTTP/1.1" 200 73358 kaminibeauty.com "-" "Mozilla/5.0 AppleWebKit/537.36 (KHTML, like Gecko; compatible; bingbot/2.0; +http://www.bing.com/bingbot.htm) Chrome/116.0.1938.76 Safari/537.36" "-"
137.184.25.0 - - [31/Mar/2026:00:55:37 +0000] "POST /xmlrpc.php HTTP/1.1" 503 339 kaminibeauty.com "-" "Mozilla/5.0 (Windows NT 10.0; WOW64) AppleWebKit/537.36 (KHTML, like Gecko) Chrome/141.0.0.0 Safari/537.36 Edg/141.0.0.0" "-"
52.167.144.0 - - [31/Mar/2026:00:55:37 +0000] "GET /shop/item/weigher16804229276 HTTP/1.1" 200 73358 kaminibeauty.com "-" "Mozilla/5.0 AppleWebKit/537.36 (KHTML, like Gecko; compatible; bingbot/2.0; +http://www.bing.com/bingbot.htm) Chrome/116.0.1938.76 Safari/537.36" "-"
2a03:2880:f800:: - - [31/Mar/2026:00:55:38 +0000] "GET /shop/item/sarplar15364350141?fileloc=/homepages/4/d4297730999/htdocs/wordpress/index.php0&path=/homepages/4/d4297730999/htdocs/wordpress HTTP/1.1" 429 267 kaminibeauty.com "-" "meta-externalagent/1.1 (+https://developers.facebook.com/docs/sharing/webmasters/crawler)" "-"
2a03:2880:f800:: - - [31/Mar/2026:00:55:38 +0000] "GET /shop/item/sarplar15364350141?fileloc=/homepages/4/d4297730999/htdocs/wordpress/wp-blog-header.php&path=/homepages/4/d4297730999/htdocs/wordpress HTTP/1.1" 429 267 kaminibeauty.com "-" "meta-externalagent/1.1 (+https://developers.facebook.com/docs/sharing/webmasters/crawler)" "-"
52.167.144.0 - - [31/Mar/2026:00:55:38 +0000] "GET /shop/item/vigorously152201511898 HTTP/1.1" 200 73358 kaminibeauty.com "-" "Mozilla/5.0 AppleWebKit/537.36 (KHTML, like Gecko; compatible; bingbot/2.0; +http://www.bing.com/bingbot.htm) Chrome/116.0.1938.76 Safari/537.36" "-"
23.23.99.0 - - [31/Mar/2026:00:55:38 +0000] "GET /?path=//tmp/it_nonce_90614d0cd7624610bf0941cc7e05338a HTTP/1.1" 200 12715 www.kaminibeauty.com "-" "Mozilla/5.0 AppleWebKit/537.36 (KHTML, like Gecko; compatible; Amazonbot/0.1; +https://developer.amazon.com/support/amazonbot) Chrome/119.0.6045.214 Safari/537.36" "-"
52.167.144.0 - - [31/Mar/2026:00:55:38 +0000] "GET /shop/item/strigate172627770335 HTTP/1.1" 200 73358 kaminibeauty.com "-" "Mozilla/5.0 AppleWebKit/537.36 (KHTML, like Gecko; compatible; bingbot/2.0; +http://www.bing.com/bingbot.htm) Chrome/116.0.1938.76 Safari/537.36" "-"
216.73.216.0 - - [31/Mar/2026:00:55:38 +0000] "GET /shop/item/mangey113736959592?fileloc=%2F%2Fbin%2Fgslp&path=%2F%2Fbin HTTP/1.1" 200 12616 kaminibeauty.com "-" "Mozilla/5.0 AppleWebKit/537.36 (KHTML, like Gecko; compatible; ClaudeBot/1.0; +claudebot@anthropic.com)" "-"
52.167.144.0 - - [31/Mar/2026:00:55:39 +0000] "GET /shop/item/capriccioso133609191988 HTTP/1.1" 200 73358 kaminibeauty.com "-" "Mozilla/5.0 AppleWebKit/537.36 (KHTML, like Gecko; compatible; bingbot/2.0; +http://www.bing.com/bingbot.htm) Chrome/116.0.1938.76 Safari/537.36" "-"
170.168.243.0 - - [31/Mar/2026:00:55:39 +0000] "POST /xmlrpc.php HTTP/1.1" 503 339 www.kaminibeauty.com "-" "Mozilla/5.0 (Windows NT 10.0; Win64; x64) AppleWebKit/537.36 (KHTML, like Gecko) Chrome/124.0.6367.207 Safari/537.36" "-"
52.167.144.0 - - [31/Mar/2026:00:55:39 +0000] "GET /shop/item/mentally133630449827 HTTP/1.1" 200 73358 kaminibeauty.com "-" "Mozilla/5.0 AppleWebKit/537.36 (KHTML, like Gecko; compatible; bingbot/2.0; +http://www.bing.com/bingbot.htm) Chrome/116.0.1938.76 Safari/537.36" "-"
52.167.144.0 - - [31/Mar/2026:00:55:40 +0000] "GET /shop/item/cinematic162091000635 HTTP/1.1" 200 73358 kaminibeauty.com "-" "Mozilla/5.0 AppleWebKit/537.36 (KHTML, like Gecko; compatible; bingbot/2.0; +http://www.bing.com/bingbot.htm) Chrome/116.0.1938.76 Safari/537.36" "-"
52.167.144.0 - - [31/Mar/2026:00:55:40 +0000] "GET /shop/item/muntjak16797508424 HTTP/1.1" 200 73358 kaminibeauty.com "-" "Mozilla/5.0 AppleWebKit/537.36 (KHTML, like Gecko; compatible; bingbot/2.0; +http://www.bing.com/bingbot.htm) Chrome/116.0.1938.76 Safari/537.36" "-"
52.167.144.0 - - [31/Mar/2026:00:55:40 +0000] "GET /pw/?fileloc=//bin/slogin&path=//bin HTTP/1.1" 200 12188 www.kaminibeauty.com "-" "Mozilla/5.0 AppleWebKit/537.36 (KHTML, like Gecko; compatible; bingbot/2.0; +http://www.bing.com/bingbot.htm) Chrome/116.0.1938.76 Safari/537.36" "-"
52.167.144.0 - - [31/Mar/2026:00:55:40 +0000] "GET /shop/item/subsume153202325898 HTTP/1.1" 200 73358 kaminibeauty.com "-" "Mozilla/5.0 AppleWebKit/537.36 (KHTML, like Gecko; compatible; bingbot/2.0; +http://www.bing.com/bingbot.htm) Chrome/116.0.1938.76 Safari/537.36" "-"
217.145.224.0 - - [31/Mar/2026:00:55:41 +0000] "POST /xmlrpc.php HTTP/1.1" 200 73358 www.kaminibeauty.com "-" "Mozilla/5.0 (Windows NT 10.0; Win64; x64; rv:127.0) Gecko/20100101 Firefox/127.0" "-"
52.167.144.0 - - [31/Mar/2026:00:55:41 +0000] "GET /shop/item/bacchii151606999537 HTTP/1.1" 200 73358 kaminibeauty.com "-" "Mozilla/5.0 AppleWebKit/537.36 (KHTML, like Gecko; compatible; bingbot/2.0; +http://www.bing.com/bingbot.htm) Chrome/116.0.1938.76 Safari/537.36" "-"
52.71.216.0 - - [31/Mar/2026:00:55:41 +0000] "GET /wp-login.php?fileloc=//lib/locale/fr_CA.utf8/LC_TELEPHONE&path=//lib/locale/fr_CA.utf8 HTTP/1.1" 200 12362 kaminibeauty.com "-" "Mozilla/5.0 AppleWebKit/537.36 (KHTML, like Gecko; compatible; Amazonbot/0.1; +https://developer.amazon.com/support/amazonbot) Chrome/119.0.6045.214 Safari/537.36" "-"
52.167.144.0 - - [31/Mar/2026:00:55:42 +0000] "GET /shop/item/bipinnatus17310321698 HTTP/1.1" 200 73358 kaminibeauty.com "-" "Mozilla/5.0 AppleWebKit/537.36 (KHTML, like Gecko; compatible; bingbot/2.0; +http://www.bing.com/bingbot.htm) Chrome/116.0.1938.76 Safari/537.36" "-"
93.177.118.0 - - [31/Mar/2026:00:55:42 +0000] "POST /xmlrpc.php HTTP/1.1" 200 73358 www.kaminibeauty.com "-" "Mozilla/5.0 (Windows NT 10.0; Win64; x64; rv:127.0) Gecko/20100101 Firefox/127.0" "-"
52.167.144.0 - - [31/Mar/2026:00:55:42 +0000] "GET /shop/item/distend151128453065 HTTP/1.1" 200 73358 kaminibeauty.com "-" "Mozilla/5.0 AppleWebKit/537.36 (KHTML, like Gecko; compatible; bingbot/2.0; +http://www.bing.com/bingbot.htm) Chrome/116.0.1938.76 Safari/537.36" "-"
216.73.216.0 - - [31/Mar/2026:00:55:43 +0000] "GET /shop/item/blastomere111886987794?path=%2Fhomepages%2F26%2Fd4296700593 HTTP/1.1" 200 19759 kaminibeauty.com "-" "Mozilla/5.0 AppleWebKit/537.36 (KHTML, like Gecko; compatible; ClaudeBot/1.0; +claudebot@anthropic.com)" "-"
2a03:2880:f800:: - - [31/Mar/2026:00:55:44 +0000] "GET /shop/item/sarplar15364350141?fileloc=/homepages/4/d4297730999/htdocs/wordpress/wp-mail.php&path=/homepages/4/d4297730999/htdocs/wordpress HTTP/1.1" 429 267 kaminibeauty.com "-" "meta-externalagent/1.1 (+https://developers.facebook.com/docs/sharing/webmasters/crawler)" "-"
193.203.9.0 - - [31/Mar/2026:00:55:44 +0000] "POST /xmlrpc.php HTTP/1.1" 200 73358 www.kaminibeauty.com "-" "Mozilla/5.0 (Windows NT 10.0; Win64; x64; rv:127.0) Gecko/20100101 Firefox/127.0" "-"
2a03:2880:f800:: - - [31/Mar/2026:00:55:45 +0000] "GET /shop/item/sarplar15364350141?fileloc=/homepages/4/d4297730999/htdocs/wordpress/wp-trackback.php&path=/homepages/4/d4297730999/htdocs/wordpress HTTP/1.1" 429 267 kaminibeauty.com "-" "meta-externalagent/1.1 (+https://developers.facebook.com/docs/sharing/webmasters/crawler)" "-"
157.22.125.0 - - [31/Mar/2026:00:55:45 +0000] "POST /xmlrpc.php HTTP/1.1" 200 73358 www.kaminibeauty.com "-" "Mozilla/5.0 (Macintosh; Intel Mac OS X 13_5) AppleWebKit/605.1.15 (KHTML, like Gecko) Version/17.5 Safari/605.1.15" "-"
44.212.106.0 - - [31/Mar/2026:00:55:46 +0000] "GET /?path=//tmp/it_nonce_474ff1f0723b418e9cb0f7e99084e14f HTTP/1.1" 200 12715 www.kaminibeauty.com "-" "Mozilla/5.0 AppleWebKit/537.36 (KHTML, like Gecko; compatible; Amazonbot/0.1; +https://developer.amazon.com/support/amazonbot) Chrome/119.0.6045.214 Safari/537.36" "-"
23.20.11.0 - - [31/Mar/2026:00:55:46 +0000] "HEAD /wp-login.php?fileloc=//lib/locale/es_CR.utf8/LC_ADDRESS&path=//lib/locale/es_CR.utf8 HTTP/1.1" 200 - kaminibeauty.com "-" "Mozilla/5.0 AppleWebKit/605.1.15 (KHTML, like Gecko) Chrome/139.0.0.0 Safari/605.1.15" "-"
157.22.44.0 - - [31/Mar/2026:00:55:46 +0000] "POST /xmlrpc.php HTTP/1.1" 200 73358 www.kaminibeauty.com "-" "Mozilla/5.0 (Windows NT 10.0; Win64; x64; rv:127.0) Gecko/20100101 Firefox/127.0" "-"
5.181.170.0 - - [31/Mar/2026:00:55:48 +0000] "POST /xmlrpc.php HTTP/1.1" 200 73358 www.kaminibeauty.com "-" "Mozilla/5.0 (Windows NT 10.0; Win64; x64; rv:127.0) Gecko/20100101 Firefox/127.0" "-"
216.73.216.0 - - [31/Mar/2026:00:55:48 +0000] "GET /shop/item/confirming11926127649?path=%2F%2Fhomepages%2F0%2Fd4298120202 HTTP/1.1" 200 19759 kaminibeauty.com "-" "Mozilla/5.0 AppleWebKit/537.36 (KHTML, like Gecko; compatible; ClaudeBot/1.0; +claudebot@anthropic.com)" "-"
170.168.29.0 - - [31/Mar/2026:00:55:49 +0000] "POST /xmlrpc.php HTTP/1.1" 503 339 www.kaminibeauty.com "-" "Mozilla/5.0 (Windows NT 10.0; Win64; x64) AppleWebKit/537.36 (KHTML, like Gecko) Chrome/124.0.6367.207 Safari/537.36" "-"
44.218.6.0 - - [31/Mar/2026:00:55:51 +0000] "GET /wp-login.php?fileloc=//var/tmp/sess_3c1477a257dd1ecc908202b11e5db6b5&path=//var/tmp HTTP/1.1" 200 12257 kaminibeauty.com "-" "Mozilla/5.0 AppleWebKit/537.36 (KHTML, like Gecko; compatible; Amazonbot/0.1; +https://developer.amazon.com/support/amazonbot) Chrome/119.0.6045.214 Safari/537.36" "-"
2a03:2880:f800:: - - [31/Mar/2026:00:55:51 +0000] "GET /shop/item/sarplar15364350141?path=/homepages/4/d4297730999/htdocs/wordpress/wp-admin HTTP/1.1" 429 267 kaminibeauty.com "-" "meta-externalagent/1.1 (+https://developers.facebook.com/docs/sharing/webmasters/crawler)" "-"
45.148.124.0 - - [31/Mar/2026:00:55:51 +0000] "POST /xmlrpc.php HTTP/1.1" 503 339 www.kaminibeauty.com "-" "Mozilla/5.0 (Windows NT 10.0; Win64; x64) AppleWebKit/537.36 (KHTML, like Gecko) Chrome/124.0.6367.207 Safari/537.36" "-"
52.167.144.0 - - [31/Mar/2026:00:55:52 +0000] "GET /shop/item/powerlessly174287490555 HTTP/1.1" 200 73358 kaminibeauty.com "-" "Mozilla/5.0 AppleWebKit/537.36 (KHTML, like Gecko; compatible; bingbot/2.0; +http://www.bing.com/bingbot.htm) Chrome/116.0.1938.76 Safari/537.36" "-"
52.167.144.0 - - [31/Mar/2026:00:55:52 +0000] "GET /shop/item/esoterical113640350019 HTTP/1.1" 200 73358 kaminibeauty.com "-" "Mozilla/5.0 AppleWebKit/537.36 (KHTML, like Gecko; compatible; bingbot/2.0; +http://www.bing.com/bingbot.htm) Chrome/116.0.1938.76 Safari/537.36" "-"
2a03:2880:f800:: - - [31/Mar/2026:00:55:53 +0000] "GET /shop/item/sarplar15364350141?fileloc=/homepages/4/d4297730999/htdocs/wordpress/pages.php&path=/homepages/4/d4297730999/htdocs/wordpress HTTP/1.1" 429 267 kaminibeauty.com "-" "meta-externalagent/1.1 (+https://developers.facebook.com/docs/sharing/webmasters/crawler)" "-"
157.22.18.0 - - [31/Mar/2026:00:55:53 +0000] "POST /xmlrpc.php HTTP/1.1" 200 73358 www.kaminibeauty.com "-" "Mozilla/5.0 (Macintosh; Intel Mac OS X 13_5) AppleWebKit/605.1.15 (KHTML, like Gecko) Version/17.5 Safari/605.1.15" "-"
52.167.144.0 - - [31/Mar/2026:00:55:53 +0000] "GET /shop/item/copticum16832973340 HTTP/1.1" 200 73358 kaminibeauty.com "-" "Mozilla/5.0 AppleWebKit/537.36 (KHTML, like Gecko; compatible; bingbot/2.0; +http://www.bing.com/bingbot.htm) Chrome/116.0.1938.76 Safari/537.36" "-"
52.167.144.0 - - [31/Mar/2026:00:55:53 +0000] "GET /shop/item/plashed16432307073 HTTP/1.1" 200 73358 kaminibeauty.com "-" "Mozilla/5.0 AppleWebKit/537.36 (KHTML, like Gecko; compatible; bingbot/2.0; +http://www.bing.com/bingbot.htm) Chrome/116.0.1938.76 Safari/537.36" "-"
216.73.216.0 - - [31/Mar/2026:00:55:53 +0000] "GET /shop/item/solutive112651311131?fileloc=%2F%2Fbin%2Frletopnm&path=%2F%2Fbin HTTP/1.1" 200 12190 kaminibeauty.com "-" "Mozilla/5.0 AppleWebKit/537.36 (KHTML, like Gecko; compatible; ClaudeBot/1.0; +claudebot@anthropic.com)" "-"
52.167.144.0 - - [31/Mar/2026:00:55:54 +0000] "GET /shop/item/scutched133167725395 HTTP/1.1" 200 73358 kaminibeauty.com "-" "Mozilla/5.0 AppleWebKit/537.36 (KHTML, like Gecko; compatible; bingbot/2.0; +http://www.bing.com/bingbot.htm) Chrome/116.0.1938.76 Safari/537.36" "-"
2a03:2880:f800:: - - [31/Mar/2026:00:55:54 +0000] "GET /shop/item/sarplar15364350141?fileloc=/homepages/4/d4297730999/htdocs/wordpress/mah.php&path=/homepages/4/d4297730999/htdocs/wordpress HTTP/1.1" 429 267 kaminibeauty.com "-" "meta-externalagent/1.1 (+https://developers.facebook.com/docs/sharing/webmasters/crawler)" "-"
170.168.173.0 - - [31/Mar/2026:00:55:54 +0000] "GET /wp-login.php?wp_lang=en_US HTTP/1.1" 200 73358 www.kaminibeauty.com "-" "Mozilla/5.0 (Windows NT 10.0; Win64; x64) AppleWebKit/537.36 (KHTML, like Gecko) Chrome/124.0.6367.207 Safari/537.36" "-"
3.213.85.0 - - [31/Mar/2026:00:55:54 +0000] "GET /wp-login.php?fileloc=//lib/locale/es_GT.utf8/LC_IDENTIFICATION&path=//lib/locale/es_GT.utf8 HTTP/1.1" 200 12312 kaminibeauty.com "-" "Mozilla/5.0 AppleWebKit/537.36 (KHTML, like Gecko; compatible; Amazonbot/0.1; +https://developer.amazon.com/support/amazonbot) Chrome/119.0.6045.214 Safari/537.36" "-"
130.49.9.0 - - [31/Mar/2026:00:55:55 +0000] "GET /wp-login.php?wp_lang=en_US HTTP/1.1" 200 73358 www.kaminibeauty.com "-" "Mozilla/5.0 (Windows NT 10.0; Win64; x64) AppleWebKit/537.36 (KHTML, like Gecko) Chrome/124.0.6367.207 Safari/537.36" "-"
157.22.126.0 - - [31/Mar/2026:00:55:55 +0000] "GET /wp-login.php?wp_lang=en_US HTTP/1.1" 200 73358 www.kaminibeauty.com "-" "Mozilla/5.0 (Windows NT 10.0; Win64; x64) AppleWebKit/537.36 (KHTML, like Gecko) Chrome/124.0.6367.207 Safari/537.36" "-"
44.223.232.0 - - [31/Mar/2026:00:55:56 +0000] "GET /wp-login.php?fileloc=//lib/locale/en_HK.utf8/LC_MEASUREMENT&path=//lib/locale/en_HK.utf8 HTTP/1.1" 200 12332 kaminibeauty.com "-" "Mozilla/5.0 AppleWebKit/537.36 (KHTML, like Gecko; compatible; Amazonbot/0.1; +https://developer.amazon.com/support/amazonbot) Chrome/119.0.6045.214 Safari/537.36" "-"
3.213.184.0 - - [31/Mar/2026:00:55:56 +0000] "HEAD /wp-login.php?fileloc=//lib/x86_64-linux-gnu/libgomp.so.1.0.0&path=//lib/x86_64-linux-gnu HTTP/1.1" 200 - kaminibeauty.com "-" "Mozilla/5.0 AppleWebKit/605.1.15 (KHTML, like Gecko) Chrome/139.0.0.0 Safari/605.1.15" "-"
3.210.176.0 - - [31/Mar/2026:00:55:57 +0000] "HEAD /shop/item/winging162567043454?fileloc=//tmp/runlock-ws67682110-ws67682110:9d003648e312d5eeba69f3e9fea2c22221c0f7701e81080a3096ed19&path=//tmp HTTP/1.1" 200 - kaminibeauty.com "-" "Mozilla/5.0 AppleWebKit/605.1.15 (KHTML, like Gecko) Chrome/139.0.0.0 Safari/605.1.15" "-"
193.31.126.0 - - [31/Mar/2026:00:55:57 +0000] "GET /wp-login.php?wp_lang=en_US HTTP/1.1" 200 73358 www.kaminibeauty.com "-" "Mozilla/5.0 (Windows NT 10.0; Win64; x64) AppleWebKit/537.36 (KHTML, like Gecko) Chrome/124.0.6367.207 Safari/537.36" "-"
52.167.144.0 - - [31/Mar/2026:00:55:58 +0000] "GET /shop/item/mapping152707215424 HTTP/1.1" 200 73358 kaminibeauty.com "-" "Mozilla/5.0 AppleWebKit/537.36 (KHTML, like Gecko; compatible; bingbot/2.0; +http://www.bing.com/bingbot.htm) Chrome/116.0.1938.76 Safari/537.36" "-"
52.167.144.0 - - [31/Mar/2026:00:55:58 +0000] "GET /shop/item/ceriornis153453766775 HTTP/1.1" 200 73358 kaminibeauty.com "-" "Mozilla/5.0 AppleWebKit/537.36 (KHTML, like Gecko; compatible; bingbot/2.0; +http://www.bing.com/bingbot.htm) Chrome/116.0.1938.76 Safari/537.36" "-"
52.167.144.0 - - [31/Mar/2026:00:55:59 +0000] "GET /shop/item/formularize111798608864 HTTP/1.1" 200 73358 kaminibeauty.com "-" "Mozilla/5.0 AppleWebKit/537.36 (KHTML, like Gecko; compatible; bingbot/2.0; +http://www.bing.com/bingbot.htm) Chrome/116.0.1938.76 Safari/537.36" "-"
83.97.117.0 - - [31/Mar/2026:00:55:59 +0000] "GET /wp-login.php?wp_lang=en_US HTTP/1.1" 200 73358 www.kaminibeauty.com "-" "Mozilla/5.0 (Windows NT 10.0; Win64; x64) AppleWebKit/537.36 (KHTML, like Gecko) Chrome/124.0.6367.207 Safari/537.36" "-"
52.167.144.0 - - [31/Mar/2026:00:55:59 +0000] "GET /shop/item/nogoodnik15850784051 HTTP/1.1" 200 73358 kaminibeauty.com "-" "Mozilla/5.0 AppleWebKit/537.36 (KHTML, like Gecko; compatible; bingbot/2.0; +http://www.bing.com/bingbot.htm) Chrome/116.0.1938.76 Safari/537.36" "-"
52.167.144.0 - - [31/Mar/2026:00:55:59 +0000] "GET /shop/item/parliamentarily154185675396 HTTP/1.1" 200 73358 kaminibeauty.com "-" "Mozilla/5.0 AppleWebKit/537.36 (KHTML, like Gecko; compatible; bingbot/2.0; +http://www.bing.com/bingbot.htm) Chrome/116.0.1938.76 Safari/537.36" "-"
130.49.115.0 - - [31/Mar/2026:00:56:00 +0000] "GET /wp-login.php?wp_lang=en_US HTTP/1.1" 200 73358 www.kaminibeauty.com "-" "Mozilla/5.0 (Windows NT 10.0; Win64; x64) AppleWebKit/537.36 (KHTML, like Gecko) Chrome/124.0.6367.207 Safari/537.36" "-"
98.82.63.0 - - [31/Mar/2026:00:56:01 +0000] "GET /wp-login.php?fileloc=//lib/x86_64-linux-gnu/libXext.so.6&path=//lib/x86_64-linux-gnu HTTP/1.1" 200 12271 kaminibeauty.com "-" "Mozilla/5.0 AppleWebKit/537.36 (KHTML, like Gecko; compatible; Amazonbot/0.1; +https://developer.amazon.com/support/amazonbot) Chrome/119.0.6045.214 Safari/537.36" "-"
216.73.216.0 - - [31/Mar/2026:00:56:02 +0000] "GET /?fileloc=%2F%2Fkunden%2Fkunden%2Fkunden%2Fkunden%2Fkunden%2Flib%2Fpython3.9%2Fencodings%2Fuu_codec.py&path=%2F%2Fkunden%2Fkunden%2Fkunden%2Fkunden%2Fkunden%2Flib%2Fpython3.9%2Fencodings HTTP/1.1" 200 15620 www.kaminibeauty.com "-" "Mozilla/5.0 AppleWebKit/537.36 (KHTML, like Gecko; compatible; ClaudeBot/1.0; +claudebot@anthropic.com)" "-"
52.167.144.0 - - [31/Mar/2026:00:56:02 +0000] "GET /shop/item/hierogrammatic16560097326 HTTP/1.1" 200 73358 kaminibeauty.com "-" "Mozilla/5.0 AppleWebKit/537.36 (KHTML, like Gecko; compatible; bingbot/2.0; +http://www.bing.com/bingbot.htm) Chrome/116.0.1938.76 Safari/537.36" "-"
2a03:2880:f800:: - - [31/Mar/2026:00:56:03 +0000] "GET /shop/item/sarplar15364350141?fileloc=/homepages/4/d4297730999/htdocs/wordpress/wp-comments-post.php&path=/homepages/4/d4297730999/htdocs/wordpress HTTP/1.1" 429 267 kaminibeauty.com "-" "meta-externalagent/1.1 (+https://developers.facebook.com/docs/sharing/webmasters/crawler)" "-"
52.167.144.0 - - [31/Mar/2026:00:56:03 +0000] "GET /shop/item/tenacies16860432756 HTTP/1.1" 200 73358 kaminibeauty.com "-" "Mozilla/5.0 AppleWebKit/537.36 (KHTML, like Gecko; compatible; bingbot/2.0; +http://www.bing.com/bingbot.htm) Chrome/116.0.1938.76 Safari/537.36" "-"
52.167.144.0 - - [31/Mar/2026:00:56:03 +0000] "GET /shop/item/asbestous162562592622 HTTP/1.1" 200 73358 kaminibeauty.com "-" "Mozilla/5.0 AppleWebKit/537.36 (KHTML, like Gecko; compatible; bingbot/2.0; +http://www.bing.com/bingbot.htm) Chrome/116.0.1938.76 Safari/537.36" "-"
3.209.174.0 - - [31/Mar/2026:00:56:03 +0000] "GET /?path=//tmp/it_nonce_157e8a9802494cef8e99b59ab3cb7b3e HTTP/1.1" 200 12715 www.kaminibeauty.com "-" "Mozilla/5.0 AppleWebKit/537.36 (KHTML, like Gecko; compatible; Amazonbot/0.1; +https://developer.amazon.com/support/amazonbot) Chrome/119.0.6045.214 Safari/537.36" "-"
45.148.232.0 - - [31/Mar/2026:00:56:03 +0000] "GET /wp-login.php?wp_lang=en_US HTTP/1.1" 200 73358 www.kaminibeauty.com "-" "Mozilla/5.0 (Windows NT 10.0; Win64; x64) AppleWebKit/537.36 (KHTML, like Gecko) Chrome/124.0.6367.207 Safari/537.36" "-"
216.73.216.0 - - [31/Mar/2026:00:56:03 +0000] "GET /?fileloc=%2F%2Fhomepages%2F41%2Fd4297112046%2Fdistributor.lock&path=%2F%2Fhomepages%2F41%2Fd4297112046 HTTP/1.1" 200 12328 www.kaminibeauty.com "-" "Mozilla/5.0 AppleWebKit/537.36 (KHTML, like Gecko; compatible; ClaudeBot/1.0; +claudebot@anthropic.com)" "-"
52.167.144.0 - - [31/Mar/2026:00:56:04 +0000] "GET /shop/item/sigil132254375514 HTTP/1.1" 200 73358 kaminibeauty.com "-" "Mozilla/5.0 AppleWebKit/537.36 (KHTML, like Gecko; compatible; bingbot/2.0; +http://www.bing.com/bingbot.htm) Chrome/116.0.1938.76 Safari/537.36" "-"
2a03:2880:f800:: - - [31/Mar/2026:00:56:04 +0000] "GET /shop/item/sarplar15364350141?path=/homepages/4/d4297730999/htdocs/wordpress/images HTTP/1.1" 429 267 kaminibeauty.com "-" "meta-externalagent/1.1 (+https://developers.facebook.com/docs/sharing/webmasters/crawler)" "-"
52.167.144.0 - - [31/Mar/2026:00:56:04 +0000] "GET /shop/item/shrub151854151684 HTTP/1.1" 200 73358 kaminibeauty.com "-" "Mozilla/5.0 AppleWebKit/537.36 (KHTML, like Gecko; compatible; bingbot/2.0; +http://www.bing.com/bingbot.htm) Chrome/116.0.1938.76 Safari/537.36" "-"
52.167.144.0 - - [31/Mar/2026:00:56:04 +0000] "GET /shop/item/psychopannychism15367209186 HTTP/1.1" 200 73358 kaminibeauty.com "-" "Mozilla/5.0 AppleWebKit/537.36 (KHTML, like Gecko; compatible; bingbot/2.0; +http://www.bing.com/bingbot.htm) Chrome/116.0.1938.76 Safari/537.36" "-"
52.167.144.0 - - [31/Mar/2026:00:56:05 +0000] "GET /shop/item/pseudonarcissus143415936953 HTTP/1.1" 200 73358 kaminibeauty.com "-" "Mozilla/5.0 AppleWebKit/537.36 (KHTML, like Gecko; compatible; bingbot/2.0; +http://www.bing.com/bingbot.htm) Chrome/116.0.1938.76 Safari/537.36" "-"
45.148.234.0 - - [31/Mar/2026:00:56:05 +0000] "GET /wp-login.php?wp_lang=en_US HTTP/1.1" 200 73358 www.kaminibeauty.com "-" "Mozilla/5.0 (Windows NT 10.0; Win64; x64) AppleWebKit/537.36 (KHTML, like Gecko) Chrome/124.0.6367.207 Safari/537.36" "-"
52.167.144.0 - - [31/Mar/2026:00:56:05 +0000] "GET /shop/item/okinawa16109576640 HTTP/1.1" 200 73358 kaminibeauty.com "-" "Mozilla/5.0 AppleWebKit/537.36 (KHTML, like Gecko; compatible; bingbot/2.0; +http://www.bing.com/bingbot.htm) Chrome/116.0.1938.76 Safari/537.36" "-"
2a03:2880:f800:: - - [31/Mar/2026:00:56:06 +0000] "GET /shop/item/sarplar15364350141?fileloc=/homepages/4/d4297730999/htdocs/wordpress/wp-load.php&path=/homepages/4/d4297730999/htdocs/wordpress HTTP/1.1" 429 267 kaminibeauty.com "-" "meta-externalagent/1.1 (+https://developers.facebook.com/docs/sharing/webmasters/crawler)" "-"
52.167.144.0 - - [31/Mar/2026:00:56:06 +0000] "GET /shop/item/dansker111373368727 HTTP/1.1" 200 73358 kaminibeauty.com "-" "Mozilla/5.0 AppleWebKit/537.36 (KHTML, like Gecko; compatible; bingbot/2.0; +http://www.bing.com/bingbot.htm) Chrome/116.0.1938.76 Safari/537.36" "-"
52.167.144.0 - - [31/Mar/2026:00:56:06 +0000] "GET /shop/item/indiminishable163813385968 HTTP/1.1" 200 73358 kaminibeauty.com "-" "Mozilla/5.0 AppleWebKit/537.36 (KHTML, like Gecko; compatible; bingbot/2.0; +http://www.bing.com/bingbot.htm) Chrome/116.0.1938.76 Safari/537.36" "-"
52.167.144.0 - - [31/Mar/2026:00:56:06 +0000] "GET /shop/item/epiphegus12471534160 HTTP/1.1" 200 73358 kaminibeauty.com "-" "Mozilla/5.0 AppleWebKit/537.36 (KHTML, like Gecko; compatible; bingbot/2.0; +http://www.bing.com/bingbot.htm) Chrome/116.0.1938.76 Safari/537.36" "-"
52.167.144.0 - - [31/Mar/2026:00:56:07 +0000] "GET /shop/item/aspired154091229134 HTTP/1.1" 200 73358 kaminibeauty.com "-" "Mozilla/5.0 AppleWebKit/537.36 (KHTML, like Gecko; compatible; bingbot/2.0; +http://www.bing.com/bingbot.htm) Chrome/116.0.1938.76 Safari/537.36" "-"
217.145.224.0 - - [31/Mar/2026:00:56:07 +0000] "GET /wp-login.php?wp_lang=en_US HTTP/1.1" 200 73358 www.kaminibeauty.com "-" "Mozilla/5.0 (Windows NT 10.0; Win64; x64) AppleWebKit/537.36 (KHTML, like Gecko) Chrome/124.0.6367.207 Safari/537.36" "-"
2a03:2880:f800:: - - [31/Mar/2026:00:56:07 +0000] "GET /shop/item/sarplar15364350141?fileloc=/homepages/4/d4297730999/htdocs/wordpress/options.php&path=/homepages/4/d4297730999/htdocs/wordpress HTTP/1.1" 429 267 kaminibeauty.com "-" "meta-externalagent/1.1 (+https://developers.facebook.com/docs/sharing/webmasters/crawler)" "-"
