52.167.144.0 - - [31/Mar/2026:00:53:14 +0000] "GET /shop/item/buttery163505691927 HTTP/1.1" 200 73358 kaminibeauty.com "-" "Mozilla/5.0 AppleWebKit/537.36 (KHTML, like Gecko; compatible; bingbot/2.0; +http://www.bing.com/bingbot.htm) Chrome/116.0.1938.76 Safari/537.36" "-"
52.167.144.0 - - [31/Mar/2026:00:53:15 +0000] "GET /shop/item/jurel152847727273 HTTP/1.1" 200 73358 kaminibeauty.com "-" "Mozilla/5.0 AppleWebKit/537.36 (KHTML, like Gecko; compatible; bingbot/2.0; +http://www.bing.com/bingbot.htm) Chrome/116.0.1938.76 Safari/537.36" "-"
52.167.144.0 - - [31/Mar/2026:00:53:15 +0000] "GET /shop/item/avena15478632980 HTTP/1.1" 200 73358 kaminibeauty.com "-" "Mozilla/5.0 AppleWebKit/537.36 (KHTML, like Gecko; compatible; bingbot/2.0; +http://www.bing.com/bingbot.htm) Chrome/116.0.1938.76 Safari/537.36" "-"
216.73.216.0 - - [31/Mar/2026:00:53:16 +0000] "GET /shop/item/doveship123941919325?path=%2F%2Ftmp%2Fit_nonce_b853bbe7a9d24146af08ce9bb313d199 HTTP/1.1" 200 12715 kaminibeauty.com "-" "Mozilla/5.0 AppleWebKit/537.36 (KHTML, like Gecko; compatible; ClaudeBot/1.0; +claudebot@anthropic.com)" "-"
35.171.141.0 - - [31/Mar/2026:00:53:16 +0000] "GET /wp-login.php?fileloc=//homepages/35/d4297641636/distributor.lock&path=//homepages/35/d4297641636 HTTP/1.1" 200 12328 kaminibeauty.com "-" "Mozilla/5.0 AppleWebKit/537.36 (KHTML, like Gecko; compatible; Amazonbot/0.1; +https://developer.amazon.com/support/amazonbot) Chrome/119.0.6045.214 Safari/537.36" "-"
216.73.216.0 - - [31/Mar/2026:00:53:19 +0000] "GET /shop/item/unitively111262638354?fileloc=%2Fhomepages%2F4%2Fd4297730999%2Fhtdocs%2Fwordpress%2Fbuy.php&path=%2Fhomepages%2F4%2Fd4297730999%2Fhtdocs%2Fwordpress HTTP/1.1" 200 14135 kaminibeauty.com "-" "Mozilla/5.0 AppleWebKit/537.36 (KHTML, like Gecko; compatible; ClaudeBot/1.0; +claudebot@anthropic.com)" "-"
3.213.85.0 - - [31/Mar/2026:00:53:20 +0000] "GET /wp-login.php?fileloc=//lib/locale/es_CO.utf8/LC_COLLATE&path=//lib/locale/es_CO.utf8 HTTP/1.1" 200 12305 kaminibeauty.com "-" "Mozilla/5.0 AppleWebKit/537.36 (KHTML, like Gecko; compatible; Amazonbot/0.1; +https://developer.amazon.com/support/amazonbot) Chrome/119.0.6045.214 Safari/537.36" "-"
52.167.144.0 - - [31/Mar/2026:00:53:23 +0000] "GET /shop/item/hurdleed17846511792 HTTP/1.1" 200 73358 kaminibeauty.com "-" "Mozilla/5.0 AppleWebKit/537.36 (KHTML, like Gecko; compatible; bingbot/2.0; +http://www.bing.com/bingbot.htm) Chrome/116.0.1938.76 Safari/537.36" "-"
3.231.110.0 - - [31/Mar/2026:00:53:23 +0000] "HEAD /?path=//tmp/it_nonce_aedc040e67e541f686948faec47072e4 HTTP/1.1" 200 - www.kaminibeauty.com "-" "Mozilla/5.0 AppleWebKit/605.1.15 (KHTML, like Gecko) Chrome/139.0.0.0 Safari/605.1.15" "-"
52.167.144.0 - - [31/Mar/2026:00:53:23 +0000] "GET /shop/item/testificandum16632322257 HTTP/1.1" 200 73358 kaminibeauty.com "-" "Mozilla/5.0 AppleWebKit/537.36 (KHTML, like Gecko; compatible; bingbot/2.0; +http://www.bing.com/bingbot.htm) Chrome/116.0.1938.76 Safari/537.36" "-"
52.167.144.0 - - [31/Mar/2026:00:53:24 +0000] "GET /shop/item/phyllode171422625009 HTTP/1.1" 200 73358 kaminibeauty.com "-" "Mozilla/5.0 AppleWebKit/537.36 (KHTML, like Gecko; compatible; bingbot/2.0; +http://www.bing.com/bingbot.htm) Chrome/116.0.1938.76 Safari/537.36" "-"
216.73.216.0 - - [31/Mar/2026:00:53:24 +0000] "GET /shop/item/artedi17373917897?fileloc=%2Fhomepages%2F4%2Fd4297730999%2Fhtdocs%2Fwordpress%2Fwp-admin%2Fjs%2Fsite-health.js&path=%2Fhomepages%2F4%2Fd4297730999%2Fhtdocs%2Fwordpress%2Fwp-admin%2Fjs HTTP/1.1" 200 26268 kaminibeauty.com "-" "Mozilla/5.0 AppleWebKit/537.36 (KHTML, like Gecko; compatible; ClaudeBot/1.0; +claudebot@anthropic.com)" "-"
66.249.76.0 - - [31/Mar/2026:00:53:24 +0000] "GET /?fileloc=/homepages/4/d4297730999/htdocs/wordpress/item.php?shop/item/carambola182906906404 HTTP/1.1" 200 12492 kaminibeauty.com "-" "Mozilla/5.0 (Linux; Android 6.0.1; Nexus 5X Build/MMB29P) AppleWebKit/537.36 (KHTML, like Gecko) Chrome/146.0.7680.153 Mobile Safari/537.36 (compatible; Googlebot/2.1; +http://www.google.com/bot.html)" "-"
52.167.144.0 - - [31/Mar/2026:00:53:24 +0000] "GET /shop/item/porticos1651582289 HTTP/1.1" 200 73358 kaminibeauty.com "-" "Mozilla/5.0 AppleWebKit/537.36 (KHTML, like Gecko; compatible; bingbot/2.0; +http://www.bing.com/bingbot.htm) Chrome/116.0.1938.76 Safari/537.36" "-"
52.167.144.0 - - [31/Mar/2026:00:53:25 +0000] "GET /shop/item/ferreted15419623457 HTTP/1.1" 200 73358 kaminibeauty.com "-" "Mozilla/5.0 AppleWebKit/537.36 (KHTML, like Gecko; compatible; bingbot/2.0; +http://www.bing.com/bingbot.htm) Chrome/116.0.1938.76 Safari/537.36" "-"
18.214.186.0 - - [31/Mar/2026:00:53:26 +0000] "GET /wp-login.php?fileloc=//tmp/runlock-ws67646096-ws67646096:b51d877192c37871ba5f0fc4b3317459bbae26ac3fa5280667d3c8f7&path=//tmp HTTP/1.1" 200 12268 kaminibeauty.com "-" "Mozilla/5.0 AppleWebKit/537.36 (KHTML, like Gecko; compatible; Amazonbot/0.1; +https://developer.amazon.com/support/amazonbot) Chrome/119.0.6045.214 Safari/537.36" "-"
2a03:2880:f800:: - - [31/Mar/2026:00:53:28 +0000] "GET /shop/item/calcify151040316109?path=/homepages/4 HTTP/1.1" 200 31313 kaminibeauty.com "-" "meta-externalagent/1.1 (+https://developers.facebook.com/docs/sharing/webmasters/crawler)" "-"
52.167.144.0 - - [31/Mar/2026:00:53:28 +0000] "GET /shop/item/larvalla15742481806 HTTP/1.1" 200 73358 kaminibeauty.com "-" "Mozilla/5.0 AppleWebKit/537.36 (KHTML, like Gecko; compatible; bingbot/2.0; +http://www.bing.com/bingbot.htm) Chrome/116.0.1938.76 Safari/537.36" "-"
52.167.144.0 - - [31/Mar/2026:00:53:28 +0000] "GET /shop/item/knockdowndragout17762900586 HTTP/1.1" 200 73358 kaminibeauty.com "-" "Mozilla/5.0 AppleWebKit/537.36 (KHTML, like Gecko; compatible; bingbot/2.0; +http://www.bing.com/bingbot.htm) Chrome/116.0.1938.76 Safari/537.36" "-"
3.210.29.0 - - [31/Mar/2026:00:53:29 +0000] "GET /wp-login.php?fileloc=//lib/locale/es_CR.utf8/LC_ADDRESS&path=//lib/locale/es_CR.utf8 HTTP/1.1" 429 267 kaminibeauty.com "-" "Mozilla/5.0 AppleWebKit/537.36 (KHTML, like Gecko; compatible; Amazonbot/0.1; +https://developer.amazon.com/support/amazonbot) Chrome/119.0.6045.214 Safari/537.36" "-"
52.167.144.0 - - [31/Mar/2026:00:53:29 +0000] "GET /shop/item/presser172017382576 HTTP/1.1" 200 73358 kaminibeauty.com "-" "Mozilla/5.0 AppleWebKit/537.36 (KHTML, like Gecko; compatible; bingbot/2.0; +http://www.bing.com/bingbot.htm) Chrome/116.0.1938.76 Safari/537.36" "-"
216.73.216.0 - - [31/Mar/2026:00:53:29 +0000] "GET /shop/item/slanderer11959071484?fileloc=%2F%2Fbin%2Fmysqlshow&path=%2F%2Fbin HTTP/1.1" 200 12191 kaminibeauty.com "-" "Mozilla/5.0 AppleWebKit/537.36 (KHTML, like Gecko; compatible; ClaudeBot/1.0; +claudebot@anthropic.com)" "-"
52.167.144.0 - - [31/Mar/2026:00:53:29 +0000] "GET /shop/item/hardenbergia17489933157 HTTP/1.1" 200 73358 kaminibeauty.com "-" "Mozilla/5.0 AppleWebKit/537.36 (KHTML, like Gecko; compatible; bingbot/2.0; +http://www.bing.com/bingbot.htm) Chrome/116.0.1938.76 Safari/537.36" "-"
116.132.0.0 - - [31/Mar/2026:00:53:30 +0000] "GET /wp-json/wp/v2/posts HTTP/1.1" 200 73358 kaminibeauty.com "-" "Mozilla/5.0 (Windows NT 10.0; Win64; x64) AppleWebKit/537.36 (KHTML, like Gecko) Chrome/120.0.0.0 Safari/537.36" "-"
54.144.185.0 - - [31/Mar/2026:00:53:31 +0000] "GET /wp-login.php?fileloc=//lib/locale/ca_ES/LC_MONETARY&path=//lib/locale/ca_ES HTTP/1.1" 429 267 kaminibeauty.com "-" "Mozilla/5.0 AppleWebKit/537.36 (KHTML, like Gecko; compatible; Amazonbot/0.1; +https://developer.amazon.com/support/amazonbot) Chrome/119.0.6045.214 Safari/537.36" "-"
3.88.93.0 - - [31/Mar/2026:00:53:31 +0000] "HEAD /wp-login.php?fileloc=//lib/ssl/certs/90c5a3c8.0&path=//lib/ssl/certs HTTP/1.1" 200 - kaminibeauty.com "-" "Mozilla/5.0 AppleWebKit/605.1.15 (KHTML, like Gecko) Chrome/139.0.0.0 Safari/605.1.15" "-"
74.7.241.0 - - [31/Mar/2026:00:53:33 +0000] "GET /?path=//kunden/kunden/kunden/kunden/kunden/kunden/proc/thread-self/root/kunden/kunden/kunden/kunden/kunden/kunden/kunden/kunden/kunden/kunden/kunden/kunden/kunden/kunden/kunden/kunden/kunden/kunden/kunden/lib/ssl/private HTTP/1.1" 200 16952 www.kaminibeauty.com "http://www.kaminibeauty.com/?path=//kunden/kunden/kunden/kunden/kunden/kunden/proc/thread-self/root/kunden/kunden/kunden/kunden/kunden/kunden/kunden/kunden/kunden/kunden/kunden/kunden/kunden/kunden/kunden/kunden/kunden/kunden/kunden/lib/ssl" "Mozilla/5.0 AppleWebKit/537.36 (KHTML, like Gecko; compatible; GPTBot/1.3; +https://openai.com/gptbot)" "-"
47.128.98.0 - - [31/Mar/2026:00:53:33 +0000] "GET /2025/04/page/2/?path=%2F%2Fproc%2Firq%2F52 HTTP/1.1" 200 21137 kaminibeauty.com "-" "Mozilla/5.0 (Linux; Android 5.0) AppleWebKit/537.36 (KHTML, like Gecko) Mobile Safari/537.36 (compatible; Bytespider; spider-feedback@bytedance.com)" "-"
52.167.144.0 - - [31/Mar/2026:00:53:33 +0000] "GET /shop/item/quorum16324807706 HTTP/1.1" 200 73358 kaminibeauty.com "-" "Mozilla/5.0 AppleWebKit/537.36 (KHTML, like Gecko; compatible; bingbot/2.0; +http://www.bing.com/bingbot.htm) Chrome/116.0.1938.76 Safari/537.36" "-"
52.167.144.0 - - [31/Mar/2026:00:53:34 +0000] "GET /shop/item/fructiferuos143132378684 HTTP/1.1" 200 73358 kaminibeauty.com "-" "Mozilla/5.0 AppleWebKit/537.36 (KHTML, like Gecko; compatible; bingbot/2.0; +http://www.bing.com/bingbot.htm) Chrome/116.0.1938.76 Safari/537.36" "-"
216.73.216.0 - - [31/Mar/2026:00:53:34 +0000] "GET /shop/item/quassite114046909878?fileloc=%2F%2Fbin%2Fcolcrt&path=%2F%2Fbin HTTP/1.1" 200 12188 kaminibeauty.com "-" "Mozilla/5.0 AppleWebKit/537.36 (KHTML, like Gecko; compatible; ClaudeBot/1.0; +claudebot@anthropic.com)" "-"
52.167.144.0 - - [31/Mar/2026:00:53:34 +0000] "GET /shop/item/perfunctoriness17433364116 HTTP/1.1" 200 73358 kaminibeauty.com "-" "Mozilla/5.0 AppleWebKit/537.36 (KHTML, like Gecko; compatible; bingbot/2.0; +http://www.bing.com/bingbot.htm) Chrome/116.0.1938.76 Safari/537.36" "-"
52.167.144.0 - - [31/Mar/2026:00:53:35 +0000] "GET /shop/item/fulgently162320606459 HTTP/1.1" 200 73358 kaminibeauty.com "-" "Mozilla/5.0 AppleWebKit/537.36 (KHTML, like Gecko; compatible; bingbot/2.0; +http://www.bing.com/bingbot.htm) Chrome/116.0.1938.76 Safari/537.36" "-"
52.167.144.0 - - [31/Mar/2026:00:53:35 +0000] "GET /shop/item/deglutination151288652451 HTTP/1.1" 200 73358 kaminibeauty.com "-" "Mozilla/5.0 AppleWebKit/537.36 (KHTML, like Gecko; compatible; bingbot/2.0; +http://www.bing.com/bingbot.htm) Chrome/116.0.1938.76 Safari/537.36" "-"
52.167.144.0 - - [31/Mar/2026:00:53:36 +0000] "GET /shop/item/rerebrace16359673873 HTTP/1.1" 200 73358 kaminibeauty.com "-" "Mozilla/5.0 AppleWebKit/537.36 (KHTML, like Gecko; compatible; bingbot/2.0; +http://www.bing.com/bingbot.htm) Chrome/116.0.1938.76 Safari/537.36" "-"
52.167.144.0 - - [31/Mar/2026:00:53:36 +0000] "GET /shop/item/ogress162772153935 HTTP/1.1" 200 73358 kaminibeauty.com "-" "Mozilla/5.0 AppleWebKit/537.36 (KHTML, like Gecko; compatible; bingbot/2.0; +http://www.bing.com/bingbot.htm) Chrome/116.0.1938.76 Safari/537.36" "-"
52.167.144.0 - - [31/Mar/2026:00:53:37 +0000] "GET /shop/item/leontodos13515881909 HTTP/1.1" 200 73358 kaminibeauty.com "-" "Mozilla/5.0 AppleWebKit/537.36 (KHTML, like Gecko; compatible; bingbot/2.0; +http://www.bing.com/bingbot.htm) Chrome/116.0.1938.76 Safari/537.36" "-"
52.167.144.0 - - [31/Mar/2026:00:53:37 +0000] "GET /shop/item/wakening173209587067 HTTP/1.1" 200 73358 kaminibeauty.com "-" "Mozilla/5.0 AppleWebKit/537.36 (KHTML, like Gecko; compatible; bingbot/2.0; +http://www.bing.com/bingbot.htm) Chrome/116.0.1938.76 Safari/537.36" "-"
52.167.144.0 - - [31/Mar/2026:00:53:37 +0000] "GET /shop/item/javelin171066482000 HTTP/1.1" 200 73358 kaminibeauty.com "-" "Mozilla/5.0 AppleWebKit/537.36 (KHTML, like Gecko; compatible; bingbot/2.0; +http://www.bing.com/bingbot.htm) Chrome/116.0.1938.76 Safari/537.36" "-"
52.167.144.0 - - [31/Mar/2026:00:53:38 +0000] "GET /shop/item/reachless162805313350 HTTP/1.1" 200 73358 kaminibeauty.com "-" "Mozilla/5.0 AppleWebKit/537.36 (KHTML, like Gecko; compatible; bingbot/2.0; +http://www.bing.com/bingbot.htm) Chrome/116.0.1938.76 Safari/537.36" "-"
52.167.144.0 - - [31/Mar/2026:00:53:38 +0000] "GET /shop/item/sparefulness11217135718 HTTP/1.1" 200 73358 kaminibeauty.com "-" "Mozilla/5.0 AppleWebKit/537.36 (KHTML, like Gecko; compatible; bingbot/2.0; +http://www.bing.com/bingbot.htm) Chrome/116.0.1938.76 Safari/537.36" "-"
52.167.144.0 - - [31/Mar/2026:00:53:38 +0000] "GET /shop/item/lagenae161786422430 HTTP/1.1" 200 73358 kaminibeauty.com "-" "Mozilla/5.0 AppleWebKit/537.36 (KHTML, like Gecko; compatible; bingbot/2.0; +http://www.bing.com/bingbot.htm) Chrome/116.0.1938.76 Safari/537.36" "-"
52.167.144.0 - - [31/Mar/2026:00:53:39 +0000] "GET /shop/item/reluctancy173764702152 HTTP/1.1" 200 73358 kaminibeauty.com "-" "Mozilla/5.0 AppleWebKit/537.36 (KHTML, like Gecko; compatible; bingbot/2.0; +http://www.bing.com/bingbot.htm) Chrome/116.0.1938.76 Safari/537.36" "-"
13.219.8.0 - - [31/Mar/2026:00:53:39 +0000] "HEAD /?path=//tmp/it_nonce_a9de20912b794069bcebb211d3e8604f HTTP/1.1" 200 - www.kaminibeauty.com "-" "Mozilla/5.0 AppleWebKit/605.1.15 (KHTML, like Gecko) Chrome/139.0.0.0 Safari/605.1.15" "-"
216.73.216.0 - - [31/Mar/2026:00:53:39 +0000] "GET /shop/item/marly113419597627?fileloc=%2F%2Fproc%2Firq%2F73%2Fsmp_affinity&path=%2F%2Fproc%2Firq%2F73 HTTP/1.1" 200 12312 kaminibeauty.com "-" "Mozilla/5.0 AppleWebKit/537.36 (KHTML, like Gecko; compatible; ClaudeBot/1.0; +claudebot@anthropic.com)" "-"
52.167.144.0 - - [31/Mar/2026:00:53:40 +0000] "GET /shop/item/scarified152174952855 HTTP/1.1" 200 73358 kaminibeauty.com "-" "Mozilla/5.0 AppleWebKit/537.36 (KHTML, like Gecko; compatible; bingbot/2.0; +http://www.bing.com/bingbot.htm) Chrome/116.0.1938.76 Safari/537.36" "-"
44.208.193.0 - - [31/Mar/2026:00:53:40 +0000] "GET /shop/item/winging162567043454?fileloc=//tmp/runlock-ws67682110-ws67682110:9d003648e312d5eeba69f3e9fea2c22221c0f7701e81080a3096ed19&path=//tmp HTTP/1.1" 429 267 kaminibeauty.com "-" "Mozilla/5.0 AppleWebKit/537.36 (KHTML, like Gecko; compatible; Amazonbot/0.1; +https://developer.amazon.com/support/amazonbot) Chrome/119.0.6045.214 Safari/537.36" "-"
52.167.144.0 - - [31/Mar/2026:00:53:40 +0000] "GET /shop/item/forewite153484027925 HTTP/1.1" 200 73358 kaminibeauty.com "-" "Mozilla/5.0 AppleWebKit/537.36 (KHTML, like Gecko; compatible; bingbot/2.0; +http://www.bing.com/bingbot.htm) Chrome/116.0.1938.76 Safari/537.36" "-"
54.145.82.0 - - [31/Mar/2026:00:53:40 +0000] "GET /?path=//usr/lib/openssh HTTP/1.1" 200 18494 www.kaminibeauty.com "-" "Mozilla/5.0 AppleWebKit/537.36 (KHTML, like Gecko; compatible; Amazonbot/0.1; +https://developer.amazon.com/support/amazonbot) Chrome/119.0.6045.214 Safari/537.36" "-"
74.7.242.0 - - [31/Mar/2026:00:53:42 +0000] "GET /?fileloc=//kunden/bin/ln&path=//kunden/bin HTTP/1.1" 200 12234 kaminibeauty.com "http://kaminibeauty.com/?path=//kunden/bin" "Mozilla/5.0 AppleWebKit/537.36 (KHTML, like Gecko; compatible; GPTBot/1.3; +https://openai.com/gptbot)" "-"
2a03:2880:f800:: - - [31/Mar/2026:00:53:42 +0000] "GET /shop/item/calcify151040316109?path=/homepages/4/d4297730999 HTTP/1.1" 200 19739 kaminibeauty.com "-" "meta-externalagent/1.1 (+https://developers.facebook.com/docs/sharing/webmasters/crawler)" "-"
3.94.142.0 - - [31/Mar/2026:00:53:44 +0000] "HEAD /?fileloc=//tmp/runlock-ws67683701-ws67683701:9a926465c46897dd7267e0ee2b2fccb7b189e9014ee89dfe97849a40&path=//tmp HTTP/1.1" 200 - www.kaminibeauty.com "-" "Mozilla/5.0 AppleWebKit/605.1.15 (KHTML, like Gecko) Chrome/139.0.0.0 Safari/605.1.15" "-"
23.21.179.0 - - [31/Mar/2026:00:53:45 +0000] "GET /wp-login.php?path=//tmp/it_nonce_bfad652653744b9cb1a753e7cc8ea903 HTTP/1.1" 429 267 kaminibeauty.com "-" "Mozilla/5.0 AppleWebKit/537.36 (KHTML, like Gecko; compatible; Amazonbot/0.1; +https://developer.amazon.com/support/amazonbot) Chrome/119.0.6045.214 Safari/537.36" "-"
216.73.216.0 - - [31/Mar/2026:00:53:45 +0000] "GET /shop/item/endoplastule113612171479?path=%2F%2Ftmp%2Fit_nonce_3709aa16c88b4239873d17a89ad871e6 HTTP/1.1" 200 12715 kaminibeauty.com "-" "Mozilla/5.0 AppleWebKit/537.36 (KHTML, like Gecko; compatible; ClaudeBot/1.0; +claudebot@anthropic.com)" "-"
216.73.216.0 - - [31/Mar/2026:00:53:45 +0000] "GET /shop/item/nebulosum124134675490?fileloc=%2Fhomepages%2F4%2Fd4297730999%2Fhtdocs%2Fwordpress%2Fbuy.php&path=%2Fhomepages%2F4%2Fd4297730999%2Fhtdocs%2Fwordpress HTTP/1.1" 200 14135 kaminibeauty.com "-" "Mozilla/5.0 AppleWebKit/537.36 (KHTML, like Gecko; compatible; ClaudeBot/1.0; +claudebot@anthropic.com)" "-"
216.73.216.0 - - [31/Mar/2026:00:53:46 +0000] "GET /shop/item/lernaea112470714067?fileloc=%2F%2Ftmp%2Fsess_60770bf76142a3db14fff22a40795f20&path=%2F%2Ftmp HTTP/1.1" 200 12219 kaminibeauty.com "-" "Mozilla/5.0 AppleWebKit/537.36 (KHTML, like Gecko; compatible; ClaudeBot/1.0; +claudebot@anthropic.com)" "-"
216.73.216.0 - - [31/Mar/2026:00:53:46 +0000] "GET /shop/item/mentha113923608944?fileloc=%2F%2Fbin%2Fc99-gcc&path=%2F%2Fbin HTTP/1.1" 200 12680 kaminibeauty.com "-" "Mozilla/5.0 AppleWebKit/537.36 (KHTML, like Gecko; compatible; ClaudeBot/1.0; +claudebot@anthropic.com)" "-"
216.73.216.0 - - [31/Mar/2026:00:53:47 +0000] "GET /shop/item/telegony173442871393?fileloc=%2Fhomepages%2F4%2Fd4297730999%2Fhtdocs%2Fwordpress%2F.htaccess&path=%2Fhomepages%2F4%2Fd4297730999%2Fhtdocs%2Fwordpress HTTP/1.1" 200 14539 kaminibeauty.com "-" "Mozilla/5.0 AppleWebKit/537.36 (KHTML, like Gecko; compatible; ClaudeBot/1.0; +claudebot@anthropic.com)" "-"
216.73.216.0 - - [31/Mar/2026:00:53:47 +0000] "GET /shop/item/eciton111413576406?path=%2Fhomepages%2F5%2Fd4298001861 HTTP/1.1" 200 19739 kaminibeauty.com "-" "Mozilla/5.0 AppleWebKit/537.36 (KHTML, like Gecko; compatible; ClaudeBot/1.0; +claudebot@anthropic.com)" "-"
216.73.216.0 - - [31/Mar/2026:00:53:48 +0000] "GET /shop/item/craggy11658759164?fileloc=%2Fhomepages%2F4%2Fd4297730999%2Fhtdocs%2Fwordpress%2Fehymg.php&path=%2Fhomepages%2F4%2Fd4297730999%2Fhtdocs%2Fwordpress HTTP/1.1" 429 267 kaminibeauty.com "-" "Mozilla/5.0 AppleWebKit/537.36 (KHTML, like Gecko; compatible; ClaudeBot/1.0; +claudebot@anthropic.com)" "-"
54.225.81.0 - - [31/Mar/2026:00:53:48 +0000] "GET /wp-login.php?fileloc=//homepages/3/d4297386676/distributor.lock&path=//homepages/3/d4297386676 HTTP/1.1" 429 267 kaminibeauty.com "-" "Mozilla/5.0 AppleWebKit/537.36 (KHTML, like Gecko; compatible; Amazonbot/0.1; +https://developer.amazon.com/support/amazonbot) Chrome/119.0.6045.214 Safari/537.36" "-"
52.167.144.0 - - [31/Mar/2026:00:53:49 +0000] "GET /shop/item/publicly162444914784 HTTP/1.1" 200 73358 kaminibeauty.com "-" "Mozilla/5.0 AppleWebKit/537.36 (KHTML, like Gecko; compatible; bingbot/2.0; +http://www.bing.com/bingbot.htm) Chrome/116.0.1938.76 Safari/537.36" "-"
52.167.144.0 - - [31/Mar/2026:00:53:50 +0000] "GET /shop/item/autoplastic11760294453 HTTP/1.1" 200 73358 kaminibeauty.com "-" "Mozilla/5.0 AppleWebKit/537.36 (KHTML, like Gecko; compatible; bingbot/2.0; +http://www.bing.com/bingbot.htm) Chrome/116.0.1938.76 Safari/537.36" "-"
52.167.144.0 - - [31/Mar/2026:00:53:50 +0000] "GET /shop/item/moduli144242989364 HTTP/1.1" 200 73358 kaminibeauty.com "-" "Mozilla/5.0 AppleWebKit/537.36 (KHTML, like Gecko; compatible; bingbot/2.0; +http://www.bing.com/bingbot.htm) Chrome/116.0.1938.76 Safari/537.36" "-"
52.167.144.0 - - [31/Mar/2026:00:53:50 +0000] "GET /shop/item/impersonator124207410406 HTTP/1.1" 200 73358 kaminibeauty.com "-" "Mozilla/5.0 AppleWebKit/537.36 (KHTML, like Gecko; compatible; bingbot/2.0; +http://www.bing.com/bingbot.htm) Chrome/116.0.1938.76 Safari/537.36" "-"
52.167.144.0 - - [31/Mar/2026:00:53:51 +0000] "GET /shop/item/polybasite151651343681 HTTP/1.1" 200 73358 kaminibeauty.com "-" "Mozilla/5.0 AppleWebKit/537.36 (KHTML, like Gecko; compatible; bingbot/2.0; +http://www.bing.com/bingbot.htm) Chrome/116.0.1938.76 Safari/537.36" "-"
34.197.28.0 - - [31/Mar/2026:00:53:51 +0000] "GET /wp-login.php?fileloc=//lib/locale/oc_FR.utf8/LC_ADDRESS&path=//lib/locale/oc_FR.utf8 HTTP/1.1" 429 267 kaminibeauty.com "-" "Mozilla/5.0 AppleWebKit/537.36 (KHTML, like Gecko; compatible; Amazonbot/0.1; +https://developer.amazon.com/support/amazonbot) Chrome/119.0.6045.214 Safari/537.36" "-"
52.167.144.0 - - [31/Mar/2026:00:53:51 +0000] "GET /shop/item/chaunterie16950522595 HTTP/1.1" 200 73358 kaminibeauty.com "-" "Mozilla/5.0 AppleWebKit/537.36 (KHTML, like Gecko; compatible; bingbot/2.0; +http://www.bing.com/bingbot.htm) Chrome/116.0.1938.76 Safari/537.36" "-"
52.167.144.0 - - [31/Mar/2026:00:53:52 +0000] "GET /shop/item/impedible162548019757 HTTP/1.1" 200 73358 kaminibeauty.com "-" "Mozilla/5.0 AppleWebKit/537.36 (KHTML, like Gecko; compatible; bingbot/2.0; +http://www.bing.com/bingbot.htm) Chrome/116.0.1938.76 Safari/537.36" "-"
52.167.144.0 - - [31/Mar/2026:00:53:52 +0000] "GET /shop/item/phasm121409493765 HTTP/1.1" 200 73358 kaminibeauty.com "-" "Mozilla/5.0 AppleWebKit/537.36 (KHTML, like Gecko; compatible; bingbot/2.0; +http://www.bing.com/bingbot.htm) Chrome/116.0.1938.76 Safari/537.36" "-"
216.73.216.0 - - [31/Mar/2026:00:53:53 +0000] "GET /shop/item/upsoar111604197761?path=%2Fhomepages%2F45%2Fd4297496463 HTTP/1.1" 429 267 kaminibeauty.com "-" "Mozilla/5.0 AppleWebKit/537.36 (KHTML, like Gecko; compatible; ClaudeBot/1.0; +claudebot@anthropic.com)" "-"
52.167.144.0 - - [31/Mar/2026:00:53:53 +0000] "GET /shop/item/counterpoising16795155466 HTTP/1.1" 200 73358 kaminibeauty.com "-" "Mozilla/5.0 AppleWebKit/537.36 (KHTML, like Gecko; compatible; bingbot/2.0; +http://www.bing.com/bingbot.htm) Chrome/116.0.1938.76 Safari/537.36" "-"
52.167.144.0 - - [31/Mar/2026:00:53:53 +0000] "GET /shop/item/ectoplastic15711372804 HTTP/1.1" 200 73358 kaminibeauty.com "-" "Mozilla/5.0 AppleWebKit/537.36 (KHTML, like Gecko; compatible; bingbot/2.0; +http://www.bing.com/bingbot.htm) Chrome/116.0.1938.76 Safari/537.36" "-"
52.167.144.0 - - [31/Mar/2026:00:53:53 +0000] "GET /shop/item/quizzism163841275357 HTTP/1.1" 200 73358 kaminibeauty.com "-" "Mozilla/5.0 AppleWebKit/537.36 (KHTML, like Gecko; compatible; bingbot/2.0; +http://www.bing.com/bingbot.htm) Chrome/116.0.1938.76 Safari/537.36" "-"
52.167.144.0 - - [31/Mar/2026:00:53:54 +0000] "GET /shop/item/asepsis142602349109 HTTP/1.1" 200 73358 kaminibeauty.com "-" "Mozilla/5.0 AppleWebKit/537.36 (KHTML, like Gecko; compatible; bingbot/2.0; +http://www.bing.com/bingbot.htm) Chrome/116.0.1938.76 Safari/537.36" "-"
2a03:2880:f800:: - - [31/Mar/2026:00:53:54 +0000] "GET /shop/item/calcify151040316109?path=/homepages/4/d4297730999/htdocs/wordpress HTTP/1.1" 200 73358 kaminibeauty.com "-" "meta-externalagent/1.1 (+https://developers.facebook.com/docs/sharing/webmasters/crawler)" "-"
52.167.144.0 - - [31/Mar/2026:00:53:54 +0000] "GET /shop/item/amplitude163121077225 HTTP/1.1" 200 73358 kaminibeauty.com "-" "Mozilla/5.0 AppleWebKit/537.36 (KHTML, like Gecko; compatible; bingbot/2.0; +http://www.bing.com/bingbot.htm) Chrome/116.0.1938.76 Safari/537.36" "-"
52.167.144.0 - - [31/Mar/2026:00:53:55 +0000] "GET /shop/item/fartherance154104919643 HTTP/1.1" 200 73358 kaminibeauty.com "-" "Mozilla/5.0 AppleWebKit/537.36 (KHTML, like Gecko; compatible; bingbot/2.0; +http://www.bing.com/bingbot.htm) Chrome/116.0.1938.76 Safari/537.36" "-"
3.229.95.0 - - [31/Mar/2026:00:53:55 +0000] "GET /?path=//tmp/it_nonce_e93578a9fdd742fa8eb0e7723316475e HTTP/1.1" 200 12715 www.kaminibeauty.com "-" "Mozilla/5.0 AppleWebKit/537.36 (KHTML, like Gecko; compatible; Amazonbot/0.1; +https://developer.amazon.com/support/amazonbot) Chrome/119.0.6045.214 Safari/537.36" "-"
216.73.216.0 - - [31/Mar/2026:00:53:58 +0000] "GET /shop/item/wilwe11316592854?fileloc=%2F%2Fetc%2Fmtab&path=%2F%2Fetc HTTP/1.1" 429 267 kaminibeauty.com "-" "Mozilla/5.0 AppleWebKit/537.36 (KHTML, like Gecko; compatible; ClaudeBot/1.0; +claudebot@anthropic.com)" "-"
52.203.98.0 - - [31/Mar/2026:00:53:59 +0000] "HEAD /?fileloc=//tmp/sess_64deec9764d2f25d4d9c1fafb9e77390&path=//tmp HTTP/1.1" 200 - www.kaminibeauty.com "-" "Mozilla/5.0 AppleWebKit/605.1.15 (KHTML, like Gecko) Chrome/139.0.0.0 Safari/605.1.15" "-"
3.213.85.0 - - [31/Mar/2026:00:54:01 +0000] "GET /?path=//tmp/it_nonce_084e6598be11460b9625028676145743 HTTP/1.1" 200 12715 www.kaminibeauty.com "-" "Mozilla/5.0 AppleWebKit/537.36 (KHTML, like Gecko; compatible; Amazonbot/0.1; +https://developer.amazon.com/support/amazonbot) Chrome/119.0.6045.214 Safari/537.36" "-"
216.73.216.0 - - [31/Mar/2026:00:54:03 +0000] "GET /shop/item/relief11148666804?path=%2Fhomepages%2F36%2Fd4296892269 HTTP/1.1" 429 267 kaminibeauty.com "-" "Mozilla/5.0 AppleWebKit/537.36 (KHTML, like Gecko; compatible; ClaudeBot/1.0; +claudebot@anthropic.com)" "-"
34.205.163.0 - - [31/Mar/2026:00:54:03 +0000] "GET /?path=//tmp/it_nonce_3486d2d29ddc4308808a623665384f19 HTTP/1.1" 200 12715 www.kaminibeauty.com "-" "Mozilla/5.0 AppleWebKit/537.36 (KHTML, like Gecko; compatible; Amazonbot/0.1; +https://developer.amazon.com/support/amazonbot) Chrome/119.0.6045.214 Safari/537.36" "-"
52.167.144.0 - - [31/Mar/2026:00:54:04 +0000] "GET /shop/item/vegetal171525942128 HTTP/1.1" 200 73358 kaminibeauty.com "-" "Mozilla/5.0 AppleWebKit/537.36 (KHTML, like Gecko; compatible; bingbot/2.0; +http://www.bing.com/bingbot.htm) Chrome/116.0.1938.76 Safari/537.36" "-"
52.167.144.0 - - [31/Mar/2026:00:54:04 +0000] "GET /shop/item/potichomania152132431403 HTTP/1.1" 200 73358 kaminibeauty.com "-" "Mozilla/5.0 AppleWebKit/537.36 (KHTML, like Gecko; compatible; bingbot/2.0; +http://www.bing.com/bingbot.htm) Chrome/116.0.1938.76 Safari/537.36" "-"
52.167.144.0 - - [31/Mar/2026:00:54:04 +0000] "GET /shop/item/highstepper172862074689 HTTP/1.1" 200 73358 kaminibeauty.com "-" "Mozilla/5.0 AppleWebKit/537.36 (KHTML, like Gecko; compatible; bingbot/2.0; +http://www.bing.com/bingbot.htm) Chrome/116.0.1938.76 Safari/537.36" "-"
52.167.144.0 - - [31/Mar/2026:00:54:05 +0000] "GET /shop/item/unquick152937487037 HTTP/1.1" 200 73358 kaminibeauty.com "-" "Mozilla/5.0 AppleWebKit/537.36 (KHTML, like Gecko; compatible; bingbot/2.0; +http://www.bing.com/bingbot.htm) Chrome/116.0.1938.76 Safari/537.36" "-"
52.167.144.0 - - [31/Mar/2026:00:54:05 +0000] "GET /shop/item/setose141124183322 HTTP/1.1" 200 73358 kaminibeauty.com "-" "Mozilla/5.0 AppleWebKit/537.36 (KHTML, like Gecko; compatible; bingbot/2.0; +http://www.bing.com/bingbot.htm) Chrome/116.0.1938.76 Safari/537.36" "-"
2a03:2880:f800:: - - [31/Mar/2026:00:54:06 +0000] "GET /shop/item/splenology153958848727?path=/homepages/4/d4297730999/htdocs/wordpress/ALFA%20TEAM HTTP/1.1" 200 15989 kaminibeauty.com "-" "meta-externalagent/1.1 (+https://developers.facebook.com/docs/sharing/webmasters/crawler)" "-"
216.73.216.0 - - [31/Mar/2026:00:54:08 +0000] "GET /shop/item/flawing114155480045?path=%2Fhomepages%2F4%2Fd4298028650 HTTP/1.1" 429 267 kaminibeauty.com "-" "Mozilla/5.0 AppleWebKit/537.36 (KHTML, like Gecko; compatible; ClaudeBot/1.0; +claudebot@anthropic.com)" "-"
52.167.144.0 - - [31/Mar/2026:00:54:08 +0000] "GET /shop/item/manofwar161191475635 HTTP/1.1" 200 73358 kaminibeauty.com "-" "Mozilla/5.0 AppleWebKit/537.36 (KHTML, like Gecko; compatible; bingbot/2.0; +http://www.bing.com/bingbot.htm) Chrome/116.0.1938.76 Safari/537.36" "-"
3.218.1.0 - - [31/Mar/2026:00:54:08 +0000] "HEAD /?path=//tmp/it_nonce_9baf103a9d42489ea0d22a3ddb37dd66 HTTP/1.1" 200 - www.kaminibeauty.com "-" "Mozilla/5.0 AppleWebKit/605.1.15 (KHTML, like Gecko) Chrome/139.0.0.0 Safari/605.1.15" "-"
52.167.144.0 - - [31/Mar/2026:00:54:08 +0000] "GET /shop/item/breviaries15216713795 HTTP/1.1" 200 73358 kaminibeauty.com "-" "Mozilla/5.0 AppleWebKit/537.36 (KHTML, like Gecko; compatible; bingbot/2.0; +http://www.bing.com/bingbot.htm) Chrome/116.0.1938.76 Safari/537.36" "-"
52.167.144.0 - - [31/Mar/2026:00:54:09 +0000] "GET /shop/item/sakeret11454447344 HTTP/1.1" 200 73358 kaminibeauty.com "-" "Mozilla/5.0 AppleWebKit/537.36 (KHTML, like Gecko; compatible; bingbot/2.0; +http://www.bing.com/bingbot.htm) Chrome/116.0.1938.76 Safari/537.36" "-"
18.235.81.0 - - [31/Mar/2026:00:54:09 +0000] "GET /wp-login.php?fileloc=//lib/locale/zh_HK.utf8/LC_NUMERIC&path=//lib/locale/zh_HK.utf8 HTTP/1.1" 429 267 kaminibeauty.com "-" "Mozilla/5.0 AppleWebKit/537.36 (KHTML, like Gecko; compatible; Amazonbot/0.1; +https://developer.amazon.com/support/amazonbot) Chrome/119.0.6045.214 Safari/537.36" "-"
52.167.144.0 - - [31/Mar/2026:00:54:09 +0000] "GET /shop/item/longimetry152135027287 HTTP/1.1" 200 73358 kaminibeauty.com "-" "Mozilla/5.0 AppleWebKit/537.36 (KHTML, like Gecko; compatible; bingbot/2.0; +http://www.bing.com/bingbot.htm) Chrome/116.0.1938.76 Safari/537.36" "-"
52.167.144.0 - - [31/Mar/2026:00:54:09 +0000] "GET /shop/item/supervening17242714605 HTTP/1.1" 200 73358 kaminibeauty.com "-" "Mozilla/5.0 AppleWebKit/537.36 (KHTML, like Gecko; compatible; bingbot/2.0; +http://www.bing.com/bingbot.htm) Chrome/116.0.1938.76 Safari/537.36" "-"
54.210.152.0 - - [31/Mar/2026:00:54:11 +0000] "GET /?path=//tmp/it_nonce_bd497c2356fa44188c0fcdfd1fe5be64 HTTP/1.1" 200 12715 www.kaminibeauty.com "-" "Mozilla/5.0 AppleWebKit/537.36 (KHTML, like Gecko; compatible; Amazonbot/0.1; +https://developer.amazon.com/support/amazonbot) Chrome/119.0.6045.214 Safari/537.36" "-"
216.73.216.0 - - [31/Mar/2026:00:54:13 +0000] "GET /shop/item/convertibly111926751152?fileloc=%2F%2Fproc%2Firq%2F334%2Fsmp_affinity_list&path=%2F%2Fproc%2Firq%2F334 HTTP/1.1" 429 267 kaminibeauty.com "-" "Mozilla/5.0 AppleWebKit/537.36 (KHTML, like Gecko; compatible; ClaudeBot/1.0; +claudebot@anthropic.com)" "-"
52.167.144.0 - - [31/Mar/2026:00:54:14 +0000] "GET /shop/item/adaunt14348372776 HTTP/1.1" 200 73358 kaminibeauty.com "-" "Mozilla/5.0 AppleWebKit/537.36 (KHTML, like Gecko; compatible; bingbot/2.0; +http://www.bing.com/bingbot.htm) Chrome/116.0.1938.76 Safari/537.36" "-"
52.167.144.0 - - [31/Mar/2026:00:54:14 +0000] "GET /shop/item/diseases131077689759 HTTP/1.1" 200 73358 kaminibeauty.com "-" "Mozilla/5.0 AppleWebKit/537.36 (KHTML, like Gecko; compatible; bingbot/2.0; +http://www.bing.com/bingbot.htm) Chrome/116.0.1938.76 Safari/537.36" "-"
52.167.144.0 - - [31/Mar/2026:00:54:15 +0000] "GET /shop/item/entryng161489955772 HTTP/1.1" 200 73358 kaminibeauty.com "-" "Mozilla/5.0 AppleWebKit/537.36 (KHTML, like Gecko; compatible; bingbot/2.0; +http://www.bing.com/bingbot.htm) Chrome/116.0.1938.76 Safari/537.36" "-"
2a03:2880:f800:: - - [31/Mar/2026:00:54:15 +0000] "GET /shop/item/calcify151040316109?path=/ HTTP/1.1" 200 44505 kaminibeauty.com "-" "meta-externalagent/1.1 (+https://developers.facebook.com/docs/sharing/webmasters/crawler)" "-"
52.167.144.0 - - [31/Mar/2026:00:54:15 +0000] "GET /shop/item/technographic13750997773 HTTP/1.1" 200 73358 kaminibeauty.com "-" "Mozilla/5.0 AppleWebKit/537.36 (KHTML, like Gecko; compatible; bingbot/2.0; +http://www.bing.com/bingbot.htm) Chrome/116.0.1938.76 Safari/537.36" "-"
216.73.216.0 - - [31/Mar/2026:00:54:15 +0000] "GET /?fileloc=%2F%2Fkunden%2Fkunden%2Fproc%2Fself%2Froot%2Fkunden%2Fbin%2Flogname&path=%2F%2Fkunden%2Fkunden%2Fproc%2Fself%2Froot%2Fkunden%2Fbin HTTP/1.1" 200 12558 www.kaminibeauty.com "-" "Mozilla/5.0 AppleWebKit/537.36 (KHTML, like Gecko; compatible; ClaudeBot/1.0; +claudebot@anthropic.com)" "-"
52.2.191.0 - - [31/Mar/2026:00:54:16 +0000] "GET /wp-login.php?fileloc=//lib/locale/so_SO.utf8/LC_IDENTIFICATION&path=//lib/locale/so_SO.utf8 HTTP/1.1" 429 267 kaminibeauty.com "-" "Mozilla/5.0 AppleWebKit/537.36 (KHTML, like Gecko; compatible; Amazonbot/0.1; +https://developer.amazon.com/support/amazonbot) Chrome/119.0.6045.214 Safari/537.36" "-"
52.167.144.0 - - [31/Mar/2026:00:54:16 +0000] "GET /shop/item/subuliform163022738697 HTTP/1.1" 200 73358 kaminibeauty.com "-" "Mozilla/5.0 AppleWebKit/537.36 (KHTML, like Gecko; compatible; bingbot/2.0; +http://www.bing.com/bingbot.htm) Chrome/116.0.1938.76 Safari/537.36" "-"
13.219.5.0 - - [31/Mar/2026:00:54:16 +0000] "HEAD /?path=//tmp/it_nonce_2a3f2b1f87c84652b733d3bb6db3f835 HTTP/1.1" 200 - www.kaminibeauty.com "-" "Mozilla/5.0 AppleWebKit/605.1.15 (KHTML, like Gecko) Chrome/139.0.0.0 Safari/605.1.15" "-"
52.167.144.0 - - [31/Mar/2026:00:54:16 +0000] "GET /shop/item/lucidly163231174614 HTTP/1.1" 200 73358 kaminibeauty.com "-" "Mozilla/5.0 AppleWebKit/537.36 (KHTML, like Gecko; compatible; bingbot/2.0; +http://www.bing.com/bingbot.htm) Chrome/116.0.1938.76 Safari/537.36" "-"
52.167.144.0 - - [31/Mar/2026:00:54:16 +0000] "GET /shop/item/cryptogramme113074730360 HTTP/1.1" 200 73358 kaminibeauty.com "-" "Mozilla/5.0 AppleWebKit/537.36 (KHTML, like Gecko; compatible; bingbot/2.0; +http://www.bing.com/bingbot.htm) Chrome/116.0.1938.76 Safari/537.36" "-"
52.167.144.0 - - [31/Mar/2026:00:54:17 +0000] "GET /shop/item/mediocral151189698028 HTTP/1.1" 200 73358 kaminibeauty.com "-" "Mozilla/5.0 AppleWebKit/537.36 (KHTML, like Gecko; compatible; bingbot/2.0; +http://www.bing.com/bingbot.htm) Chrome/116.0.1938.76 Safari/537.36" "-"
52.167.144.0 - - [31/Mar/2026:00:54:17 +0000] "GET /shop/item/merestead161783284159 HTTP/1.1" 200 73358 kaminibeauty.com "-" "Mozilla/5.0 AppleWebKit/537.36 (KHTML, like Gecko; compatible; bingbot/2.0; +http://www.bing.com/bingbot.htm) Chrome/116.0.1938.76 Safari/537.36" "-"
52.167.144.0 - - [31/Mar/2026:00:54:18 +0000] "GET /shop/item/fatness163657951568 HTTP/1.1" 200 73358 kaminibeauty.com "-" "Mozilla/5.0 AppleWebKit/537.36 (KHTML, like Gecko; compatible; bingbot/2.0; +http://www.bing.com/bingbot.htm) Chrome/116.0.1938.76 Safari/537.36" "-"
52.167.144.0 - - [31/Mar/2026:00:54:18 +0000] "GET /shop/item/cringe152551617847 HTTP/1.1" 200 73358 kaminibeauty.com "-" "Mozilla/5.0 AppleWebKit/537.36 (KHTML, like Gecko; compatible; bingbot/2.0; +http://www.bing.com/bingbot.htm) Chrome/116.0.1938.76 Safari/537.36" "-"
52.167.144.0 - - [31/Mar/2026:00:54:18 +0000] "GET /shop/item/precariousness14886798354 HTTP/1.1" 200 73358 kaminibeauty.com "-" "Mozilla/5.0 AppleWebKit/537.36 (KHTML, like Gecko; compatible; bingbot/2.0; +http://www.bing.com/bingbot.htm) Chrome/116.0.1938.76 Safari/537.36" "-"
44.195.145.0 - - [31/Mar/2026:00:54:19 +0000] "GET /wp-login.php?fileloc=//lib/locale/bho_IN/LC_COLLATE&path=//lib/locale/bho_IN HTTP/1.1" 429 267 kaminibeauty.com "-" "Mozilla/5.0 AppleWebKit/537.36 (KHTML, like Gecko; compatible; Amazonbot/0.1; +https://developer.amazon.com/support/amazonbot) Chrome/119.0.6045.214 Safari/537.36" "-"
52.167.144.0 - - [31/Mar/2026:00:54:19 +0000] "GET /shop/item/excommune153394177493 HTTP/1.1" 200 73358 kaminibeauty.com "-" "Mozilla/5.0 AppleWebKit/537.36 (KHTML, like Gecko; compatible; bingbot/2.0; +http://www.bing.com/bingbot.htm) Chrome/116.0.1938.76 Safari/537.36" "-"
52.167.144.0 - - [31/Mar/2026:00:54:19 +0000] "GET /shop/item/supparasite144287525149 HTTP/1.1" 200 73358 kaminibeauty.com "-" "Mozilla/5.0 AppleWebKit/537.36 (KHTML, like Gecko; compatible; bingbot/2.0; +http://www.bing.com/bingbot.htm) Chrome/116.0.1938.76 Safari/537.36" "-"
52.167.144.0 - - [31/Mar/2026:00:54:19 +0000] "GET /shop/item/engouled171396044090 HTTP/1.1" 200 73358 kaminibeauty.com "-" "Mozilla/5.0 AppleWebKit/537.36 (KHTML, like Gecko; compatible; bingbot/2.0; +http://www.bing.com/bingbot.htm) Chrome/116.0.1938.76 Safari/537.36" "-"
66.249.76.0 - - [31/Mar/2026:00:54:20 +0000] "GET /?fileloc=/homepages/4/d4297730999/htdocs/wordpress/item.php?shop/item/autogamy122697531761 HTTP/1.1" 200 12491 kaminibeauty.com "-" "Mozilla/5.0 (Linux; Android 6.0.1; Nexus 5X Build/MMB29P) AppleWebKit/537.36 (KHTML, like Gecko) Chrome/146.0.7680.153 Mobile Safari/537.36 (compatible; Googlebot/2.1; +http://www.google.com/bot.html)" "-"
52.167.144.0 - - [31/Mar/2026:00:54:20 +0000] "GET /shop/item/elided142609136193 HTTP/1.1" 200 73358 kaminibeauty.com "-" "Mozilla/5.0 AppleWebKit/537.36 (KHTML, like Gecko; compatible; bingbot/2.0; +http://www.bing.com/bingbot.htm) Chrome/116.0.1938.76 Safari/537.36" "-"
216.73.216.0 - - [31/Mar/2026:00:54:20 +0000] "GET /?path=%2F%2Fkunden%2Fkunden%2Fkunden%2Fkunden%2Fvar%2Ftmp%2Fit_nonce_9213ee3b561e4981a030e41931ce4fad HTTP/1.1" 200 13023 www.kaminibeauty.com "-" "Mozilla/5.0 AppleWebKit/537.36 (KHTML, like Gecko; compatible; ClaudeBot/1.0; +claudebot@anthropic.com)" "-"
2a03:2880:f800:: - - [31/Mar/2026:00:54:25 +0000] "GET /shop/item/lutulent16531425414?path=/homepages/4/d4297730999/htdocs/wordpress/ALFA%20TEAM HTTP/1.1" 200 15989 kaminibeauty.com "-" "meta-externalagent/1.1 (+https://developers.facebook.com/docs/sharing/webmasters/crawler)" "-"
216.73.216.0 - - [31/Mar/2026:00:54:25 +0000] "GET /?fileloc=%2F%2Fkunden%2Fkunden%2Fkunden%2Fkunden%2Fusr%2Flib%2Fx86_64-linux-gnu%2Fperl%2F5.32.1%2Fauto%2FODBM_File%2FODBM_File.so&path=%2F%2Fkunden%2Fkunden%2Fkunden%2Fkunden%2Fusr%2Flib%2Fx86_64-linux-gnu%2Fperl%2F5.32.1%2Fauto%2FODBM_File HTTP/1.1" 200 13026 www.kaminibeauty.com "-" "Mozilla/5.0 AppleWebKit/537.36 (KHTML, like Gecko; compatible; ClaudeBot/1.0; +claudebot@anthropic.com)" "-"
52.3.127.0 - - [31/Mar/2026:00:54:25 +0000] "GET /wp-login.php?fileloc=//lib/x86_64-linux-gnu/libgomp.so.1.0.0&path=//lib/x86_64-linux-gnu HTTP/1.1" 429 267 kaminibeauty.com "-" "Mozilla/5.0 AppleWebKit/537.36 (KHTML, like Gecko; compatible; Amazonbot/0.1; +https://developer.amazon.com/support/amazonbot) Chrome/119.0.6045.214 Safari/537.36" "-"
44.195.145.0 - - [31/Mar/2026:00:54:27 +0000] "GET /wp-login.php?fileloc=//tmp/runlock-ws67189326-ws67189326:bff9d8b9b8b80ac0d9b44e5d81bfb82ac02c5ddd02b03c3ccb285ce1&path=//tmp HTTP/1.1" 429 267 kaminibeauty.com "-" "Mozilla/5.0 AppleWebKit/537.36 (KHTML, like Gecko; compatible; Amazonbot/0.1; +https://developer.amazon.com/support/amazonbot) Chrome/119.0.6045.214 Safari/537.36" "-"
52.167.144.0 - - [31/Mar/2026:00:54:30 +0000] "GET /shop/item/cantab143564649364 HTTP/1.1" 200 73358 kaminibeauty.com "-" "Mozilla/5.0 AppleWebKit/537.36 (KHTML, like Gecko; compatible; bingbot/2.0; +http://www.bing.com/bingbot.htm) Chrome/116.0.1938.76 Safari/537.36" "-"
157.55.39.0 - - [31/Mar/2026:00:54:30 +0000] "GET /robots.txt HTTP/1.1" 200 382 kaminibeauty.com "-" "Mozilla/5.0 AppleWebKit/537.36 (KHTML, like Gecko; compatible; bingbot/2.0; +http://www.bing.com/bingbot.htm) Chrome/116.0.1938.76 Safari/537.36" "-"
52.167.144.0 - - [31/Mar/2026:00:54:30 +0000] "GET /shop/item/biophor173294316380 HTTP/1.1" 200 73358 kaminibeauty.com "-" "Mozilla/5.0 AppleWebKit/537.36 (KHTML, like Gecko; compatible; bingbot/2.0; +http://www.bing.com/bingbot.htm) Chrome/116.0.1938.76 Safari/537.36" "-"
216.73.216.0 - - [31/Mar/2026:00:54:30 +0000] "GET /shop/item/chalcididae112333557002?fileloc=%2Fhomepages%2F4%2Fd4297730999%2Fhtdocs%2Fwordpress%2F.htaccess&path=%2Fhomepages%2F4%2Fd4297730999%2Fhtdocs%2Fwordpress HTTP/1.1" 429 267 kaminibeauty.com "-" "Mozilla/5.0 AppleWebKit/537.36 (KHTML, like Gecko; compatible; ClaudeBot/1.0; +claudebot@anthropic.com)" "-"
52.167.144.0 - - [31/Mar/2026:00:54:30 +0000] "GET /shop/item/guilefully153655927712 HTTP/1.1" 200 73358 kaminibeauty.com "-" "Mozilla/5.0 AppleWebKit/537.36 (KHTML, like Gecko; compatible; bingbot/2.0; +http://www.bing.com/bingbot.htm) Chrome/116.0.1938.76 Safari/537.36" "-"
52.167.144.0 - - [31/Mar/2026:00:54:31 +0000] "GET /shop/item/fronton154010758238 HTTP/1.1" 200 73358 kaminibeauty.com "-" "Mozilla/5.0 AppleWebKit/537.36 (KHTML, like Gecko; compatible; bingbot/2.0; +http://www.bing.com/bingbot.htm) Chrome/116.0.1938.76 Safari/537.36" "-"
74.7.241.0 - - [31/Mar/2026:00:54:31 +0000] "GET /?path=//kunden/kunden/kunden/kunden/kunden/kunden/proc/thread-self/root/kunden/kunden/kunden/kunden/kunden/kunden/kunden/kunden/kunden/proc/thread-self/root/lib/mc/fish HTTP/1.1" 200 47335 www.kaminibeauty.com "http://www.kaminibeauty.com/?path=//kunden/kunden/kunden/kunden/kunden/kunden/proc/thread-self/root/kunden/kunden/kunden/kunden/kunden/kunden/kunden/kunden/kunden/proc/thread-self/root/lib/mc" "Mozilla/5.0 AppleWebKit/537.36 (KHTML, like Gecko; compatible; GPTBot/1.3; +https://openai.com/gptbot)" "-"
52.167.144.0 - - [31/Mar/2026:00:54:31 +0000] "GET /shop/item/groundling151811231835 HTTP/1.1" 200 73358 kaminibeauty.com "-" "Mozilla/5.0 AppleWebKit/537.36 (KHTML, like Gecko; compatible; bingbot/2.0; +http://www.bing.com/bingbot.htm) Chrome/116.0.1938.76 Safari/537.36" "-"
52.167.144.0 - - [31/Mar/2026:00:54:32 +0000] "GET /shop/item/gorgon153983676748 HTTP/1.1" 200 73358 kaminibeauty.com "-" "Mozilla/5.0 AppleWebKit/537.36 (KHTML, like Gecko; compatible; bingbot/2.0; +http://www.bing.com/bingbot.htm) Chrome/116.0.1938.76 Safari/537.36" "-"
52.167.144.0 - - [31/Mar/2026:00:54:32 +0000] "GET /shop/item/psychomotor154105461574 HTTP/1.1" 200 73358 kaminibeauty.com "-" "Mozilla/5.0 AppleWebKit/537.36 (KHTML, like Gecko; compatible; bingbot/2.0; +http://www.bing.com/bingbot.htm) Chrome/116.0.1938.76 Safari/537.36" "-"
52.167.144.0 - - [31/Mar/2026:00:54:32 +0000] "GET /shop/item/ventroinguinal123166625579 HTTP/1.1" 200 73358 kaminibeauty.com "-" "Mozilla/5.0 AppleWebKit/537.36 (KHTML, like Gecko; compatible; bingbot/2.0; +http://www.bing.com/bingbot.htm) Chrome/116.0.1938.76 Safari/537.36" "-"
34.206.249.0 - - [31/Mar/2026:00:54:33 +0000] "GET /wp-login.php?fileloc=//lib/locale/en_SG/LC_COLLATE&path=//lib/locale/en_SG HTTP/1.1" 200 12290 kaminibeauty.com "-" "Mozilla/5.0 AppleWebKit/537.36 (KHTML, like Gecko; compatible; Amazonbot/0.1; +https://developer.amazon.com/support/amazonbot) Chrome/119.0.6045.214 Safari/537.36" "-"
2a03:2880:f800:: - - [31/Mar/2026:00:54:33 +0000] "GET /shop/item/sarplar15364350141?fileloc=/homepages/4/d4297730999/htdocs/wordpress/wp-activate.php&path=/homepages/4/d4297730999/htdocs/wordpress HTTP/1.1" 200 20800 kaminibeauty.com "-" "meta-externalagent/1.1 (+https://developers.facebook.com/docs/sharing/webmasters/crawler)" "-"
52.167.144.0 - - [31/Mar/2026:00:54:33 +0000] "GET /shop/item/spermospore153574065314 HTTP/1.1" 200 73358 kaminibeauty.com "-" "Mozilla/5.0 AppleWebKit/537.36 (KHTML, like Gecko; compatible; bingbot/2.0; +http://www.bing.com/bingbot.htm) Chrome/116.0.1938.76 Safari/537.36" "-"
52.167.144.0 - - [31/Mar/2026:00:54:33 +0000] "GET /shop/item/polack11339952064 HTTP/1.1" 200 73358 kaminibeauty.com "-" "Mozilla/5.0 AppleWebKit/537.36 (KHTML, like Gecko; compatible; bingbot/2.0; +http://www.bing.com/bingbot.htm) Chrome/116.0.1938.76 Safari/537.36" "-"
52.167.144.0 - - [31/Mar/2026:00:54:34 +0000] "GET /shop/item/osteozoa173456138465 HTTP/1.1" 200 73358 kaminibeauty.com "-" "Mozilla/5.0 AppleWebKit/537.36 (KHTML, like Gecko; compatible; bingbot/2.0; +http://www.bing.com/bingbot.htm) Chrome/116.0.1938.76 Safari/537.36" "-"
52.167.144.0 - - [31/Mar/2026:00:54:35 +0000] "GET /shop/item/offkey17691458132 HTTP/1.1" 200 73358 kaminibeauty.com "-" "Mozilla/5.0 AppleWebKit/537.36 (KHTML, like Gecko; compatible; bingbot/2.0; +http://www.bing.com/bingbot.htm) Chrome/116.0.1938.76 Safari/537.36" "-"
216.73.216.0 - - [31/Mar/2026:00:54:35 +0000] "GET /shop/item/solutive112651311131?fileloc=%2F%2Fbin%2Fbmptoppm&path=%2F%2Fbin HTTP/1.1" 429 267 kaminibeauty.com "-" "Mozilla/5.0 AppleWebKit/537.36 (KHTML, like Gecko; compatible; ClaudeBot/1.0; +claudebot@anthropic.com)" "-"
52.167.144.0 - - [31/Mar/2026:00:54:35 +0000] "GET /shop/item/oatcake151907240111 HTTP/1.1" 200 73358 kaminibeauty.com "-" "Mozilla/5.0 AppleWebKit/537.36 (KHTML, like Gecko; compatible; bingbot/2.0; +http://www.bing.com/bingbot.htm) Chrome/116.0.1938.76 Safari/537.36" "-"
52.167.144.0 - - [31/Mar/2026:00:54:35 +0000] "GET /shop/item/corticous153848751335 HTTP/1.1" 200 73358 kaminibeauty.com "-" "Mozilla/5.0 AppleWebKit/537.36 (KHTML, like Gecko; compatible; bingbot/2.0; +http://www.bing.com/bingbot.htm) Chrome/116.0.1938.76 Safari/537.36" "-"
50.16.216.0 - - [31/Mar/2026:00:54:37 +0000] "GET /?path=//tmp/it_nonce_3d8488407dee4314a1ba6b432c3bf0e0 HTTP/1.1" 200 12715 www.kaminibeauty.com "-" "Mozilla/5.0 AppleWebKit/537.36 (KHTML, like Gecko; compatible; Amazonbot/0.1; +https://developer.amazon.com/support/amazonbot) Chrome/119.0.6045.214 Safari/537.36" "-"
216.73.216.0 - - [31/Mar/2026:00:54:40 +0000] "GET /shop/item/endoplastule113612171479?fileloc=%2F%2Ftmp%2Fsess_b8fe1a20939650105b55ff862cd5d186&path=%2F%2Ftmp HTTP/1.1" 429 267 kaminibeauty.com "-" "Mozilla/5.0 AppleWebKit/537.36 (KHTML, like Gecko; compatible; ClaudeBot/1.0; +claudebot@anthropic.com)" "-"
74.7.242.0 - - [31/Mar/2026:00:54:41 +0000] "GET /?fileloc=//kunden/bin/nl&path=//kunden/bin HTTP/1.1" 429 267 kaminibeauty.com "http://kaminibeauty.com/?path=//kunden/bin" "Mozilla/5.0 AppleWebKit/537.36 (KHTML, like Gecko; compatible; GPTBot/1.3; +https://openai.com/gptbot)" "-"
2a03:2880:f800:: - - [31/Mar/2026:00:54:41 +0000] "GET /shop/item/sarplar15364350141?path=/homepages/4/d4297730999/htdocs/wordpress/.opcache HTTP/1.1" 200 14485 kaminibeauty.com "-" "meta-externalagent/1.1 (+https://developers.facebook.com/docs/sharing/webmasters/crawler)" "-"
54.157.84.0 - - [31/Mar/2026:00:54:42 +0000] "GET /?path=//tmp/it_nonce_953403b7e43a4eb2afe660a99d586bb9 HTTP/1.1" 200 12715 www.kaminibeauty.com "-" "Mozilla/5.0 AppleWebKit/537.36 (KHTML, like Gecko; compatible; Amazonbot/0.1; +https://developer.amazon.com/support/amazonbot) Chrome/119.0.6045.214 Safari/537.36" "-"
216.73.216.0 - - [31/Mar/2026:00:54:42 +0000] "GET /shop/item/congenitally1176031086?fileloc=%2F%2Fproc%2Firq%2F76%2Fsmp_affinity_list&path=%2F%2Fproc%2Firq%2F76 HTTP/1.1" 429 267 kaminibeauty.com "-" "Mozilla/5.0 AppleWebKit/537.36 (KHTML, like Gecko; compatible; ClaudeBot/1.0; +claudebot@anthropic.com)" "-"
52.167.144.0 - - [31/Mar/2026:00:54:43 +0000] "GET /shop/item/taxicorn111565172037 HTTP/1.1" 200 73358 kaminibeauty.com "-" "Mozilla/5.0 AppleWebKit/537.36 (KHTML, like Gecko; compatible; bingbot/2.0; +http://www.bing.com/bingbot.htm) Chrome/116.0.1938.76 Safari/537.36" "-"
3.215.96.0 - - [31/Mar/2026:00:54:44 +0000] "HEAD /wp-login.php?fileloc=//lib/locale/ca_ES/LC_MONETARY&path=//lib/locale/ca_ES HTTP/1.1" 200 - kaminibeauty.com "-" "Mozilla/5.0 AppleWebKit/605.1.15 (KHTML, like Gecko) Chrome/139.0.0.0 Safari/605.1.15" "-"
216.73.216.0 - - [31/Mar/2026:00:54:45 +0000] "GET /shop/item/aftergrass12347076515?fileloc=%2F%2Fbin%2Fpnmfile&path=%2F%2Fbin HTTP/1.1" 429 267 kaminibeauty.com "-" "Mozilla/5.0 AppleWebKit/537.36 (KHTML, like Gecko; compatible; ClaudeBot/1.0; +claudebot@anthropic.com)" "-"
216.73.216.0 - - [31/Mar/2026:00:54:46 +0000] "GET /shop/item/pugfaced113096598988?path=%2F%2Ftmp%2Fit_nonce_9d025080fe374d208341d9f271a0d198 HTTP/1.1" 429 267 kaminibeauty.com "-" "Mozilla/5.0 AppleWebKit/537.36 (KHTML, like Gecko; compatible; ClaudeBot/1.0; +claudebot@anthropic.com)" "-"
2a03:2880:f800:: - - [31/Mar/2026:00:54:47 +0000] "GET /shop/item/sarplar15364350141?fileloc=/homepages/4/d4297730999/htdocs/wordpress/inputs.php&path=/homepages/4/d4297730999/htdocs/wordpress HTTP/1.1" 200 12462 kaminibeauty.com "-" "meta-externalagent/1.1 (+https://developers.facebook.com/docs/sharing/webmasters/crawler)" "-"
3.94.229.0 - - [31/Mar/2026:00:54:48 +0000] "HEAD /wp-login.php?fileloc=//lib/locale/so_SO.utf8/LC_IDENTIFICATION&path=//lib/locale/so_SO.utf8 HTTP/1.1" 200 - kaminibeauty.com "-" "Mozilla/5.0 AppleWebKit/605.1.15 (KHTML, like Gecko) Chrome/139.0.0.0 Safari/605.1.15" "-"
52.3.104.0 - - [31/Mar/2026:00:54:48 +0000] "GET /wp-login.php?fileloc=//tmp/runlock-ws67269757-ws67269757:afbf45625d09d43e69e70f3378347b700bb4982209523e0084e033db&path=//tmp HTTP/1.1" 200 12268 kaminibeauty.com "-" "Mozilla/5.0 AppleWebKit/537.36 (KHTML, like Gecko; compatible; Amazonbot/0.1; +https://developer.amazon.com/support/amazonbot) Chrome/119.0.6045.214 Safari/537.36" "-"
52.167.144.0 - - [31/Mar/2026:00:54:48 +0000] "GET /shop/item/rippling163293165754 HTTP/1.1" 200 73358 kaminibeauty.com "-" "Mozilla/5.0 AppleWebKit/537.36 (KHTML, like Gecko; compatible; bingbot/2.0; +http://www.bing.com/bingbot.htm) Chrome/116.0.1938.76 Safari/537.36" "-"
52.167.144.0 - - [31/Mar/2026:00:54:49 +0000] "GET /shop/item/entada173609027139 HTTP/1.1" 200 73358 kaminibeauty.com "-" "Mozilla/5.0 AppleWebKit/537.36 (KHTML, like Gecko; compatible; bingbot/2.0; +http://www.bing.com/bingbot.htm) Chrome/116.0.1938.76 Safari/537.36" "-"
52.167.144.0 - - [31/Mar/2026:00:54:49 +0000] "GET /shop/item/foetal154166409320 HTTP/1.1" 200 73358 kaminibeauty.com "-" "Mozilla/5.0 AppleWebKit/537.36 (KHTML, like Gecko; compatible; bingbot/2.0; +http://www.bing.com/bingbot.htm) Chrome/116.0.1938.76 Safari/537.36" "-"
52.167.144.0 - - [31/Mar/2026:00:54:49 +0000] "GET /shop/item/leucosoidea173108114908 HTTP/1.1" 200 73358 kaminibeauty.com "-" "Mozilla/5.0 AppleWebKit/537.36 (KHTML, like Gecko; compatible; bingbot/2.0; +http://www.bing.com/bingbot.htm) Chrome/116.0.1938.76 Safari/537.36" "-"
23.21.250.0 - - [31/Mar/2026:00:54:50 +0000] "GET /shop/item/winging162567043454?fileloc=//tmp/runlock-ws67293045-ws67293045:f4227c33295429c2f76b2e7df5eb28ee9b71f928a783d769b0c9d3cb&path=//tmp HTTP/1.1" 200 12268 kaminibeauty.com "-" "Mozilla/5.0 AppleWebKit/537.36 (KHTML, like Gecko; compatible; Amazonbot/0.1; +https://developer.amazon.com/support/amazonbot) Chrome/119.0.6045.214 Safari/537.36" "-"
216.73.216.0 - - [31/Mar/2026:00:54:50 +0000] "GET /shop/item/underminister112626506194?fileloc=%2F%2Fbin%2F%5B&path=%2F%2Fbin HTTP/1.1" 200 12183 kaminibeauty.com "-" "Mozilla/5.0 AppleWebKit/537.36 (KHTML, like Gecko; compatible; ClaudeBot/1.0; +claudebot@anthropic.com)" "-"
52.167.144.0 - - [31/Mar/2026:00:54:50 +0000] "GET /shop/item/allegories163048114066 HTTP/1.1" 200 73358 kaminibeauty.com "-" "Mozilla/5.0 AppleWebKit/537.36 (KHTML, like Gecko; compatible; bingbot/2.0; +http://www.bing.com/bingbot.htm) Chrome/116.0.1938.76 Safari/537.36" "-"
216.73.216.0 - - [31/Mar/2026:00:54:51 +0000] "GET /shop/item/fusillade112258903175?fileloc=%2Fhomepages%2F4%2Fd4297730999%2Fhtdocs%2Fwordpress%2Fwp-content%2Fthemes+copy%2Ftwentythirteen%2Fcontent-status.php&path=%2Fhomepages%2F4%2Fd4297730999%2Fhtdocs%2Fwordpress%2Fwp-content%2Fthemes+copy%2Ftwentythirteen HTTP/1.1" 200 14245 kaminibeauty.com "-" "Mozilla/5.0 AppleWebKit/537.36 (KHTML, like Gecko; compatible; ClaudeBot/1.0; +claudebot@anthropic.com)" "-"
