66.249.66.0 - - [31/Mar/2026:00:36:13 +0000] "GET /shop/item/lithaemia132268434330 HTTP/1.1" 200 73358 kaminibeauty.com "-" "Mozilla/5.0 (Linux; Android 6.0.1; Nexus 5X Build/MMB29P) AppleWebKit/537.36 (KHTML, like Gecko) Chrome/146.0.7680.153 Mobile Safari/537.36 (compatible; Googlebot/2.1; +http://www.google.com/bot.html)" "-"
52.167.144.0 - - [31/Mar/2026:00:36:13 +0000] "GET /shop/item/anthokyan15489521043 HTTP/1.1" 200 73358 kaminibeauty.com "-" "Mozilla/5.0 AppleWebKit/537.36 (KHTML, like Gecko; compatible; bingbot/2.0; +http://www.bing.com/bingbot.htm) Chrome/116.0.1938.76 Safari/537.36" "-"
52.167.144.0 - - [31/Mar/2026:00:36:13 +0000] "GET /shop/item/professorialism163290500622 HTTP/1.1" 200 73358 kaminibeauty.com "-" "Mozilla/5.0 AppleWebKit/537.36 (KHTML, like Gecko; compatible; bingbot/2.0; +http://www.bing.com/bingbot.htm) Chrome/116.0.1938.76 Safari/537.36" "-"
52.167.144.0 - - [31/Mar/2026:00:36:13 +0000] "GET /shop/item/minefield162245913601 HTTP/1.1" 200 73358 kaminibeauty.com "-" "Mozilla/5.0 AppleWebKit/537.36 (KHTML, like Gecko; compatible; bingbot/2.0; +http://www.bing.com/bingbot.htm) Chrome/116.0.1938.76 Safari/537.36" "-"
52.167.144.0 - - [31/Mar/2026:00:36:14 +0000] "GET /shop/item/euphonize12867523007 HTTP/1.1" 200 73358 kaminibeauty.com "-" "Mozilla/5.0 AppleWebKit/537.36 (KHTML, like Gecko; compatible; bingbot/2.0; +http://www.bing.com/bingbot.htm) Chrome/116.0.1938.76 Safari/537.36" "-"
52.167.144.0 - - [31/Mar/2026:00:36:14 +0000] "GET /shop/item/archivolt142455858584 HTTP/1.1" 200 73358 kaminibeauty.com "-" "Mozilla/5.0 AppleWebKit/537.36 (KHTML, like Gecko; compatible; bingbot/2.0; +http://www.bing.com/bingbot.htm) Chrome/116.0.1938.76 Safari/537.36" "-"
52.167.144.0 - - [31/Mar/2026:00:36:15 +0000] "GET /shop/item/spearman174126490297 HTTP/1.1" 200 73358 kaminibeauty.com "-" "Mozilla/5.0 AppleWebKit/537.36 (KHTML, like Gecko; compatible; bingbot/2.0; +http://www.bing.com/bingbot.htm) Chrome/116.0.1938.76 Safari/537.36" "-"
52.167.144.0 - - [31/Mar/2026:00:36:15 +0000] "GET /shop/item/nontelescoping124101371250 HTTP/1.1" 200 73358 kaminibeauty.com "-" "Mozilla/5.0 AppleWebKit/537.36 (KHTML, like Gecko; compatible; bingbot/2.0; +http://www.bing.com/bingbot.htm) Chrome/116.0.1938.76 Safari/537.36" "-"
52.167.144.0 - - [31/Mar/2026:00:36:15 +0000] "GET /shop/item/alliterative131931693081 HTTP/1.1" 200 73358 kaminibeauty.com "-" "Mozilla/5.0 AppleWebKit/537.36 (KHTML, like Gecko; compatible; bingbot/2.0; +http://www.bing.com/bingbot.htm) Chrome/116.0.1938.76 Safari/537.36" "-"
34.234.206.0 - - [31/Mar/2026:00:36:16 +0000] "GET /users.php?path=//kunden/homepages/27/d4297895287 HTTP/1.1" 200 19955 www.kaminibeauty.com "-" "Mozilla/5.0 AppleWebKit/537.36 (KHTML, like Gecko; compatible; Amazonbot/0.1; +https://developer.amazon.com/support/amazonbot) Chrome/119.0.6045.214 Safari/537.36" "-"
52.167.144.0 - - [31/Mar/2026:00:36:16 +0000] "GET /shop/item/telepone161415432184 HTTP/1.1" 200 73358 kaminibeauty.com "-" "Mozilla/5.0 AppleWebKit/537.36 (KHTML, like Gecko; compatible; bingbot/2.0; +http://www.bing.com/bingbot.htm) Chrome/116.0.1938.76 Safari/537.36" "-"
216.73.216.0 - - [31/Mar/2026:00:36:16 +0000] "GET /treatments.htm?fileloc=%2F%2Fproc%2Fsoftlimits_pid_ns&path=%2F%2Fproc HTTP/1.1" 200 12202 kaminibeauty.com "-" "Mozilla/5.0 AppleWebKit/537.36 (KHTML, like Gecko; compatible; ClaudeBot/1.0; +claudebot@anthropic.com)" "-"
52.167.144.0 - - [31/Mar/2026:00:36:16 +0000] "GET /shop/item/disdainfully153878514113 HTTP/1.1" 200 73358 kaminibeauty.com "-" "Mozilla/5.0 AppleWebKit/537.36 (KHTML, like Gecko; compatible; bingbot/2.0; +http://www.bing.com/bingbot.htm) Chrome/116.0.1938.76 Safari/537.36" "-"
52.167.144.0 - - [31/Mar/2026:00:36:17 +0000] "GET /shop/item/euphemistic13786416191 HTTP/1.1" 200 73358 kaminibeauty.com "-" "Mozilla/5.0 AppleWebKit/537.36 (KHTML, like Gecko; compatible; bingbot/2.0; +http://www.bing.com/bingbot.htm) Chrome/116.0.1938.76 Safari/537.36" "-"
216.73.216.0 - - [31/Mar/2026:00:36:17 +0000] "GET /?fileloc=%2F%2Fkunden%2Fkunden%2Fproc%2Fself%2Froot%2Fkunden%2Fbin%2Ftcsh&path=%2F%2Fkunden%2Fkunden%2Fproc%2Fself%2Froot%2Fkunden%2Fbin HTTP/1.1" 200 12555 www.kaminibeauty.com "-" "Mozilla/5.0 AppleWebKit/537.36 (KHTML, like Gecko; compatible; ClaudeBot/1.0; +claudebot@anthropic.com)" "-"
52.167.144.0 - - [31/Mar/2026:00:36:17 +0000] "GET /shop/item/dioscorea133485994760 HTTP/1.1" 200 73358 kaminibeauty.com "-" "Mozilla/5.0 AppleWebKit/537.36 (KHTML, like Gecko; compatible; bingbot/2.0; +http://www.bing.com/bingbot.htm) Chrome/116.0.1938.76 Safari/537.36" "-"
2a03:2880:f800:: - - [31/Mar/2026:00:36:17 +0000] "GET /shop/item/aligned16403021627?path=/ HTTP/1.1" 200 44505 kaminibeauty.com "-" "meta-externalagent/1.1 (+https://developers.facebook.com/docs/sharing/webmasters/crawler)" "-"
52.167.144.0 - - [31/Mar/2026:00:36:18 +0000] "GET /shop/item/outbuilding16203154211 HTTP/1.1" 200 73358 kaminibeauty.com "-" "Mozilla/5.0 AppleWebKit/537.36 (KHTML, like Gecko; compatible; bingbot/2.0; +http://www.bing.com/bingbot.htm) Chrome/116.0.1938.76 Safari/537.36" "-"
52.167.144.0 - - [31/Mar/2026:00:36:18 +0000] "GET /shop/item/mahimahi163188051775 HTTP/1.1" 200 73358 kaminibeauty.com "-" "Mozilla/5.0 AppleWebKit/537.36 (KHTML, like Gecko; compatible; bingbot/2.0; +http://www.bing.com/bingbot.htm) Chrome/116.0.1938.76 Safari/537.36" "-"
52.167.144.0 - - [31/Mar/2026:00:36:18 +0000] "GET /shop/item/syderolite154037542322 HTTP/1.1" 200 73358 kaminibeauty.com "-" "Mozilla/5.0 AppleWebKit/537.36 (KHTML, like Gecko; compatible; bingbot/2.0; +http://www.bing.com/bingbot.htm) Chrome/116.0.1938.76 Safari/537.36" "-"
52.6.232.0 - - [31/Mar/2026:00:36:19 +0000] "GET /wp-login.php?fileloc=//proc/thread-self/root/usr/lib/locale/uz_UZ@cyrillic/LC_COLLATE&path=//proc/thread-self/root/usr/lib/locale/uz_UZ@cyrillic HTTP/1.1" 200 12605 kaminibeauty.com "-" "Mozilla/5.0 AppleWebKit/537.36 (KHTML, like Gecko; compatible; Amazonbot/0.1; +https://developer.amazon.com/support/amazonbot) Chrome/119.0.6045.214 Safari/537.36" "-"
52.167.144.0 - - [31/Mar/2026:00:36:19 +0000] "GET /shop/item/jetted163929906705 HTTP/1.1" 200 73358 kaminibeauty.com "-" "Mozilla/5.0 AppleWebKit/537.36 (KHTML, like Gecko; compatible; bingbot/2.0; +http://www.bing.com/bingbot.htm) Chrome/116.0.1938.76 Safari/537.36" "-"
52.167.144.0 - - [31/Mar/2026:00:36:19 +0000] "GET /shop/item/brisk16943071386 HTTP/1.1" 200 73358 kaminibeauty.com "-" "Mozilla/5.0 AppleWebKit/537.36 (KHTML, like Gecko; compatible; bingbot/2.0; +http://www.bing.com/bingbot.htm) Chrome/116.0.1938.76 Safari/537.36" "-"
52.167.144.0 - - [31/Mar/2026:00:36:20 +0000] "GET /shop/item/expiratory17987803600 HTTP/1.1" 200 73358 kaminibeauty.com "-" "Mozilla/5.0 AppleWebKit/537.36 (KHTML, like Gecko; compatible; bingbot/2.0; +http://www.bing.com/bingbot.htm) Chrome/116.0.1938.76 Safari/537.36" "-"
216.73.216.0 - - [31/Mar/2026:00:36:22 +0000] "GET /?fileloc=%2F%2Fkunden%2Fkunden%2Fproc%2Fself%2Froot%2Fkunden%2Fbin%2Fchown&path=%2F%2Fkunden%2Fkunden%2Fproc%2Fself%2Froot%2Fkunden%2Fbin HTTP/1.1" 200 12556 www.kaminibeauty.com "-" "Mozilla/5.0 AppleWebKit/537.36 (KHTML, like Gecko; compatible; ClaudeBot/1.0; +claudebot@anthropic.com)" "-"
52.203.68.0 - - [31/Mar/2026:00:36:23 +0000] "GET /wp-login.php?fileloc=//kunden/proc/thread-self/root/kunden/usr/bin/c99-gcc&path=//kunden/proc/thread-self/root/kunden/usr/bin HTTP/1.1" 200 13080 kaminibeauty.com "-" "Mozilla/5.0 AppleWebKit/537.36 (KHTML, like Gecko; compatible; Amazonbot/0.1; +https://developer.amazon.com/support/amazonbot) Chrome/119.0.6045.214 Safari/537.36" "-"
2a03:2880:f800:: - - [31/Mar/2026:00:36:24 +0000] "GET /shop/item/misseek161364819026?path=/homepages HTTP/1.1" 200 79824 kaminibeauty.com "-" "meta-externalagent/1.1 (+https://developers.facebook.com/docs/sharing/webmasters/crawler)" "-"
216.73.216.0 - - [31/Mar/2026:00:36:27 +0000] "GET /?path=%2F%2Fkunden%2Fkunden%2Fkunden%2Fkunden%2Fvar%2Ftmp%2Fit_nonce_6b06e3b5414f4b22a786934504e85dbb HTTP/1.1" 200 13023 www.kaminibeauty.com "-" "Mozilla/5.0 AppleWebKit/537.36 (KHTML, like Gecko; compatible; ClaudeBot/1.0; +claudebot@anthropic.com)" "-"
100.28.44.0 - - [31/Mar/2026:00:36:27 +0000] "GET /?fileloc=//kunden/bin/dpkg-genbuildinfo&path=//kunden/bin HTTP/1.1" 200 30187 kaminibeauty.com "-" "Mozilla/5.0 AppleWebKit/537.36 (KHTML, like Gecko; compatible; Amazonbot/0.1; +https://developer.amazon.com/support/amazonbot) Chrome/119.0.6045.214 Safari/537.36" "-"
216.73.216.0 - - [31/Mar/2026:00:36:28 +0000] "GET /treatments.htm?path=%2Fhomepages%2F22 HTTP/1.1" 200 34029 kaminibeauty.com "-" "Mozilla/5.0 AppleWebKit/537.36 (KHTML, like Gecko; compatible; ClaudeBot/1.0; +claudebot@anthropic.com)" "-"
216.73.216.0 - - [31/Mar/2026:00:36:29 +0000] "GET /shop/item/siccation113643925263?fileloc=%2F%2Fbin%2Fgdparttopng&path=%2F%2Fbin HTTP/1.1" 200 12193 kaminibeauty.com "-" "Mozilla/5.0 AppleWebKit/537.36 (KHTML, like Gecko; compatible; ClaudeBot/1.0; +claudebot@anthropic.com)" "-"
40.77.167.0 - - [31/Mar/2026:00:36:29 +0000] "GET /shop/item/supraclavicle156505401 HTTP/1.1" 200 73358 www.kaminibeauty.com "-" "Mozilla/5.0 AppleWebKit/537.36 (KHTML, like Gecko; compatible; bingbot/2.0; +http://www.bing.com/bingbot.htm) Chrome/116.0.1938.76 Safari/537.36" "-"
2a03:2880:f800:: - - [31/Mar/2026:00:36:30 +0000] "GET /shop/item/misseek161364819026?path=/homepages/4/d4297730999/htdocs HTTP/1.1" 200 23051 kaminibeauty.com "-" "meta-externalagent/1.1 (+https://developers.facebook.com/docs/sharing/webmasters/crawler)" "-"
52.4.229.0 - - [31/Mar/2026:00:36:31 +0000] "GET /wp-login.php?fileloc=//proc/self/root/lib/locale/nhn_MX/LC_MEASUREMENT&path=//proc/self/root/lib/locale/nhn_MX HTTP/1.1" 200 12491 kaminibeauty.com "-" "Mozilla/5.0 AppleWebKit/537.36 (KHTML, like Gecko; compatible; Amazonbot/0.1; +https://developer.amazon.com/support/amazonbot) Chrome/119.0.6045.214 Safari/537.36" "-"
216.73.216.0 - - [31/Mar/2026:00:36:32 +0000] "GET /?path=%2F%2Fkunden%2Fkunden%2Fkunden%2Fkunden%2Fvar%2Ftmp%2Fit_nonce_cadaf3d8e0a4415198b91fa4581c2247 HTTP/1.1" 200 13023 www.kaminibeauty.com "-" "Mozilla/5.0 AppleWebKit/537.36 (KHTML, like Gecko; compatible; ClaudeBot/1.0; +claudebot@anthropic.com)" "-"
74.7.241.0 - - [31/Mar/2026:00:36:33 +0000] "GET /?path=//kunden/kunden/kunden/kunden/kunden/kunden/proc/thread-self/root/kunden/kunden/kunden/kunden/kunden/kunden/kunden/kunden/kunden/kunden/kunden/kunden/kunden/kunden/kunden/kunden/kunden/etc/default HTTP/1.1" 200 33327 www.kaminibeauty.com "http://www.kaminibeauty.com/?path=//kunden/kunden/kunden/kunden/kunden/kunden/proc/thread-self/root/kunden/kunden/kunden/kunden/kunden/kunden/kunden/kunden/kunden/kunden/kunden/kunden/kunden/kunden/kunden/kunden/kunden/etc" "Mozilla/5.0 AppleWebKit/537.36 (KHTML, like Gecko; compatible; GPTBot/1.3; +https://openai.com/gptbot)" "-"
216.73.216.0 - - [31/Mar/2026:00:36:33 +0000] "GET /shop/item/kersey12164890226?fileloc=%2Fhomepages%2F4%2Fd4297730999%2Fhtdocs%2Fwordpress%2F.htaccess&path=%2Fhomepages%2F4%2Fd4297730999%2Fhtdocs%2Fwordpress HTTP/1.1" 200 14539 kaminibeauty.com "-" "Mozilla/5.0 AppleWebKit/537.36 (KHTML, like Gecko; compatible; ClaudeBot/1.0; +claudebot@anthropic.com)" "-"
66.249.66.0 - - [31/Mar/2026:00:36:36 +0000] "GET /shop/item/docking151420374145 HTTP/1.1" 200 73358 kaminibeauty.com "-" "Mozilla/5.0 (Linux; Android 6.0.1; Nexus 5X Build/MMB29P) AppleWebKit/537.36 (KHTML, like Gecko) Chrome/146.0.7680.153 Mobile Safari/537.36 (compatible; Googlebot/2.1; +http://www.google.com/bot.html)" "-"
2a03:2880:f800:: - - [31/Mar/2026:00:36:36 +0000] "GET /shop/item/misseek161364819026?path=/ HTTP/1.1" 200 44505 kaminibeauty.com "-" "meta-externalagent/1.1 (+https://developers.facebook.com/docs/sharing/webmasters/crawler)" "-"
216.73.216.0 - - [31/Mar/2026:00:36:37 +0000] "GET /?path=%2F%2Fkunden%2Fkunden%2Fkunden%2Fkunden%2Fvar%2Ftmp%2Fit_nonce_8221f84a1ced40f6bf72f27970ba3079 HTTP/1.1" 200 13023 www.kaminibeauty.com "-" "Mozilla/5.0 AppleWebKit/537.36 (KHTML, like Gecko; compatible; ClaudeBot/1.0; +claudebot@anthropic.com)" "-"
100.29.63.0 - - [31/Mar/2026:00:36:37 +0000] "GET /wp-login.php?fileloc=//kunden/usr/share/perl5/Date/Manip/Offset/off128.pm&path=//kunden/usr/share/perl5/Date/Manip/Offset HTTP/1.1" 200 13407 kaminibeauty.com "-" "Mozilla/5.0 AppleWebKit/537.36 (KHTML, like Gecko; compatible; Amazonbot/0.1; +https://developer.amazon.com/support/amazonbot) Chrome/119.0.6045.214 Safari/537.36" "-"
52.167.144.0 - - [31/Mar/2026:00:36:37 +0000] "GET /shop/item/trenton132387727068 HTTP/1.1" 200 73358 kaminibeauty.com "-" "Mozilla/5.0 AppleWebKit/537.36 (KHTML, like Gecko; compatible; bingbot/2.0; +http://www.bing.com/bingbot.htm) Chrome/116.0.1938.76 Safari/537.36" "-"
52.167.144.0 - - [31/Mar/2026:00:36:38 +0000] "GET /shop/item/watchmaker14422081405 HTTP/1.1" 200 73358 kaminibeauty.com "-" "Mozilla/5.0 AppleWebKit/537.36 (KHTML, like Gecko; compatible; bingbot/2.0; +http://www.bing.com/bingbot.htm) Chrome/116.0.1938.76 Safari/537.36" "-"
52.167.144.0 - - [31/Mar/2026:00:36:38 +0000] "GET /shop/item/proslavery122008713882 HTTP/1.1" 200 73358 kaminibeauty.com "-" "Mozilla/5.0 AppleWebKit/537.36 (KHTML, like Gecko; compatible; bingbot/2.0; +http://www.bing.com/bingbot.htm) Chrome/116.0.1938.76 Safari/537.36" "-"
52.167.144.0 - - [31/Mar/2026:00:36:38 +0000] "GET /shop/item/cordless161354516455 HTTP/1.1" 200 73358 kaminibeauty.com "-" "Mozilla/5.0 AppleWebKit/537.36 (KHTML, like Gecko; compatible; bingbot/2.0; +http://www.bing.com/bingbot.htm) Chrome/116.0.1938.76 Safari/537.36" "-"
216.73.216.0 - - [31/Mar/2026:00:36:38 +0000] "GET /shop/item/spendthrift111567131959?fileloc=%2F%2Fbin%2Fshuf&path=%2F%2Fbin HTTP/1.1" 200 12186 kaminibeauty.com "-" "Mozilla/5.0 AppleWebKit/537.36 (KHTML, like Gecko; compatible; ClaudeBot/1.0; +claudebot@anthropic.com)" "-"
52.167.144.0 - - [31/Mar/2026:00:36:39 +0000] "GET /shop/item/ventriculites143798074314 HTTP/1.1" 200 73358 kaminibeauty.com "-" "Mozilla/5.0 AppleWebKit/537.36 (KHTML, like Gecko; compatible; bingbot/2.0; +http://www.bing.com/bingbot.htm) Chrome/116.0.1938.76 Safari/537.36" "-"
3.222.190.0 - - [31/Mar/2026:00:36:39 +0000] "GET /users.php?path=//kunden/homepages/33/d4297723414/htdocs HTTP/1.1" 200 12839 www.kaminibeauty.com "-" "Mozilla/5.0 AppleWebKit/537.36 (KHTML, like Gecko; compatible; Amazonbot/0.1; +https://developer.amazon.com/support/amazonbot) Chrome/119.0.6045.214 Safari/537.36" "-"
66.249.66.0 - - [31/Mar/2026:00:36:40 +0000] "GET /shop/item/ishtar132488075525?fileloc=//bin/ps2pdf12&path=//bin HTTP/1.1" 200 12465 kaminibeauty.com "-" "Mozilla/5.0 (Linux; Android 6.0.1; Nexus 5X Build/MMB29P) AppleWebKit/537.36 (KHTML, like Gecko) Chrome/146.0.7680.153 Mobile Safari/537.36 (compatible; GoogleOther)" "-"
216.73.216.0 - - [31/Mar/2026:00:36:42 +0000] "GET /?path=%2F%2Fkunden%2Fkunden%2Fkunden%2Fkunden%2Fvar%2Ftmp%2Fit_nonce_acf42f9f4adf4d6db561105f3874907c HTTP/1.1" 200 13023 www.kaminibeauty.com "-" "Mozilla/5.0 AppleWebKit/537.36 (KHTML, like Gecko; compatible; ClaudeBot/1.0; +claudebot@anthropic.com)" "-"
2a03:2880:f800:: - - [31/Mar/2026:00:36:42 +0000] "GET /shop/item/misseek161364819026?path=/homepages/4/d4297730999/htdocs/wordpress HTTP/1.1" 200 73358 kaminibeauty.com "-" "meta-externalagent/1.1 (+https://developers.facebook.com/docs/sharing/webmasters/crawler)" "-"
216.73.216.0 - - [31/Mar/2026:00:36:43 +0000] "GET /shop/item/phone121466842941?fileloc=%2F%2Fbin%2Fgcc-ar-10&path=%2F%2Fbin HTTP/1.1" 200 12191 kaminibeauty.com "-" "Mozilla/5.0 AppleWebKit/537.36 (KHTML, like Gecko; compatible; ClaudeBot/1.0; +claudebot@anthropic.com)" "-"
52.54.249.0 - - [31/Mar/2026:00:36:44 +0000] "GET /?path=//proc/thread-self/root/usr/share/mysql-common HTTP/1.1" 200 14484 www.kaminibeauty.com "-" "Mozilla/5.0 AppleWebKit/537.36 (KHTML, like Gecko; compatible; Amazonbot/0.1; +https://developer.amazon.com/support/amazonbot) Chrome/119.0.6045.214 Safari/537.36" "-"
52.167.144.0 - - [31/Mar/2026:00:36:44 +0000] "GET /shop/item/lipoprotein12152471427 HTTP/1.1" 200 73358 kaminibeauty.com "-" "Mozilla/5.0 AppleWebKit/537.36 (KHTML, like Gecko; compatible; bingbot/2.0; +http://www.bing.com/bingbot.htm) Chrome/116.0.1938.76 Safari/537.36" "-"
52.167.144.0 - - [31/Mar/2026:00:36:44 +0000] "GET /shop/item/mausoleums121713135378 HTTP/1.1" 200 73358 kaminibeauty.com "-" "Mozilla/5.0 AppleWebKit/537.36 (KHTML, like Gecko; compatible; bingbot/2.0; +http://www.bing.com/bingbot.htm) Chrome/116.0.1938.76 Safari/537.36" "-"
52.167.144.0 - - [31/Mar/2026:00:36:45 +0000] "GET /shop/item/botonnee15172206290 HTTP/1.1" 200 73358 kaminibeauty.com "-" "Mozilla/5.0 AppleWebKit/537.36 (KHTML, like Gecko; compatible; bingbot/2.0; +http://www.bing.com/bingbot.htm) Chrome/116.0.1938.76 Safari/537.36" "-"
52.167.144.0 - - [31/Mar/2026:00:36:45 +0000] "GET /shop/item/diffission113459487091 HTTP/1.1" 200 73358 kaminibeauty.com "-" "Mozilla/5.0 AppleWebKit/537.36 (KHTML, like Gecko; compatible; bingbot/2.0; +http://www.bing.com/bingbot.htm) Chrome/116.0.1938.76 Safari/537.36" "-"
52.167.144.0 - - [31/Mar/2026:00:36:46 +0000] "GET /shop/item/claimant11151294344 HTTP/1.1" 200 73358 kaminibeauty.com "-" "Mozilla/5.0 AppleWebKit/537.36 (KHTML, like Gecko; compatible; bingbot/2.0; +http://www.bing.com/bingbot.htm) Chrome/116.0.1938.76 Safari/537.36" "-"
52.167.144.0 - - [31/Mar/2026:00:36:46 +0000] "GET /shop/item/shortage14327070447 HTTP/1.1" 200 73358 kaminibeauty.com "-" "Mozilla/5.0 AppleWebKit/537.36 (KHTML, like Gecko; compatible; bingbot/2.0; +http://www.bing.com/bingbot.htm) Chrome/116.0.1938.76 Safari/537.36" "-"
52.3.26.0 - - [31/Mar/2026:00:36:47 +0000] "GET /?fileloc=//kunden/usr/lib/locale/mhr_RU/LC_IDENTIFICATION&path=//kunden/usr/lib/locale/mhr_RU HTTP/1.1" 200 12417 www.kaminibeauty.com "-" "Mozilla/5.0 AppleWebKit/537.36 (KHTML, like Gecko; compatible; Amazonbot/0.1; +https://developer.amazon.com/support/amazonbot) Chrome/119.0.6045.214 Safari/537.36" "-"
52.167.144.0 - - [31/Mar/2026:00:36:47 +0000] "GET /shop/item/mustee173903348068 HTTP/1.1" 200 73358 kaminibeauty.com "-" "Mozilla/5.0 AppleWebKit/537.36 (KHTML, like Gecko; compatible; bingbot/2.0; +http://www.bing.com/bingbot.htm) Chrome/116.0.1938.76 Safari/537.36" "-"
52.167.144.0 - - [31/Mar/2026:00:36:47 +0000] "GET /shop/item/delices161293474372 HTTP/1.1" 200 73358 kaminibeauty.com "-" "Mozilla/5.0 AppleWebKit/537.36 (KHTML, like Gecko; compatible; bingbot/2.0; +http://www.bing.com/bingbot.htm) Chrome/116.0.1938.76 Safari/537.36" "-"
2a03:2880:f800:: - - [31/Mar/2026:00:36:47 +0000] "GET /shop/item/misseek161364819026?path=/homepages/4/d4297730999 HTTP/1.1" 200 19739 kaminibeauty.com "-" "meta-externalagent/1.1 (+https://developers.facebook.com/docs/sharing/webmasters/crawler)" "-"
52.167.144.0 - - [31/Mar/2026:00:36:48 +0000] "GET /shop/item/clownishly17541363870 HTTP/1.1" 200 73358 kaminibeauty.com "-" "Mozilla/5.0 AppleWebKit/537.36 (KHTML, like Gecko; compatible; bingbot/2.0; +http://www.bing.com/bingbot.htm) Chrome/116.0.1938.76 Safari/537.36" "-"
52.167.144.0 - - [31/Mar/2026:00:36:48 +0000] "GET /shop/item/oliva163617836040 HTTP/1.1" 200 73358 kaminibeauty.com "-" "Mozilla/5.0 AppleWebKit/537.36 (KHTML, like Gecko; compatible; bingbot/2.0; +http://www.bing.com/bingbot.htm) Chrome/116.0.1938.76 Safari/537.36" "-"
216.73.216.0 - - [31/Mar/2026:00:36:48 +0000] "GET /shop/item/congenitally1176031086?path=%2F%2Fproc%2Firq%2F32%2Fmegasas0-msix3 HTTP/1.1" 200 12743 kaminibeauty.com "-" "Mozilla/5.0 AppleWebKit/537.36 (KHTML, like Gecko; compatible; ClaudeBot/1.0; +claudebot@anthropic.com)" "-"
52.167.144.0 - - [31/Mar/2026:00:36:49 +0000] "GET /shop/item/omosternal161041424410 HTTP/1.1" 200 73358 kaminibeauty.com "-" "Mozilla/5.0 AppleWebKit/537.36 (KHTML, like Gecko; compatible; bingbot/2.0; +http://www.bing.com/bingbot.htm) Chrome/116.0.1938.76 Safari/537.36" "-"
52.167.144.0 - - [31/Mar/2026:00:36:49 +0000] "GET /shop/item/haemadynamics121694259397 HTTP/1.1" 200 73358 kaminibeauty.com "-" "Mozilla/5.0 AppleWebKit/537.36 (KHTML, like Gecko; compatible; bingbot/2.0; +http://www.bing.com/bingbot.htm) Chrome/116.0.1938.76 Safari/537.36" "-"
52.167.144.0 - - [31/Mar/2026:00:36:50 +0000] "GET /shop/item/piassaba142777488900 HTTP/1.1" 200 73358 kaminibeauty.com "-" "Mozilla/5.0 AppleWebKit/537.36 (KHTML, like Gecko; compatible; bingbot/2.0; +http://www.bing.com/bingbot.htm) Chrome/116.0.1938.76 Safari/537.36" "-"
52.167.144.0 - - [31/Mar/2026:00:36:50 +0000] "GET /shop/item/juger16189916859 HTTP/1.1" 200 73358 kaminibeauty.com "-" "Mozilla/5.0 AppleWebKit/537.36 (KHTML, like Gecko; compatible; bingbot/2.0; +http://www.bing.com/bingbot.htm) Chrome/116.0.1938.76 Safari/537.36" "-"
52.167.144.0 - - [31/Mar/2026:00:36:51 +0000] "GET /shop/item/romanic163804586378 HTTP/1.1" 200 73358 kaminibeauty.com "-" "Mozilla/5.0 AppleWebKit/537.36 (KHTML, like Gecko; compatible; bingbot/2.0; +http://www.bing.com/bingbot.htm) Chrome/116.0.1938.76 Safari/537.36" "-"
52.167.144.0 - - [31/Mar/2026:00:36:51 +0000] "GET /shop/item/plumbery174262235648 HTTP/1.1" 200 73358 kaminibeauty.com "-" "Mozilla/5.0 AppleWebKit/537.36 (KHTML, like Gecko; compatible; bingbot/2.0; +http://www.bing.com/bingbot.htm) Chrome/116.0.1938.76 Safari/537.36" "-"
52.167.144.0 - - [31/Mar/2026:00:36:51 +0000] "GET /shop/item/melungeon161698881949 HTTP/1.1" 200 73358 kaminibeauty.com "-" "Mozilla/5.0 AppleWebKit/537.36 (KHTML, like Gecko; compatible; bingbot/2.0; +http://www.bing.com/bingbot.htm) Chrome/116.0.1938.76 Safari/537.36" "-"
52.167.144.0 - - [31/Mar/2026:00:36:52 +0000] "GET /shop/item/aqave163692784813 HTTP/1.1" 200 73358 kaminibeauty.com "-" "Mozilla/5.0 AppleWebKit/537.36 (KHTML, like Gecko; compatible; bingbot/2.0; +http://www.bing.com/bingbot.htm) Chrome/116.0.1938.76 Safari/537.36" "-"
18.233.24.0 - - [31/Mar/2026:00:36:52 +0000] "GET /?path=//kunden/usr/lib/systemd/user HTTP/1.1" 200 27918 www.kaminibeauty.com "-" "Mozilla/5.0 AppleWebKit/537.36 (KHTML, like Gecko; compatible; Amazonbot/0.1; +https://developer.amazon.com/support/amazonbot) Chrome/119.0.6045.214 Safari/537.36" "-"
52.167.144.0 - - [31/Mar/2026:00:36:52 +0000] "GET /shop/item/sanguinary163221394868 HTTP/1.1" 200 73358 kaminibeauty.com "-" "Mozilla/5.0 AppleWebKit/537.36 (KHTML, like Gecko; compatible; bingbot/2.0; +http://www.bing.com/bingbot.htm) Chrome/116.0.1938.76 Safari/537.36" "-"
52.167.144.0 - - [31/Mar/2026:00:36:53 +0000] "GET /shop/item/turbant171561114181 HTTP/1.1" 200 73358 kaminibeauty.com "-" "Mozilla/5.0 AppleWebKit/537.36 (KHTML, like Gecko; compatible; bingbot/2.0; +http://www.bing.com/bingbot.htm) Chrome/116.0.1938.76 Safari/537.36" "-"
2a03:2880:f800:: - - [31/Mar/2026:00:36:53 +0000] "GET /shop/item/calcify151040316109?path=/homepages/4/d4297730999/htdocs/wordpress/wp-content/gallery HTTP/1.1" 429 267 kaminibeauty.com "-" "meta-externalagent/1.1 (+https://developers.facebook.com/docs/sharing/webmasters/crawler)" "-"
52.167.144.0 - - [31/Mar/2026:00:36:53 +0000] "GET /shop/item/restoring173272349092 HTTP/1.1" 200 73358 kaminibeauty.com "-" "Mozilla/5.0 AppleWebKit/537.36 (KHTML, like Gecko; compatible; bingbot/2.0; +http://www.bing.com/bingbot.htm) Chrome/116.0.1938.76 Safari/537.36" "-"
52.167.144.0 - - [31/Mar/2026:00:36:53 +0000] "GET /shop/item/urinary15497469390 HTTP/1.1" 200 73358 kaminibeauty.com "-" "Mozilla/5.0 AppleWebKit/537.36 (KHTML, like Gecko; compatible; bingbot/2.0; +http://www.bing.com/bingbot.htm) Chrome/116.0.1938.76 Safari/537.36" "-"
216.73.216.0 - - [31/Mar/2026:00:36:53 +0000] "GET /shop/item/brama111524324770?fileloc=%2F%2Fbin%2Fidentify-im6&path=%2F%2Fbin HTTP/1.1" 200 12194 kaminibeauty.com "-" "Mozilla/5.0 AppleWebKit/537.36 (KHTML, like Gecko; compatible; ClaudeBot/1.0; +claudebot@anthropic.com)" "-"
52.167.144.0 - - [31/Mar/2026:00:36:54 +0000] "GET /shop/item/promethea151079475065 HTTP/1.1" 200 73358 kaminibeauty.com "-" "Mozilla/5.0 AppleWebKit/537.36 (KHTML, like Gecko; compatible; bingbot/2.0; +http://www.bing.com/bingbot.htm) Chrome/116.0.1938.76 Safari/537.36" "-"
52.167.144.0 - - [31/Mar/2026:00:36:54 +0000] "GET /shop/item/meteoroid172222953043 HTTP/1.1" 200 73358 kaminibeauty.com "-" "Mozilla/5.0 AppleWebKit/537.36 (KHTML, like Gecko; compatible; bingbot/2.0; +http://www.bing.com/bingbot.htm) Chrome/116.0.1938.76 Safari/537.36" "-"
52.167.144.0 - - [31/Mar/2026:00:36:55 +0000] "GET /shop/item/brayera172519394594 HTTP/1.1" 200 73358 kaminibeauty.com "-" "Mozilla/5.0 AppleWebKit/537.36 (KHTML, like Gecko; compatible; bingbot/2.0; +http://www.bing.com/bingbot.htm) Chrome/116.0.1938.76 Safari/537.36" "-"
52.167.144.0 - - [31/Mar/2026:00:36:55 +0000] "GET /shop/item/ridging163089261792 HTTP/1.1" 200 73358 kaminibeauty.com "-" "Mozilla/5.0 AppleWebKit/537.36 (KHTML, like Gecko; compatible; bingbot/2.0; +http://www.bing.com/bingbot.htm) Chrome/116.0.1938.76 Safari/537.36" "-"
52.167.144.0 - - [31/Mar/2026:00:36:56 +0000] "GET /shop/item/antistrophon142456537701 HTTP/1.1" 200 73358 kaminibeauty.com "-" "Mozilla/5.0 AppleWebKit/537.36 (KHTML, like Gecko; compatible; bingbot/2.0; +http://www.bing.com/bingbot.htm) Chrome/116.0.1938.76 Safari/537.36" "-"
74.7.242.0 - - [31/Mar/2026:00:36:56 +0000] "GET /?fileloc=//kunden/bin/mariadb-show&path=//kunden/bin HTTP/1.1" 200 12244 kaminibeauty.com "http://kaminibeauty.com/?path=//kunden/bin" "Mozilla/5.0 AppleWebKit/537.36 (KHTML, like Gecko; compatible; GPTBot/1.3; +https://openai.com/gptbot)" "-"
23.21.119.0 - - [31/Mar/2026:00:36:56 +0000] "GET /?fileloc=//kunden/kunden/lib/locale/ku_TR/LC_COLLATE&path=//kunden/kunden/lib/locale/ku_TR HTTP/1.1" 200 12425 www.kaminibeauty.com "-" "Mozilla/5.0 AppleWebKit/537.36 (KHTML, like Gecko; compatible; Amazonbot/0.1; +https://developer.amazon.com/support/amazonbot) Chrome/119.0.6045.214 Safari/537.36" "-"
2a03:2880:f800:: - - [31/Mar/2026:00:36:57 +0000] "GET /shop/item/calcify151040316109?path=/homepages/4/d4297730999/htdocs/wordpress/wp-content/upgrade-temp-backup HTTP/1.1" 429 267 kaminibeauty.com "-" "meta-externalagent/1.1 (+https://developers.facebook.com/docs/sharing/webmasters/crawler)" "-"
52.167.144.0 - - [31/Mar/2026:00:36:57 +0000] "GET /shop/item/unload161965053371 HTTP/1.1" 200 73358 kaminibeauty.com "-" "Mozilla/5.0 AppleWebKit/537.36 (KHTML, like Gecko; compatible; bingbot/2.0; +http://www.bing.com/bingbot.htm) Chrome/116.0.1938.76 Safari/537.36" "-"
52.167.144.0 - - [31/Mar/2026:00:36:57 +0000] "GET /shop/item/vertex153758021221 HTTP/1.1" 200 73358 kaminibeauty.com "-" "Mozilla/5.0 AppleWebKit/537.36 (KHTML, like Gecko; compatible; bingbot/2.0; +http://www.bing.com/bingbot.htm) Chrome/116.0.1938.76 Safari/537.36" "-"
2a03:2880:f800:: - - [31/Mar/2026:00:36:58 +0000] "GET /shop/item/misseek161364819026?path=/homepages/4 HTTP/1.1" 429 267 kaminibeauty.com "-" "meta-externalagent/1.1 (+https://developers.facebook.com/docs/sharing/webmasters/crawler)" "-"
52.167.144.0 - - [31/Mar/2026:00:36:58 +0000] "GET /shop/item/opetide161424129604 HTTP/1.1" 200 73358 kaminibeauty.com "-" "Mozilla/5.0 AppleWebKit/537.36 (KHTML, like Gecko; compatible; bingbot/2.0; +http://www.bing.com/bingbot.htm) Chrome/116.0.1938.76 Safari/537.36" "-"
216.73.216.0 - - [31/Mar/2026:00:36:58 +0000] "GET /shop/item/hospitably112384099722?fileloc=%2F%2Fbin%2Fpbmto10x&path=%2F%2Fbin HTTP/1.1" 200 12190 kaminibeauty.com "-" "Mozilla/5.0 AppleWebKit/537.36 (KHTML, like Gecko; compatible; ClaudeBot/1.0; +claudebot@anthropic.com)" "-"
100.28.118.0 - - [31/Mar/2026:00:37:00 +0000] "GET /?fileloc=//proc/thread-self/root/usr/bin/fc-scan&path=//proc/thread-self/root/usr/bin HTTP/1.1" 429 267 www.kaminibeauty.com "-" "Mozilla/5.0 AppleWebKit/537.36 (KHTML, like Gecko; compatible; Amazonbot/0.1; +https://developer.amazon.com/support/amazonbot) Chrome/119.0.6045.214 Safari/537.36" "-"
2a03:2880:f800:: - - [31/Mar/2026:00:37:03 +0000] "GET /shop/item/calcify151040316109?path=/homepages/4/d4297730999/htdocs/wordpress/wp-content/upgrade HTTP/1.1" 429 267 kaminibeauty.com "-" "meta-externalagent/1.1 (+https://developers.facebook.com/docs/sharing/webmasters/crawler)" "-"
44.206.93.0 - - [31/Mar/2026:00:37:03 +0000] "GET /?fileloc=//kunden/usr/lib/locale/aa_DJ/LC_TIME&path=//kunden/usr/lib/locale/aa_DJ HTTP/1.1" 429 267 www.kaminibeauty.com "-" "Mozilla/5.0 AppleWebKit/537.36 (KHTML, like Gecko; compatible; Amazonbot/0.1; +https://developer.amazon.com/support/amazonbot) Chrome/119.0.6045.214 Safari/537.36" "-"
216.73.216.0 - - [31/Mar/2026:00:37:03 +0000] "GET /shop/item/jungly111777016595?fileloc=%2F%2Fbin%2Fdb5.3_hotbackup&path=%2F%2Fbin HTTP/1.1" 200 12197 kaminibeauty.com "-" "Mozilla/5.0 AppleWebKit/537.36 (KHTML, like Gecko; compatible; ClaudeBot/1.0; +claudebot@anthropic.com)" "-"
2a03:2880:f800:: - - [31/Mar/2026:00:37:04 +0000] "GET /shop/item/calcify151040316109?path=/homepages/4/d4297730999/htdocs/wordpress/wp-content/blogs.dir HTTP/1.1" 429 267 kaminibeauty.com "-" "meta-externalagent/1.1 (+https://developers.facebook.com/docs/sharing/webmasters/crawler)" "-"
3.81.253.0 - - [31/Mar/2026:00:37:08 +0000] "GET /wp-login.php?fileloc=//proc/thread-self/root/usr/lib/locale/br_FR/LC_CTYPE&path=//proc/thread-self/root/usr/lib/locale/br_FR HTTP/1.1" 200 12576 kaminibeauty.com "-" "Mozilla/5.0 AppleWebKit/537.36 (KHTML, like Gecko; compatible; Amazonbot/0.1; +https://developer.amazon.com/support/amazonbot) Chrome/119.0.6045.214 Safari/537.36" "-"
216.73.216.0 - - [31/Mar/2026:00:37:08 +0000] "GET /shop/item/flanellette112410188726?fileloc=%2F%2Fbin%2Fppmtv&path=%2F%2Fbin HTTP/1.1" 200 12187 kaminibeauty.com "-" "Mozilla/5.0 AppleWebKit/537.36 (KHTML, like Gecko; compatible; ClaudeBot/1.0; +claudebot@anthropic.com)" "-"
34.236.41.0 - - [31/Mar/2026:00:37:10 +0000] "GET /?fileloc=//lib/aspell/british-ise-wo_accents.alias&path=//lib/aspell HTTP/1.1" 200 12357 kaminibeauty.com "-" "Mozilla/5.0 AppleWebKit/537.36 (KHTML, like Gecko; compatible; Amazonbot/0.1; +https://developer.amazon.com/support/amazonbot) Chrome/119.0.6045.214 Safari/537.36" "-"
2a03:2880:f800:: - - [31/Mar/2026:00:37:11 +0000] "GET /shop/item/calcify151040316109?path=/homepages/4/d4297730999/htdocs/wordpress/wp-content/ngg HTTP/1.1" 429 267 kaminibeauty.com "-" "meta-externalagent/1.1 (+https://developers.facebook.com/docs/sharing/webmasters/crawler)" "-"
2a03:2880:f800:: - - [31/Mar/2026:00:37:12 +0000] "GET /shop/item/persuasibleness163482738517?path=/homepages/4/d4297730999/htdocs/wordpress/ALFA%20TEAM HTTP/1.1" 429 267 kaminibeauty.com "-" "meta-externalagent/1.1 (+https://developers.facebook.com/docs/sharing/webmasters/crawler)" "-"
216.73.216.0 - - [31/Mar/2026:00:37:13 +0000] "GET /shop/item/valent114063034075?fileloc=%2F%2Fproc%2Firq%2F180%2Fnode&path=%2F%2Fproc%2Firq%2F180 HTTP/1.1" 200 12273 kaminibeauty.com "-" "Mozilla/5.0 AppleWebKit/537.36 (KHTML, like Gecko; compatible; ClaudeBot/1.0; +claudebot@anthropic.com)" "-"
52.167.144.0 - - [31/Mar/2026:00:37:14 +0000] "GET /shop/item/approacher382217454115?path=//usr/lib/locale/es_CO HTTP/1.1" 200 30152 kaminibeauty.com "-" "Mozilla/5.0 AppleWebKit/537.36 (KHTML, like Gecko; compatible; bingbot/2.0; +http://www.bing.com/bingbot.htm) Chrome/116.0.1938.76 Safari/537.36" "-"
52.167.144.0 - - [31/Mar/2026:00:37:14 +0000] "GET /shop/item/approacher382217454115?path=//usr/lib/locale/ru_RU HTTP/1.1" 200 30152 kaminibeauty.com "-" "Mozilla/5.0 AppleWebKit/537.36 (KHTML, like Gecko; compatible; bingbot/2.0; +http://www.bing.com/bingbot.htm) Chrome/116.0.1938.76 Safari/537.36" "-"
52.167.144.0 - - [31/Mar/2026:00:37:15 +0000] "GET /shop/item/approacher382217454115?path=//usr/lib/python3.9/zoneinfo HTTP/1.1" 200 20069 kaminibeauty.com "-" "Mozilla/5.0 AppleWebKit/537.36 (KHTML, like Gecko; compatible; bingbot/2.0; +http://www.bing.com/bingbot.htm) Chrome/116.0.1938.76 Safari/537.36" "-"
52.167.144.0 - - [31/Mar/2026:00:37:15 +0000] "GET /shop/item/buoyancies152949395075 HTTP/1.1" 200 73358 kaminibeauty.com "-" "Mozilla/5.0 AppleWebKit/537.36 (KHTML, like Gecko; compatible; bingbot/2.0; +http://www.bing.com/bingbot.htm) Chrome/116.0.1938.76 Safari/537.36" "-"
52.167.144.0 - - [31/Mar/2026:00:37:16 +0000] "GET /shop/item/reliquary15779455249 HTTP/1.1" 200 73358 kaminibeauty.com "-" "Mozilla/5.0 AppleWebKit/537.36 (KHTML, like Gecko; compatible; bingbot/2.0; +http://www.bing.com/bingbot.htm) Chrome/116.0.1938.76 Safari/537.36" "-"
107.20.255.0 - - [31/Mar/2026:00:37:16 +0000] "GET /wp-login.php?fileloc=//proc/thread-self/root/usr/lib/locale/ar_LB/LC_TELEPHONE&path=//proc/thread-self/root/usr/lib/locale/ar_LB HTTP/1.1" 200 12639 kaminibeauty.com "-" "Mozilla/5.0 AppleWebKit/537.36 (KHTML, like Gecko; compatible; Amazonbot/0.1; +https://developer.amazon.com/support/amazonbot) Chrome/119.0.6045.214 Safari/537.36" "-"
216.73.216.0 - - [31/Mar/2026:00:37:18 +0000] "GET /shop/item/medlar112980734197?fileloc=%2Fhomepages%2F4%2Fd4297730999%2Fhtdocs%2Fwordpress%2Fwp-content%2Fplugins%2Facyhokyta%2Fassets%2Findex.html&path=%2Fhomepages%2F4%2Fd4297730999%2Fhtdocs%2Fwordpress%2Fwp-content%2Fplugins%2Facyhokyta%2Fassets HTTP/1.1" 200 12877 kaminibeauty.com "-" "Mozilla/5.0 AppleWebKit/537.36 (KHTML, like Gecko; compatible; ClaudeBot/1.0; +claudebot@anthropic.com)" "-"
52.167.144.0 - - [31/Mar/2026:00:37:19 +0000] "GET /shop/item/sextoness152394165125 HTTP/1.1" 200 73358 kaminibeauty.com "-" "Mozilla/5.0 AppleWebKit/537.36 (KHTML, like Gecko; compatible; bingbot/2.0; +http://www.bing.com/bingbot.htm) Chrome/116.0.1938.76 Safari/537.36" "-"
52.167.144.0 - - [31/Mar/2026:00:37:19 +0000] "GET /shop/item/rubblestone122516150502 HTTP/1.1" 200 73358 kaminibeauty.com "-" "Mozilla/5.0 AppleWebKit/537.36 (KHTML, like Gecko; compatible; bingbot/2.0; +http://www.bing.com/bingbot.htm) Chrome/116.0.1938.76 Safari/537.36" "-"
52.167.144.0 - - [31/Mar/2026:00:37:19 +0000] "GET /shop/item/genevan122755878409 HTTP/1.1" 200 73358 kaminibeauty.com "-" "Mozilla/5.0 AppleWebKit/537.36 (KHTML, like Gecko; compatible; bingbot/2.0; +http://www.bing.com/bingbot.htm) Chrome/116.0.1938.76 Safari/537.36" "-"
52.167.144.0 - - [31/Mar/2026:00:37:20 +0000] "GET /shop/item/tormentful111846307151 HTTP/1.1" 200 73358 kaminibeauty.com "-" "Mozilla/5.0 AppleWebKit/537.36 (KHTML, like Gecko; compatible; bingbot/2.0; +http://www.bing.com/bingbot.htm) Chrome/116.0.1938.76 Safari/537.36" "-"
52.167.144.0 - - [31/Mar/2026:00:37:20 +0000] "GET /shop/item/cyclades123939108642 HTTP/1.1" 200 73358 kaminibeauty.com "-" "Mozilla/5.0 AppleWebKit/537.36 (KHTML, like Gecko; compatible; bingbot/2.0; +http://www.bing.com/bingbot.htm) Chrome/116.0.1938.76 Safari/537.36" "-"
2a03:2880:f800:: - - [31/Mar/2026:00:37:21 +0000] "GET /shop/item/calcify151040316109?path=/homepages/4/d4297730999/htdocs/wordpress/wp-content/themes HTTP/1.1" 429 267 kaminibeauty.com "-" "meta-externalagent/1.1 (+https://developers.facebook.com/docs/sharing/webmasters/crawler)" "-"
52.167.144.0 - - [31/Mar/2026:00:37:21 +0000] "GET /shop/item/paraconic134074833120 HTTP/1.1" 200 73358 kaminibeauty.com "-" "Mozilla/5.0 AppleWebKit/537.36 (KHTML, like Gecko; compatible; bingbot/2.0; +http://www.bing.com/bingbot.htm) Chrome/116.0.1938.76 Safari/537.36" "-"
52.167.144.0 - - [31/Mar/2026:00:37:21 +0000] "GET /shop/item/predictable15422717731 HTTP/1.1" 200 73358 kaminibeauty.com "-" "Mozilla/5.0 AppleWebKit/537.36 (KHTML, like Gecko; compatible; bingbot/2.0; +http://www.bing.com/bingbot.htm) Chrome/116.0.1938.76 Safari/537.36" "-"
98.82.39.0 - - [31/Mar/2026:00:37:21 +0000] "GET /wp-login.php?path=//kunden/kunden/kunden/kunden/usr/lib/locale/ik_CA HTTP/1.1" 200 31762 kaminibeauty.com "-" "Mozilla/5.0 AppleWebKit/537.36 (KHTML, like Gecko; compatible; Amazonbot/0.1; +https://developer.amazon.com/support/amazonbot) Chrome/119.0.6045.214 Safari/537.36" "-"
52.167.144.0 - - [31/Mar/2026:00:37:21 +0000] "GET /shop/item/distemperately152666634132 HTTP/1.1" 200 73358 kaminibeauty.com "-" "Mozilla/5.0 AppleWebKit/537.36 (KHTML, like Gecko; compatible; bingbot/2.0; +http://www.bing.com/bingbot.htm) Chrome/116.0.1938.76 Safari/537.36" "-"
52.167.144.0 - - [31/Mar/2026:00:37:22 +0000] "GET /shop/item/disputatious16667885044 HTTP/1.1" 200 73358 kaminibeauty.com "-" "Mozilla/5.0 AppleWebKit/537.36 (KHTML, like Gecko; compatible; bingbot/2.0; +http://www.bing.com/bingbot.htm) Chrome/116.0.1938.76 Safari/537.36" "-"
52.205.113.0 - - [31/Mar/2026:00:37:22 +0000] "GET /users.php?path=//lib/locale/fr_FR.utf8 HTTP/1.1" 429 267 www.kaminibeauty.com "-" "Mozilla/5.0 AppleWebKit/537.36 (KHTML, like Gecko; compatible; Amazonbot/0.1; +https://developer.amazon.com/support/amazonbot) Chrome/119.0.6045.214 Safari/537.36" "-"
66.249.66.0 - - [31/Mar/2026:00:37:22 +0000] "GET /shop/item/adstrictory111787083615 HTTP/1.1" 200 73358 kaminibeauty.com "-" "Mozilla/5.0 (Linux; Android 6.0.1; Nexus 5X Build/MMB29P) AppleWebKit/537.36 (KHTML, like Gecko) Chrome/146.0.7680.153 Mobile Safari/537.36 (compatible; Googlebot/2.1; +http://www.google.com/bot.html)" "-"
52.167.144.0 - - [31/Mar/2026:00:37:22 +0000] "GET /shop/item/netting12649823326 HTTP/1.1" 200 73358 kaminibeauty.com "-" "Mozilla/5.0 AppleWebKit/537.36 (KHTML, like Gecko; compatible; bingbot/2.0; +http://www.bing.com/bingbot.htm) Chrome/116.0.1938.76 Safari/537.36" "-"
2a03:2880:f800:: - - [31/Mar/2026:00:37:23 +0000] "GET /shop/item/calcify151040316109?fileloc=/homepages/4/d4297730999/htdocs/wordpress/wp-content/mah.php&path=/homepages/4/d4297730999/htdocs/wordpress/wp-content HTTP/1.1" 429 267 kaminibeauty.com "-" "meta-externalagent/1.1 (+https://developers.facebook.com/docs/sharing/webmasters/crawler)" "-"
52.167.144.0 - - [31/Mar/2026:00:37:23 +0000] "GET /shop/item/metazoans16803155131 HTTP/1.1" 200 73358 kaminibeauty.com "-" "Mozilla/5.0 AppleWebKit/537.36 (KHTML, like Gecko; compatible; bingbot/2.0; +http://www.bing.com/bingbot.htm) Chrome/116.0.1938.76 Safari/537.36" "-"
52.167.144.0 - - [31/Mar/2026:00:37:23 +0000] "GET /shop/item/never164126764111 HTTP/1.1" 200 73358 kaminibeauty.com "-" "Mozilla/5.0 AppleWebKit/537.36 (KHTML, like Gecko; compatible; bingbot/2.0; +http://www.bing.com/bingbot.htm) Chrome/116.0.1938.76 Safari/537.36" "-"
52.167.144.0 - - [31/Mar/2026:00:37:23 +0000] "GET /shop/item/barbering122439646095 HTTP/1.1" 200 73358 kaminibeauty.com "-" "Mozilla/5.0 AppleWebKit/537.36 (KHTML, like Gecko; compatible; bingbot/2.0; +http://www.bing.com/bingbot.htm) Chrome/116.0.1938.76 Safari/537.36" "-"
216.73.216.0 - - [31/Mar/2026:00:37:23 +0000] "GET /shop/item/installed1171467911?path=%2F%2Fhomepages%2F14%2Fd4296690006%2F.lnk HTTP/1.1" 200 12771 kaminibeauty.com "-" "Mozilla/5.0 AppleWebKit/537.36 (KHTML, like Gecko; compatible; ClaudeBot/1.0; +claudebot@anthropic.com)" "-"
2a03:2880:f800:: - - [31/Mar/2026:00:37:24 +0000] "GET /shop/item/calcify151040316109?path=/homepages/4/d4297730999/htdocs/wordpress/wp-content/ai1wm-backups HTTP/1.1" 429 267 kaminibeauty.com "-" "meta-externalagent/1.1 (+https://developers.facebook.com/docs/sharing/webmasters/crawler)" "-"
52.167.144.0 - - [31/Mar/2026:00:37:24 +0000] "GET /shop/item/acclaim163503353597 HTTP/1.1" 200 73358 kaminibeauty.com "-" "Mozilla/5.0 AppleWebKit/537.36 (KHTML, like Gecko; compatible; bingbot/2.0; +http://www.bing.com/bingbot.htm) Chrome/116.0.1938.76 Safari/537.36" "-"
52.167.144.0 - - [31/Mar/2026:00:37:24 +0000] "GET /shop/item/brawned161662866440 HTTP/1.1" 200 73358 kaminibeauty.com "-" "Mozilla/5.0 AppleWebKit/537.36 (KHTML, like Gecko; compatible; bingbot/2.0; +http://www.bing.com/bingbot.htm) Chrome/116.0.1938.76 Safari/537.36" "-"
52.167.144.0 - - [31/Mar/2026:00:37:25 +0000] "GET /shop/item/medicago17287957199 HTTP/1.1" 200 73358 kaminibeauty.com "-" "Mozilla/5.0 AppleWebKit/537.36 (KHTML, like Gecko; compatible; bingbot/2.0; +http://www.bing.com/bingbot.htm) Chrome/116.0.1938.76 Safari/537.36" "-"
52.167.144.0 - - [31/Mar/2026:00:37:25 +0000] "GET /shop/item/pegador17882107034 HTTP/1.1" 200 73358 kaminibeauty.com "-" "Mozilla/5.0 AppleWebKit/537.36 (KHTML, like Gecko; compatible; bingbot/2.0; +http://www.bing.com/bingbot.htm) Chrome/116.0.1938.76 Safari/537.36" "-"
52.167.144.0 - - [31/Mar/2026:00:37:25 +0000] "GET /shop/item/meaning163556421517 HTTP/1.1" 200 73358 kaminibeauty.com "-" "Mozilla/5.0 AppleWebKit/537.36 (KHTML, like Gecko; compatible; bingbot/2.0; +http://www.bing.com/bingbot.htm) Chrome/116.0.1938.76 Safari/537.36" "-"
52.167.144.0 - - [31/Mar/2026:00:37:26 +0000] "GET /shop/item/larus171646788221 HTTP/1.1" 200 73358 kaminibeauty.com "-" "Mozilla/5.0 AppleWebKit/537.36 (KHTML, like Gecko; compatible; bingbot/2.0; +http://www.bing.com/bingbot.htm) Chrome/116.0.1938.76 Safari/537.36" "-"
52.167.144.0 - - [31/Mar/2026:00:37:26 +0000] "GET /shop/item/torpedoist161076469117 HTTP/1.1" 200 73358 kaminibeauty.com "-" "Mozilla/5.0 AppleWebKit/537.36 (KHTML, like Gecko; compatible; bingbot/2.0; +http://www.bing.com/bingbot.htm) Chrome/116.0.1938.76 Safari/537.36" "-"
52.167.144.0 - - [31/Mar/2026:00:37:27 +0000] "GET /shop/item/shading171137983798 HTTP/1.1" 200 73358 kaminibeauty.com "-" "Mozilla/5.0 AppleWebKit/537.36 (KHTML, like Gecko; compatible; bingbot/2.0; +http://www.bing.com/bingbot.htm) Chrome/116.0.1938.76 Safari/537.36" "-"
52.167.144.0 - - [31/Mar/2026:00:37:27 +0000] "GET /shop/item/cycloganoidei153369562552 HTTP/1.1" 200 73358 kaminibeauty.com "-" "Mozilla/5.0 AppleWebKit/537.36 (KHTML, like Gecko; compatible; bingbot/2.0; +http://www.bing.com/bingbot.htm) Chrome/116.0.1938.76 Safari/537.36" "-"
52.167.144.0 - - [31/Mar/2026:00:37:28 +0000] "GET /shop/item/meconin171631066827 HTTP/1.1" 200 73358 kaminibeauty.com "-" "Mozilla/5.0 AppleWebKit/537.36 (KHTML, like Gecko; compatible; bingbot/2.0; +http://www.bing.com/bingbot.htm) Chrome/116.0.1938.76 Safari/537.36" "-"
50.16.216.0 - - [31/Mar/2026:00:37:28 +0000] "GET /wp-login.php?fileloc=//proc/self/root/kunden/etc/ssl/certs/certSIGN_Root_CA_G2.pem&path=//proc/self/root/kunden/etc/ssl/certs HTTP/1.1" 200 14432 kaminibeauty.com "-" "Mozilla/5.0 AppleWebKit/537.36 (KHTML, like Gecko; compatible; Amazonbot/0.1; +https://developer.amazon.com/support/amazonbot) Chrome/119.0.6045.214 Safari/537.36" "-"
52.167.144.0 - - [31/Mar/2026:00:37:28 +0000] "GET /shop/item/designator154179133979 HTTP/1.1" 200 73358 kaminibeauty.com "-" "Mozilla/5.0 AppleWebKit/537.36 (KHTML, like Gecko; compatible; bingbot/2.0; +http://www.bing.com/bingbot.htm) Chrome/116.0.1938.76 Safari/537.36" "-"
52.167.144.0 - - [31/Mar/2026:00:37:28 +0000] "GET /shop/item/annelidous153563787528 HTTP/1.1" 200 73358 kaminibeauty.com "-" "Mozilla/5.0 AppleWebKit/537.36 (KHTML, like Gecko; compatible; bingbot/2.0; +http://www.bing.com/bingbot.htm) Chrome/116.0.1938.76 Safari/537.36" "-"
216.73.216.0 - - [31/Mar/2026:00:37:28 +0000] "GET /shop/item/jungly111777016595?fileloc=%2F%2Fbin%2Fzipcloak&path=%2F%2Fbin HTTP/1.1" 200 12190 kaminibeauty.com "-" "Mozilla/5.0 AppleWebKit/537.36 (KHTML, like Gecko; compatible; ClaudeBot/1.0; +claudebot@anthropic.com)" "-"
52.167.144.0 - - [31/Mar/2026:00:37:29 +0000] "GET /shop/item/craniometer16616742046 HTTP/1.1" 200 73358 kaminibeauty.com "-" "Mozilla/5.0 AppleWebKit/537.36 (KHTML, like Gecko; compatible; bingbot/2.0; +http://www.bing.com/bingbot.htm) Chrome/116.0.1938.76 Safari/537.36" "-"
52.167.144.0 - - [31/Mar/2026:00:37:30 +0000] "GET /shop/item/needfully17612661515 HTTP/1.1" 200 73358 kaminibeauty.com "-" "Mozilla/5.0 AppleWebKit/537.36 (KHTML, like Gecko; compatible; bingbot/2.0; +http://www.bing.com/bingbot.htm) Chrome/116.0.1938.76 Safari/537.36" "-"
52.167.144.0 - - [31/Mar/2026:00:37:30 +0000] "GET /shop/item/selfaction161737488250 HTTP/1.1" 200 73358 kaminibeauty.com "-" "Mozilla/5.0 AppleWebKit/537.36 (KHTML, like Gecko; compatible; bingbot/2.0; +http://www.bing.com/bingbot.htm) Chrome/116.0.1938.76 Safari/537.36" "-"
74.7.241.0 - - [31/Mar/2026:00:37:31 +0000] "GET /?path=//kunden/kunden/kunden/kunden/kunden/kunden/proc/thread-self/root/kunden/kunden/kunden/kunden/kunden/kunden/kunden/kunden/kunden/kunden/kunden/kunden/kunden/kunden/kunden/proc/megaraid HTTP/1.1" 200 15804 www.kaminibeauty.com "http://www.kaminibeauty.com/?path=//kunden/kunden/kunden/kunden/kunden/kunden/proc/thread-self/root/kunden/kunden/kunden/kunden/kunden/kunden/kunden/kunden/kunden/kunden/kunden/kunden/kunden/kunden/kunden/proc" "Mozilla/5.0 AppleWebKit/537.36 (KHTML, like Gecko; compatible; GPTBot/1.3; +https://openai.com/gptbot)" "-"
52.167.144.0 - - [31/Mar/2026:00:37:31 +0000] "GET /shop/item/hertz151508510231 HTTP/1.1" 200 73358 kaminibeauty.com "-" "Mozilla/5.0 AppleWebKit/537.36 (KHTML, like Gecko; compatible; bingbot/2.0; +http://www.bing.com/bingbot.htm) Chrome/116.0.1938.76 Safari/537.36" "-"
52.167.144.0 - - [31/Mar/2026:00:37:31 +0000] "GET /shop/item/jugglery154098654540 HTTP/1.1" 200 73358 kaminibeauty.com "-" "Mozilla/5.0 AppleWebKit/537.36 (KHTML, like Gecko; compatible; bingbot/2.0; +http://www.bing.com/bingbot.htm) Chrome/116.0.1938.76 Safari/537.36" "-"
100.24.167.0 - - [31/Mar/2026:00:37:32 +0000] "GET /wp-admin/js/index.php?path=//homepages/0/d4297094474 HTTP/1.1" 429 267 www.kaminibeauty.com "-" "Mozilla/5.0 AppleWebKit/537.36 (KHTML, like Gecko; compatible; Amazonbot/0.1; +https://developer.amazon.com/support/amazonbot) Chrome/119.0.6045.214 Safari/537.36" "-"
216.73.216.0 - - [31/Mar/2026:00:37:34 +0000] "GET /shop/item/sickish11300494318?fileloc=%2Fhomepages%2F4%2Fd4297730999%2Fhtdocs%2Fwordpress%2Fwp-content%2Fkamini-wp+copy%2Fstyle.css&path=%2Fhomepages%2F4%2Fd4297730999%2Fhtdocs%2Fwordpress%2Fwp-content%2Fkamini-wp+copy HTTP/1.1" 200 76567 kaminibeauty.com "-" "Mozilla/5.0 AppleWebKit/537.36 (KHTML, like Gecko; compatible; ClaudeBot/1.0; +claudebot@anthropic.com)" "-"
2a03:2880:f800:: - - [31/Mar/2026:00:37:35 +0000] "GET /shop/item/calcify151040316109?path=/homepages/4/d4297730999/htdocs/wordpress/wp-content/backups-dup-lite HTTP/1.1" 429 267 kaminibeauty.com "-" "meta-externalagent/1.1 (+https://developers.facebook.com/docs/sharing/webmasters/crawler)" "-"
100.29.128.0 - - [31/Mar/2026:00:37:37 +0000] "GET /wp-login.php?fileloc=//kunden/proc/self/root/usr/include/linux/tls.h&path=//kunden/proc/self/root/usr/include/linux HTTP/1.1" 200 16877 kaminibeauty.com "-" "Mozilla/5.0 AppleWebKit/537.36 (KHTML, like Gecko; compatible; Amazonbot/0.1; +https://developer.amazon.com/support/amazonbot) Chrome/119.0.6045.214 Safari/537.36" "-"
2a03:2880:f800:: - - [31/Mar/2026:00:37:38 +0000] "GET /shop/item/calcify151040316109?fileloc=/homepages/4/d4297730999/htdocs/wordpress/wp-content/f5bd7cf638.php&path=/homepages/4/d4297730999/htdocs/wordpress/wp-content HTTP/1.1" 429 267 kaminibeauty.com "-" "meta-externalagent/1.1 (+https://developers.facebook.com/docs/sharing/webmasters/crawler)" "-"
54.166.104.0 - - [31/Mar/2026:00:37:39 +0000] "GET /wp-login.php?fileloc=//proc/thread-self/root/usr/lib/ruby/2.7.0/racc/statetransitiontable.rb&path=//proc/thread-self/root/usr/lib/ruby/2.7.0/racc HTTP/1.1" 200 21022 kaminibeauty.com "-" "Mozilla/5.0 AppleWebKit/537.36 (KHTML, like Gecko; compatible; Amazonbot/0.1; +https://developer.amazon.com/support/amazonbot) Chrome/119.0.6045.214 Safari/537.36" "-"
216.73.216.0 - - [31/Mar/2026:00:37:39 +0000] "GET /shop/item/underminister112626506194?fileloc=%2F%2Fbin%2Flsblk&path=%2F%2Fbin HTTP/1.1" 200 12187 kaminibeauty.com "-" "Mozilla/5.0 AppleWebKit/537.36 (KHTML, like Gecko; compatible; ClaudeBot/1.0; +claudebot@anthropic.com)" "-"
2a03:2880:f800:: - - [31/Mar/2026:00:37:39 +0000] "GET /shop/item/calcify151040316109?path=/homepages/4/d4297730999/htdocs/wordpress/wp-content/languages HTTP/1.1" 429 267 kaminibeauty.com "-" "meta-externalagent/1.1 (+https://developers.facebook.com/docs/sharing/webmasters/crawler)" "-"
123.20.213.0 - - [31/Mar/2026:00:37:40 +0000] "GET /shop/pg/1Sitemap/?path=%2Fhomepages%2Fbackup HTTP/1.1" 200 12661 kaminibeauty.com "-" "Mozilla/5.0 (Macintosh; Intel Mac OS X 11_2_3) AppleWebKit/537.36 (KHTML, like Gecko) Brave Chrome/89.0.4389.72 Safari/537.36" "-"
184.72.84.0 - - [31/Mar/2026:00:37:44 +0000] "GET /wp-login.php?fileloc=//kunden/kunden/proc/self/root/proc/self/net/raw6&path=//kunden/kunden/proc/self/root/proc/self/net HTTP/1.1" 200 12623 kaminibeauty.com "-" "Mozilla/5.0 AppleWebKit/537.36 (KHTML, like Gecko; compatible; Amazonbot/0.1; +https://developer.amazon.com/support/amazonbot) Chrome/119.0.6045.214 Safari/537.36" "-"
216.73.216.0 - - [31/Mar/2026:00:37:44 +0000] "GET /shop/item/maintaining113325233068?fileloc=%2F%2Fbin%2Fpnmcut&path=%2F%2Fbin HTTP/1.1" 200 12188 kaminibeauty.com "-" "Mozilla/5.0 AppleWebKit/537.36 (KHTML, like Gecko; compatible; ClaudeBot/1.0; +claudebot@anthropic.com)" "-"
66.249.66.0 - - [31/Mar/2026:00:37:46 +0000] "GET /shop/item/feoffed133611983111 HTTP/1.1" 200 73358 kaminibeauty.com "-" "Mozilla/5.0 (Linux; Android 6.0.1; Nexus 5X Build/MMB29P) AppleWebKit/537.36 (KHTML, like Gecko) Chrome/146.0.7680.153 Mobile Safari/537.36 (compatible; Googlebot/2.1; +http://www.google.com/bot.html)" "-"
74.7.242.0 - - [31/Mar/2026:00:37:47 +0000] "GET /?path=//kunden/opt HTTP/1.1" 429 267 kaminibeauty.com "http://kaminibeauty.com/?path=//kunden" "Mozilla/5.0 AppleWebKit/537.36 (KHTML, like Gecko; compatible; GPTBot/1.3; +https://openai.com/gptbot)" "-"
52.4.229.0 - - [31/Mar/2026:00:37:47 +0000] "GET /?fileloc=//kunden/kunden/lib/locale/ky_KG/LC_CTYPE&path=//kunden/kunden/lib/locale/ky_KG HTTP/1.1" 429 267 www.kaminibeauty.com "-" "Mozilla/5.0 AppleWebKit/537.36 (KHTML, like Gecko; compatible; Amazonbot/0.1; +https://developer.amazon.com/support/amazonbot) Chrome/119.0.6045.214 Safari/537.36" "-"
52.167.144.0 - - [31/Mar/2026:00:37:49 +0000] "GET /shop/item/ecteron121624028678 HTTP/1.1" 200 73358 kaminibeauty.com "-" "Mozilla/5.0 AppleWebKit/537.36 (KHTML, like Gecko; compatible; bingbot/2.0; +http://www.bing.com/bingbot.htm) Chrome/116.0.1938.76 Safari/537.36" "-"
216.73.216.0 - - [31/Mar/2026:00:37:49 +0000] "GET /shop/item/transcendentality113853967078?path=%2Fhomepages%2F9%2Fd4297919239 HTTP/1.1" 429 267 kaminibeauty.com "-" "Mozilla/5.0 AppleWebKit/537.36 (KHTML, like Gecko; compatible; ClaudeBot/1.0; +claudebot@anthropic.com)" "-"
