40.77.167.0 - - [31/Mar/2026:00:01:43 +0000] "GET /shop/item/forceful14289717720 HTTP/1.1" 200 73358 kaminibeauty.com "-" "Mozilla/5.0 AppleWebKit/537.36 (KHTML, like Gecko; compatible; bingbot/2.0; +http://www.bing.com/bingbot.htm) Chrome/116.0.1938.76 Safari/537.36" "-"
40.77.167.0 - - [31/Mar/2026:00:01:43 +0000] "GET /shop/item/traditionalist151224797412 HTTP/1.1" 200 73358 kaminibeauty.com "-" "Mozilla/5.0 AppleWebKit/537.36 (KHTML, like Gecko; compatible; bingbot/2.0; +http://www.bing.com/bingbot.htm) Chrome/116.0.1938.76 Safari/537.36" "-"
40.77.167.0 - - [31/Mar/2026:00:01:43 +0000] "GET /shop/item/signatus112620286264 HTTP/1.1" 200 73358 kaminibeauty.com "-" "Mozilla/5.0 AppleWebKit/537.36 (KHTML, like Gecko; compatible; bingbot/2.0; +http://www.bing.com/bingbot.htm) Chrome/116.0.1938.76 Safari/537.36" "-"
40.77.167.0 - - [31/Mar/2026:00:01:44 +0000] "GET /shop/item/landward174069109602 HTTP/1.1" 200 73358 kaminibeauty.com "-" "Mozilla/5.0 AppleWebKit/537.36 (KHTML, like Gecko; compatible; bingbot/2.0; +http://www.bing.com/bingbot.htm) Chrome/116.0.1938.76 Safari/537.36" "-"
40.77.167.0 - - [31/Mar/2026:00:01:44 +0000] "GET /shop/item/chemist113106740056 HTTP/1.1" 200 73358 kaminibeauty.com "-" "Mozilla/5.0 AppleWebKit/537.36 (KHTML, like Gecko; compatible; bingbot/2.0; +http://www.bing.com/bingbot.htm) Chrome/116.0.1938.76 Safari/537.36" "-"
40.77.167.0 - - [31/Mar/2026:00:01:45 +0000] "GET /shop/item/platometer13891749670 HTTP/1.1" 200 73358 kaminibeauty.com "-" "Mozilla/5.0 AppleWebKit/537.36 (KHTML, like Gecko; compatible; bingbot/2.0; +http://www.bing.com/bingbot.htm) Chrome/116.0.1938.76 Safari/537.36" "-"
3.220.148.0 - - [31/Mar/2026:00:01:47 +0000] "GET /wp-login.php?path=//kunden/proc/self/root/homepages/3/d4296824838 HTTP/1.1" 200 20367 kaminibeauty.com "-" "Mozilla/5.0 AppleWebKit/537.36 (KHTML, like Gecko; compatible; Amazonbot/0.1; +https://developer.amazon.com/support/amazonbot) Chrome/119.0.6045.214 Safari/537.36" "-"
54.83.23.0 - - [31/Mar/2026:00:01:51 +0000] "GET /postnews.php?path=/homepages/9/d4298219240/.lnk HTTP/1.1" 200 12763 www.kaminibeauty.com "-" "Mozilla/5.0 AppleWebKit/537.36 (KHTML, like Gecko; compatible; Amazonbot/0.1; +https://developer.amazon.com/support/amazonbot) Chrome/119.0.6045.214 Safari/537.36" "-"
2a03:2880:f800:: - - [31/Mar/2026:00:01:51 +0000] "GET /shop/item/proceeds15658417024?path=/homepages/4/d4297730999/htdocs/wordpress HTTP/1.1" 200 73358 kaminibeauty.com "-" "meta-externalagent/1.1 (+https://developers.facebook.com/docs/sharing/webmasters/crawler)" "-"
74.7.242.0 - - [31/Mar/2026:00:01:52 +0000] "GET /shop/item/epergne12757443967?path=//usr HTTP/1.1" 200 28053 kaminibeauty.com "https://kaminibeauty.com/shop/item/epergne12757443967?path=/" "Mozilla/5.0 AppleWebKit/537.36 (KHTML, like Gecko; compatible; GPTBot/1.3; +https://openai.com/gptbot)" "-"
44.212.131.0 - - [31/Mar/2026:00:01:55 +0000] "GET /wp-login.php?path=//kunden/proc/thread-self/root/kunden/var/cache/man/ro HTTP/1.1" 200 20585 kaminibeauty.com "-" "Mozilla/5.0 AppleWebKit/537.36 (KHTML, like Gecko; compatible; Amazonbot/0.1; +https://developer.amazon.com/support/amazonbot) Chrome/119.0.6045.214 Safari/537.36" "-"
66.249.76.0 - - [31/Mar/2026:00:01:55 +0000] "GET /?fileloc=//kunden/kunden/kunden/kunden/kunden/kunden/proc/thread-self/root/kunden/kunden/kunden/kunden/kunden/kunden/kunden/kunden/kunden/kunden/kunden/kunden/kunden/kunden/kunden/usr/lib/locale/en_AU/LC_TELEPHONE&path=//kunden/kunden/kunden/kunden/kunden/kunden/proc/thread-self/root/kunden/kunden/kunden/kunden/kunden/kunden/kunden/kunden/kunden/kunden/kunden/kunden/kunden/kunden/kunden/usr/lib/locale/en_AU HTTP/1.1" 200 16059 www.kaminibeauty.com "-" "Mozilla/5.0 (Linux; Android 6.0.1; Nexus 5X Build/MMB29P) AppleWebKit/537.36 (KHTML, like Gecko) Chrome/146.0.7680.153 Mobile Safari/537.36 (compatible; Googlebot/2.1; +http://www.google.com/bot.html)" "-"
66.249.76.0 - - [31/Mar/2026:00:01:55 +0000] "GET /?fileloc=/homepages/4/d4297730999/htdocs/wordpress/item.php?shop/item/remitment42303318083 HTTP/1.1" 200 12491 kaminibeauty.com "-" "Mozilla/5.0 (Linux; Android 6.0.1; Nexus 5X Build/MMB29P) AppleWebKit/537.36 (KHTML, like Gecko) Chrome/146.0.7680.153 Mobile Safari/537.36 (compatible; Googlebot/2.1; +http://www.google.com/bot.html)" "-"
66.249.66.0 - - [31/Mar/2026:00:01:56 +0000] "GET /shop/item/beamful151213430959 HTTP/1.1" 200 73358 kaminibeauty.com "-" "Mozilla/5.0 (Linux; Android 6.0.1; Nexus 5X Build/MMB29P) AppleWebKit/537.36 (KHTML, like Gecko) Chrome/146.0.7680.153 Mobile Safari/537.36 (compatible; Googlebot/2.1; +http://www.google.com/bot.html)" "-"
2a03:2880:f800:: - - [31/Mar/2026:00:01:59 +0000] "GET /shop/item/proceeds15658417024?path=/homepages HTTP/1.1" 200 79824 kaminibeauty.com "-" "meta-externalagent/1.1 (+https://developers.facebook.com/docs/sharing/webmasters/crawler)" "-"
3.94.40.0 - - [31/Mar/2026:00:02:00 +0000] "GET /wp-login.php?fileloc=//lib/python3/dist-packages/pip/_internal/req/__pycache__/req_tracker.cpython-39.pyc&path=//lib/python3/dist-packages/pip/_internal/req/__pycache__ HTTP/1.1" 200 12652 kaminibeauty.com "-" "Mozilla/5.0 AppleWebKit/537.36 (KHTML, like Gecko; compatible; Amazonbot/0.1; +https://developer.amazon.com/support/amazonbot) Chrome/119.0.6045.214 Safari/537.36" "-"
40.77.167.0 - - [31/Mar/2026:00:02:02 +0000] "GET /shop/item/sadder161601303624 HTTP/1.1" 200 73358 kaminibeauty.com "-" "Mozilla/5.0 AppleWebKit/537.36 (KHTML, like Gecko; compatible; bingbot/2.0; +http://www.bing.com/bingbot.htm) Chrome/116.0.1938.76 Safari/537.36" "-"
40.77.167.0 - - [31/Mar/2026:00:02:03 +0000] "GET /shop/item/fifed14883335391 HTTP/1.1" 200 73358 kaminibeauty.com "-" "Mozilla/5.0 AppleWebKit/537.36 (KHTML, like Gecko; compatible; bingbot/2.0; +http://www.bing.com/bingbot.htm) Chrome/116.0.1938.76 Safari/537.36" "-"
40.77.167.0 - - [31/Mar/2026:00:02:03 +0000] "GET /shop/item/oryctognostically173107822744 HTTP/1.1" 200 73358 kaminibeauty.com "-" "Mozilla/5.0 AppleWebKit/537.36 (KHTML, like Gecko; compatible; bingbot/2.0; +http://www.bing.com/bingbot.htm) Chrome/116.0.1938.76 Safari/537.36" "-"
40.77.167.0 - - [31/Mar/2026:00:02:04 +0000] "GET /shop/item/impiteous162747677035 HTTP/1.1" 200 73358 kaminibeauty.com "-" "Mozilla/5.0 AppleWebKit/537.36 (KHTML, like Gecko; compatible; bingbot/2.0; +http://www.bing.com/bingbot.htm) Chrome/116.0.1938.76 Safari/537.36" "-"
23.21.179.0 - - [31/Mar/2026:00:02:04 +0000] "GET /wp-admin/js/index.php?fileloc=//lib/locale/it_CH/LC_NUMERIC&path=//lib/locale/it_CH HTTP/1.1" 200 12354 www.kaminibeauty.com "-" "Mozilla/5.0 AppleWebKit/537.36 (KHTML, like Gecko; compatible; Amazonbot/0.1; +https://developer.amazon.com/support/amazonbot) Chrome/119.0.6045.214 Safari/537.36" "-"
40.77.167.0 - - [31/Mar/2026:00:02:04 +0000] "GET /shop/item/doctorally14215579021 HTTP/1.1" 200 73358 kaminibeauty.com "-" "Mozilla/5.0 AppleWebKit/537.36 (KHTML, like Gecko; compatible; bingbot/2.0; +http://www.bing.com/bingbot.htm) Chrome/116.0.1938.76 Safari/537.36" "-"
40.77.167.0 - - [31/Mar/2026:00:02:04 +0000] "GET /shop/item/reducement172303346704 HTTP/1.1" 200 73358 kaminibeauty.com "-" "Mozilla/5.0 AppleWebKit/537.36 (KHTML, like Gecko; compatible; bingbot/2.0; +http://www.bing.com/bingbot.htm) Chrome/116.0.1938.76 Safari/537.36" "-"
40.77.167.0 - - [31/Mar/2026:00:02:05 +0000] "GET /shop/item/deliberate153284105440 HTTP/1.1" 200 73358 kaminibeauty.com "-" "Mozilla/5.0 AppleWebKit/537.36 (KHTML, like Gecko; compatible; bingbot/2.0; +http://www.bing.com/bingbot.htm) Chrome/116.0.1938.76 Safari/537.36" "-"
40.77.167.0 - - [31/Mar/2026:00:02:05 +0000] "GET /shop/item/lassie162526269608 HTTP/1.1" 200 73358 kaminibeauty.com "-" "Mozilla/5.0 AppleWebKit/537.36 (KHTML, like Gecko; compatible; bingbot/2.0; +http://www.bing.com/bingbot.htm) Chrome/116.0.1938.76 Safari/537.36" "-"
40.77.167.0 - - [31/Mar/2026:00:02:06 +0000] "GET /shop/item/clarisonus153881083946 HTTP/1.1" 200 73358 kaminibeauty.com "-" "Mozilla/5.0 AppleWebKit/537.36 (KHTML, like Gecko; compatible; bingbot/2.0; +http://www.bing.com/bingbot.htm) Chrome/116.0.1938.76 Safari/537.36" "-"
2a03:2880:f800:: - - [31/Mar/2026:00:02:06 +0000] "GET /shop/item/proceeds15658417024?path=/homepages/4/d4297730999/htdocs HTTP/1.1" 200 23051 kaminibeauty.com "-" "meta-externalagent/1.1 (+https://developers.facebook.com/docs/sharing/webmasters/crawler)" "-"
40.77.167.0 - - [31/Mar/2026:00:02:06 +0000] "GET /shop/item/bulchin123295047117 HTTP/1.1" 200 73358 kaminibeauty.com "-" "Mozilla/5.0 AppleWebKit/537.36 (KHTML, like Gecko; compatible; bingbot/2.0; +http://www.bing.com/bingbot.htm) Chrome/116.0.1938.76 Safari/537.36" "-"
40.77.167.0 - - [31/Mar/2026:00:02:06 +0000] "GET /shop/item/underpeer161643809384 HTTP/1.1" 200 73358 kaminibeauty.com "-" "Mozilla/5.0 AppleWebKit/537.36 (KHTML, like Gecko; compatible; bingbot/2.0; +http://www.bing.com/bingbot.htm) Chrome/116.0.1938.76 Safari/537.36" "-"
40.77.167.0 - - [31/Mar/2026:00:02:07 +0000] "GET /shop/item/wizard142544004978 HTTP/1.1" 200 73358 kaminibeauty.com "-" "Mozilla/5.0 AppleWebKit/537.36 (KHTML, like Gecko; compatible; bingbot/2.0; +http://www.bing.com/bingbot.htm) Chrome/116.0.1938.76 Safari/537.36" "-"
66.249.76.0 - - [31/Mar/2026:00:02:07 +0000] "GET /?path=//kunden/kunden/kunden/kunden/kunden/kunden/proc/thread-self/root/kunden/kunden/kunden/kunden/kunden/kunden/kunden/kunden/kunden/kunden/kunden/kunden/kunden/kunden/usr/lib/x86_64-linux-gnu/diet HTTP/1.1" 200 17896 www.kaminibeauty.com "-" "Mozilla/5.0 (Linux; Android 6.0.1; Nexus 5X Build/MMB29P) AppleWebKit/537.36 (KHTML, like Gecko) Chrome/146.0.7680.153 Mobile Safari/537.36 (compatible; Googlebot/2.1; +http://www.google.com/bot.html)" "-"
40.77.167.0 - - [31/Mar/2026:00:02:07 +0000] "GET /shop/item/trifallowing1629500975 HTTP/1.1" 200 73358 kaminibeauty.com "-" "Mozilla/5.0 AppleWebKit/537.36 (KHTML, like Gecko; compatible; bingbot/2.0; +http://www.bing.com/bingbot.htm) Chrome/116.0.1938.76 Safari/537.36" "-"
34.231.181.0 - - [31/Mar/2026:00:02:08 +0000] "GET /?fileloc=//kunden/usr/lib/locale/iu_CA/LC_CTYPE&path=//kunden/usr/lib/locale/iu_CA HTTP/1.1" 200 12405 www.kaminibeauty.com "-" "Mozilla/5.0 AppleWebKit/537.36 (KHTML, like Gecko; compatible; Amazonbot/0.1; +https://developer.amazon.com/support/amazonbot) Chrome/119.0.6045.214 Safari/537.36" "-"
40.77.167.0 - - [31/Mar/2026:00:02:08 +0000] "GET /shop/item/chioppine1461722529 HTTP/1.1" 200 73358 kaminibeauty.com "-" "Mozilla/5.0 AppleWebKit/537.36 (KHTML, like Gecko; compatible; bingbot/2.0; +http://www.bing.com/bingbot.htm) Chrome/116.0.1938.76 Safari/537.36" "-"
40.77.167.0 - - [31/Mar/2026:00:02:08 +0000] "GET /shop/item/shadiest152173594335 HTTP/1.1" 200 73358 kaminibeauty.com "-" "Mozilla/5.0 AppleWebKit/537.36 (KHTML, like Gecko; compatible; bingbot/2.0; +http://www.bing.com/bingbot.htm) Chrome/116.0.1938.76 Safari/537.36" "-"
40.77.167.0 - - [31/Mar/2026:00:02:09 +0000] "GET /shop/item/adultery131968233089 HTTP/1.1" 200 73358 kaminibeauty.com "-" "Mozilla/5.0 AppleWebKit/537.36 (KHTML, like Gecko; compatible; bingbot/2.0; +http://www.bing.com/bingbot.htm) Chrome/116.0.1938.76 Safari/537.36" "-"
40.77.167.0 - - [31/Mar/2026:00:02:09 +0000] "GET /shop/item/shoven173159226936 HTTP/1.1" 200 73358 kaminibeauty.com "-" "Mozilla/5.0 AppleWebKit/537.36 (KHTML, like Gecko; compatible; bingbot/2.0; +http://www.bing.com/bingbot.htm) Chrome/116.0.1938.76 Safari/537.36" "-"
40.77.167.0 - - [31/Mar/2026:00:02:09 +0000] "GET /shop/item/reconfirm14872153666 HTTP/1.1" 200 73358 kaminibeauty.com "-" "Mozilla/5.0 AppleWebKit/537.36 (KHTML, like Gecko; compatible; bingbot/2.0; +http://www.bing.com/bingbot.htm) Chrome/116.0.1938.76 Safari/537.36" "-"
44.207.207.0 - - [31/Mar/2026:00:02:12 +0000] "GET /users.php?fileloc=//lib/locale/hy_AM/LC_NUMERIC&path=//lib/locale/hy_AM HTTP/1.1" 200 12349 www.kaminibeauty.com "-" "Mozilla/5.0 AppleWebKit/537.36 (KHTML, like Gecko; compatible; Amazonbot/0.1; +https://developer.amazon.com/support/amazonbot) Chrome/119.0.6045.214 Safari/537.36" "-"
2a03:2880:f800:: - - [31/Mar/2026:00:02:12 +0000] "GET /shop/item/granella15196818364?path=/homepages/4 HTTP/1.1" 200 31313 kaminibeauty.com "-" "meta-externalagent/1.1 (+https://developers.facebook.com/docs/sharing/webmasters/crawler)" "-"
74.7.242.0 - - [31/Mar/2026:00:02:12 +0000] "GET /shop/item/clerkly15884910500?fileloc=//tmp/runlock-ws67134464-ws67134464:afbf45625d09d43e69e70f3378347b700bb4982209523e0084e033db&path=//tmp HTTP/1.1" 200 12268 kaminibeauty.com "https://kaminibeauty.com/shop/item/clerkly15884910500?path=//tmp" "Mozilla/5.0 AppleWebKit/537.36 (KHTML, like Gecko; compatible; GPTBot/1.3; +https://openai.com/gptbot)" "-"
52.71.203.0 - - [31/Mar/2026:00:02:16 +0000] "GET /?fileloc=//lib/aspell/x86_64-linux-gnu/debctrl-filter.la&path=//lib/aspell/x86_64-linux-gnu HTTP/1.1" 200 13304 kaminibeauty.com "-" "Mozilla/5.0 AppleWebKit/537.36 (KHTML, like Gecko; compatible; Amazonbot/0.1; +https://developer.amazon.com/support/amazonbot) Chrome/119.0.6045.214 Safari/537.36" "-"
66.249.76.0 - - [31/Mar/2026:00:02:18 +0000] "GET /?fileloc=/homepages/4/d4297730999/htdocs/wordpress/item.php?shop/item/exampler424143534865 HTTP/1.1" 200 12491 kaminibeauty.com "-" "Mozilla/5.0 (Linux; Android 6.0.1; Nexus 5X Build/MMB29P) AppleWebKit/537.36 (KHTML, like Gecko) Chrome/146.0.7680.153 Mobile Safari/537.36 (compatible; Googlebot/2.1; +http://www.google.com/bot.html)" "-"
2a03:2880:f800:: - - [31/Mar/2026:00:02:19 +0000] "GET /shop/item/lumbering14336154718?path=/homepages/4/d4297730999/htdocs/wordpress/ALFA%20TEAM HTTP/1.1" 200 15989 kaminibeauty.com "-" "meta-externalagent/1.1 (+https://developers.facebook.com/docs/sharing/webmasters/crawler)" "-"
100.29.63.0 - - [31/Mar/2026:00:02:20 +0000] "GET /wp-admin/js/index.php?fileloc=//kunden/bin/pgmcrater&path=//kunden/bin HTTP/1.1" 200 12241 www.kaminibeauty.com "-" "Mozilla/5.0 AppleWebKit/537.36 (KHTML, like Gecko; compatible; Amazonbot/0.1; +https://developer.amazon.com/support/amazonbot) Chrome/119.0.6045.214 Safari/537.36" "-"
40.77.167.0 - - [31/Mar/2026:00:02:20 +0000] "GET /shop/item/numbless163193337112 HTTP/1.1" 200 73358 kaminibeauty.com "-" "Mozilla/5.0 AppleWebKit/537.36 (KHTML, like Gecko; compatible; bingbot/2.0; +http://www.bing.com/bingbot.htm) Chrome/116.0.1938.76 Safari/537.36" "-"
40.77.167.0 - - [31/Mar/2026:00:02:20 +0000] "GET /shop/item/renewal113551274540 HTTP/1.1" 200 73358 kaminibeauty.com "-" "Mozilla/5.0 AppleWebKit/537.36 (KHTML, like Gecko; compatible; bingbot/2.0; +http://www.bing.com/bingbot.htm) Chrome/116.0.1938.76 Safari/537.36" "-"
40.77.167.0 - - [31/Mar/2026:00:02:21 +0000] "GET /shop/item/poulp112867462558 HTTP/1.1" 200 73358 kaminibeauty.com "-" "Mozilla/5.0 AppleWebKit/537.36 (KHTML, like Gecko; compatible; bingbot/2.0; +http://www.bing.com/bingbot.htm) Chrome/116.0.1938.76 Safari/537.36" "-"
40.77.167.0 - - [31/Mar/2026:00:02:21 +0000] "GET /shop/item/nuzzling17275394029 HTTP/1.1" 200 73358 kaminibeauty.com "-" "Mozilla/5.0 AppleWebKit/537.36 (KHTML, like Gecko; compatible; bingbot/2.0; +http://www.bing.com/bingbot.htm) Chrome/116.0.1938.76 Safari/537.36" "-"
40.77.167.0 - - [31/Mar/2026:00:02:22 +0000] "GET /shop/item/nonepiscopal11269875045 HTTP/1.1" 200 73358 kaminibeauty.com "-" "Mozilla/5.0 AppleWebKit/537.36 (KHTML, like Gecko; compatible; bingbot/2.0; +http://www.bing.com/bingbot.htm) Chrome/116.0.1938.76 Safari/537.36" "-"
3.224.215.0 - - [31/Mar/2026:00:02:23 +0000] "GET /wp-admin/js/index.php?fileloc=//kunden/etc/hosts&path=//kunden/etc HTTP/1.1" 200 12442 www.kaminibeauty.com "-" "Mozilla/5.0 AppleWebKit/537.36 (KHTML, like Gecko; compatible; Amazonbot/0.1; +https://developer.amazon.com/support/amazonbot) Chrome/119.0.6045.214 Safari/537.36" "-"
2a03:2880:f800:: - - [31/Mar/2026:00:02:24 +0000] "GET /shop/item/sought152730106050?path=/homepages/4/d4297730999/htdocs/wordpress/ALFA%20TEAM HTTP/1.1" 200 15989 kaminibeauty.com "-" "meta-externalagent/1.1 (+https://developers.facebook.com/docs/sharing/webmasters/crawler)" "-"
74.7.241.0 - - [31/Mar/2026:00:02:25 +0000] "GET /?path=//kunden/kunden/kunden/kunden/kunden/kunden/proc/thread-self/root/kunden/kunden/kunden/kunden/kunden/kunden/kunden/kunden/kunden/kunden/kunden/kunden/kunden/kunden/usr/include/linux/sched HTTP/1.1" 200 18115 www.kaminibeauty.com "http://www.kaminibeauty.com/?path=//kunden/kunden/kunden/kunden/kunden/kunden/proc/thread-self/root/kunden/kunden/kunden/kunden/kunden/kunden/kunden/kunden/kunden/kunden/kunden/kunden/kunden/kunden/usr/include/linux" "Mozilla/5.0 AppleWebKit/537.36 (KHTML, like Gecko; compatible; GPTBot/1.3; +https://openai.com/gptbot)" "-"
52.167.144.0 - - [31/Mar/2026:00:02:25 +0000] "GET /shop/item/corriestep14107797329 HTTP/1.1" 200 73358 kaminibeauty.com "-" "Mozilla/5.0 AppleWebKit/537.36 (KHTML, like Gecko; compatible; bingbot/2.0; +http://www.bing.com/bingbot.htm) Chrome/116.0.1938.76 Safari/537.36" "-"
52.167.144.0 - - [31/Mar/2026:00:02:25 +0000] "GET /shop/item/satyrus161780416571 HTTP/1.1" 200 73358 kaminibeauty.com "-" "Mozilla/5.0 AppleWebKit/537.36 (KHTML, like Gecko; compatible; bingbot/2.0; +http://www.bing.com/bingbot.htm) Chrome/116.0.1938.76 Safari/537.36" "-"
52.167.144.0 - - [31/Mar/2026:00:02:26 +0000] "GET /shop/item/pulmonata133891095619 HTTP/1.1" 200 73358 kaminibeauty.com "-" "Mozilla/5.0 AppleWebKit/537.36 (KHTML, like Gecko; compatible; bingbot/2.0; +http://www.bing.com/bingbot.htm) Chrome/116.0.1938.76 Safari/537.36" "-"
52.167.144.0 - - [31/Mar/2026:00:02:26 +0000] "GET /shop/item/debauch11111337525 HTTP/1.1" 200 73358 kaminibeauty.com "-" "Mozilla/5.0 AppleWebKit/537.36 (KHTML, like Gecko; compatible; bingbot/2.0; +http://www.bing.com/bingbot.htm) Chrome/116.0.1938.76 Safari/537.36" "-"
52.167.144.0 - - [31/Mar/2026:00:02:27 +0000] "GET /shop/item/desman121540610071 HTTP/1.1" 200 73358 kaminibeauty.com "-" "Mozilla/5.0 AppleWebKit/537.36 (KHTML, like Gecko; compatible; bingbot/2.0; +http://www.bing.com/bingbot.htm) Chrome/116.0.1938.76 Safari/537.36" "-"
52.167.144.0 - - [31/Mar/2026:00:02:27 +0000] "GET /shop/item/newmodel163265200264 HTTP/1.1" 200 73358 kaminibeauty.com "-" "Mozilla/5.0 AppleWebKit/537.36 (KHTML, like Gecko; compatible; bingbot/2.0; +http://www.bing.com/bingbot.htm) Chrome/116.0.1938.76 Safari/537.36" "-"
52.167.144.0 - - [31/Mar/2026:00:02:27 +0000] "GET /shop/item/siriasis152040513962 HTTP/1.1" 200 73358 kaminibeauty.com "-" "Mozilla/5.0 AppleWebKit/537.36 (KHTML, like Gecko; compatible; bingbot/2.0; +http://www.bing.com/bingbot.htm) Chrome/116.0.1938.76 Safari/537.36" "-"
52.167.144.0 - - [31/Mar/2026:00:02:28 +0000] "GET /shop/item/extravasation173249357596 HTTP/1.1" 200 73358 kaminibeauty.com "-" "Mozilla/5.0 AppleWebKit/537.36 (KHTML, like Gecko; compatible; bingbot/2.0; +http://www.bing.com/bingbot.htm) Chrome/116.0.1938.76 Safari/537.36" "-"
52.167.144.0 - - [31/Mar/2026:00:02:28 +0000] "GET /shop/item/crura131368366575 HTTP/1.1" 200 73358 kaminibeauty.com "-" "Mozilla/5.0 AppleWebKit/537.36 (KHTML, like Gecko; compatible; bingbot/2.0; +http://www.bing.com/bingbot.htm) Chrome/116.0.1938.76 Safari/537.36" "-"
54.88.84.0 - - [31/Mar/2026:00:02:29 +0000] "GET /wp-login.php?fileloc=//kunden/proc/thread-self/root/kunden/usr/bin/groff&path=//kunden/proc/thread-self/root/kunden/usr/bin HTTP/1.1" 429 267 kaminibeauty.com "-" "Mozilla/5.0 AppleWebKit/537.36 (KHTML, like Gecko; compatible; Amazonbot/0.1; +https://developer.amazon.com/support/amazonbot) Chrome/119.0.6045.214 Safari/537.36" "-"
52.167.144.0 - - [31/Mar/2026:00:02:29 +0000] "GET /shop/item/crossspringer112133111288 HTTP/1.1" 200 73358 kaminibeauty.com "-" "Mozilla/5.0 AppleWebKit/537.36 (KHTML, like Gecko; compatible; bingbot/2.0; +http://www.bing.com/bingbot.htm) Chrome/116.0.1938.76 Safari/537.36" "-"
2a03:2880:f800:: - - [31/Mar/2026:00:02:29 +0000] "GET /shop/item/granella15196818364?path=/homepages/4/d4297730999/htdocs/wordpress HTTP/1.1" 200 73358 kaminibeauty.com "-" "meta-externalagent/1.1 (+https://developers.facebook.com/docs/sharing/webmasters/crawler)" "-"
66.249.66.0 - - [31/Mar/2026:00:02:29 +0000] "GET /shop/item/acanthus12205860326 HTTP/1.1" 200 73358 kaminibeauty.com "-" "Mozilla/5.0 (Linux; Android 6.0.1; Nexus 5X Build/MMB29P) AppleWebKit/537.36 (KHTML, like Gecko) Chrome/146.0.7680.153 Mobile Safari/537.36 (compatible; Googlebot/2.1; +http://www.google.com/bot.html)" "-"
66.249.66.0 - - [31/Mar/2026:00:02:29 +0000] "GET /shop/item/contestation154152556977 HTTP/1.1" 200 73358 kaminibeauty.com "-" "Mozilla/5.0 (Linux; Android 6.0.1; Nexus 5X Build/MMB29P) AppleWebKit/537.36 (KHTML, like Gecko) Chrome/146.0.7680.153 Mobile Safari/537.36 (compatible; Googlebot/2.1; +http://www.google.com/bot.html)" "-"
74.7.242.0 - - [31/Mar/2026:00:02:30 +0000] "GET /shop/item/clerkly15884910500?fileloc=//tmp/runlock-ws67246254-ws67246254:fa74c2c4a60aa00eef07d529b5815d928ae8e82c66db5f89922b24cb&path=//tmp HTTP/1.1" 200 12268 kaminibeauty.com "https://kaminibeauty.com/shop/item/clerkly15884910500?path=//tmp" "Mozilla/5.0 AppleWebKit/537.36 (KHTML, like Gecko; compatible; GPTBot/1.3; +https://openai.com/gptbot)" "-"
3.221.244.0 - - [31/Mar/2026:00:02:31 +0000] "GET /wp-login.php?fileloc=//proc/self/root/kunden/proc/thread-self/cwd/wp-activate.php&path=//proc/self/root/kunden/proc/thread-self/cwd HTTP/1.1" 429 267 kaminibeauty.com "-" "Mozilla/5.0 AppleWebKit/537.36 (KHTML, like Gecko; compatible; Amazonbot/0.1; +https://developer.amazon.com/support/amazonbot) Chrome/119.0.6045.214 Safari/537.36" "-"
66.249.76.0 - - [31/Mar/2026:00:02:31 +0000] "GET /?fileloc=//kunden/kunden/kunden/kunden/kunden/kunden/proc/thread-self/root/kunden/kunden/kunden/kunden/kunden/kunden/kunden/kunden/kunden/kunden/kunden/kunden/kunden/usr/bin/mktemp&path=//kunden/kunden/kunden/kunden/kunden/kunden/proc/thread-self/root/kunden/kunden/kunden/kunden/kunden/kunden/kunden/kunden/kunden/kunden/kunden/kunden/kunden/usr/bin HTTP/1.1" 200 15116 www.kaminibeauty.com "-" "Mozilla/5.0 (Linux; Android 6.0.1; Nexus 5X Build/MMB29P) AppleWebKit/537.36 (KHTML, like Gecko) Chrome/146.0.7680.153 Mobile Safari/537.36 (compatible; Googlebot/2.1; +http://www.google.com/bot.html)" "-"
52.167.144.0 - - [31/Mar/2026:00:02:35 +0000] "GET /shop/item/lutescent141381178028 HTTP/1.1" 200 73358 kaminibeauty.com "-" "Mozilla/5.0 AppleWebKit/537.36 (KHTML, like Gecko; compatible; bingbot/2.0; +http://www.bing.com/bingbot.htm) Chrome/116.0.1938.76 Safari/537.36" "-"
52.167.144.0 - - [31/Mar/2026:00:02:35 +0000] "GET /shop/item/emancipating15901012210 HTTP/1.1" 200 73358 kaminibeauty.com "-" "Mozilla/5.0 AppleWebKit/537.36 (KHTML, like Gecko; compatible; bingbot/2.0; +http://www.bing.com/bingbot.htm) Chrome/116.0.1938.76 Safari/537.36" "-"
2a03:2880:f800:: - - [31/Mar/2026:00:02:35 +0000] "GET /shop/item/granella15196818364?path=/ HTTP/1.1" 200 44505 kaminibeauty.com "-" "meta-externalagent/1.1 (+https://developers.facebook.com/docs/sharing/webmasters/crawler)" "-"
52.167.144.0 - - [31/Mar/2026:00:02:36 +0000] "GET /shop/item/dosados14535963306 HTTP/1.1" 200 73358 kaminibeauty.com "-" "Mozilla/5.0 AppleWebKit/537.36 (KHTML, like Gecko; compatible; bingbot/2.0; +http://www.bing.com/bingbot.htm) Chrome/116.0.1938.76 Safari/537.36" "-"
52.167.144.0 - - [31/Mar/2026:00:02:36 +0000] "GET /shop/item/truncheoner141150342184 HTTP/1.1" 200 73358 kaminibeauty.com "-" "Mozilla/5.0 AppleWebKit/537.36 (KHTML, like Gecko; compatible; bingbot/2.0; +http://www.bing.com/bingbot.htm) Chrome/116.0.1938.76 Safari/537.36" "-"
52.167.144.0 - - [31/Mar/2026:00:02:36 +0000] "GET /shop/item/tingid123456142100 HTTP/1.1" 200 73358 kaminibeauty.com "-" "Mozilla/5.0 AppleWebKit/537.36 (KHTML, like Gecko; compatible; bingbot/2.0; +http://www.bing.com/bingbot.htm) Chrome/116.0.1938.76 Safari/537.36" "-"
52.167.144.0 - - [31/Mar/2026:00:02:37 +0000] "GET /shop/item/disconformity17507579531 HTTP/1.1" 200 73358 kaminibeauty.com "-" "Mozilla/5.0 AppleWebKit/537.36 (KHTML, like Gecko; compatible; bingbot/2.0; +http://www.bing.com/bingbot.htm) Chrome/116.0.1938.76 Safari/537.36" "-"
52.167.144.0 - - [31/Mar/2026:00:02:37 +0000] "GET /shop/item/charlatanic163214545676 HTTP/1.1" 200 73358 kaminibeauty.com "-" "Mozilla/5.0 AppleWebKit/537.36 (KHTML, like Gecko; compatible; bingbot/2.0; +http://www.bing.com/bingbot.htm) Chrome/116.0.1938.76 Safari/537.36" "-"
52.167.144.0 - - [31/Mar/2026:00:02:38 +0000] "GET /shop/item/presentifical172000736966 HTTP/1.1" 200 73358 kaminibeauty.com "-" "Mozilla/5.0 AppleWebKit/537.36 (KHTML, like Gecko; compatible; bingbot/2.0; +http://www.bing.com/bingbot.htm) Chrome/116.0.1938.76 Safari/537.36" "-"
3.232.102.0 - - [31/Mar/2026:00:02:38 +0000] "GET /?fileloc=//lib/php7.4/Mail.php&path=//lib/php7.4 HTTP/1.1" 429 267 kaminibeauty.com "-" "Mozilla/5.0 AppleWebKit/537.36 (KHTML, like Gecko; compatible; Amazonbot/0.1; +https://developer.amazon.com/support/amazonbot) Chrome/119.0.6045.214 Safari/537.36" "-"
52.167.144.0 - - [31/Mar/2026:00:02:38 +0000] "GET /shop/item/getpenny16321019281 HTTP/1.1" 200 73358 kaminibeauty.com "-" "Mozilla/5.0 AppleWebKit/537.36 (KHTML, like Gecko; compatible; bingbot/2.0; +http://www.bing.com/bingbot.htm) Chrome/116.0.1938.76 Safari/537.36" "-"
52.167.144.0 - - [31/Mar/2026:00:02:39 +0000] "GET /shop/item/furfuraceous16832568925 HTTP/1.1" 200 73358 kaminibeauty.com "-" "Mozilla/5.0 AppleWebKit/537.36 (KHTML, like Gecko; compatible; bingbot/2.0; +http://www.bing.com/bingbot.htm) Chrome/116.0.1938.76 Safari/537.36" "-"
34.206.212.0 - - [31/Mar/2026:00:02:39 +0000] "GET /postnews.php?path=/homepages/40/d4297027586/htdocs HTTP/1.1" 200 12771 www.kaminibeauty.com "-" "Mozilla/5.0 AppleWebKit/537.36 (KHTML, like Gecko; compatible; Amazonbot/0.1; +https://developer.amazon.com/support/amazonbot) Chrome/119.0.6045.214 Safari/537.36" "-"
2a03:2880:f800:: - - [31/Mar/2026:00:02:40 +0000] "GET /shop/item/zonotrichia14712146272?path=/homepages/4/d4297730999/htdocs/wordpress/ALFA%20TEAM HTTP/1.1" 200 15989 kaminibeauty.com "-" "meta-externalagent/1.1 (+https://developers.facebook.com/docs/sharing/webmasters/crawler)" "-"
34.205.163.0 - - [31/Mar/2026:00:02:43 +0000] "GET /?path=//kunden/kunden/etc/mysql HTTP/1.1" 429 267 kaminibeauty.com "-" "Mozilla/5.0 AppleWebKit/537.36 (KHTML, like Gecko; compatible; Amazonbot/0.1; +https://developer.amazon.com/support/amazonbot) Chrome/119.0.6045.214 Safari/537.36" "-"
2a03:2880:f800:: - - [31/Mar/2026:00:02:45 +0000] "GET /shop/item/granella15196818364?path=/homepages/4/d4297730999/htdocs HTTP/1.1" 200 23051 kaminibeauty.com "-" "meta-externalagent/1.1 (+https://developers.facebook.com/docs/sharing/webmasters/crawler)" "-"
40.77.167.0 - - [31/Mar/2026:00:02:45 +0000] "GET /shop/item/waterretting171105617015 HTTP/1.1" 200 73358 kaminibeauty.com "-" "Mozilla/5.0 AppleWebKit/537.36 (KHTML, like Gecko; compatible; bingbot/2.0; +http://www.bing.com/bingbot.htm) Chrome/116.0.1938.76 Safari/537.36" "-"
40.77.167.0 - - [31/Mar/2026:00:02:46 +0000] "GET /shop/item/briggs11809083446 HTTP/1.1" 200 73358 kaminibeauty.com "-" "Mozilla/5.0 AppleWebKit/537.36 (KHTML, like Gecko; compatible; bingbot/2.0; +http://www.bing.com/bingbot.htm) Chrome/116.0.1938.76 Safari/537.36" "-"
74.7.242.0 - - [31/Mar/2026:00:02:46 +0000] "GET /shop/item/clerkly15884910500?fileloc=//tmp/runlock-ws67228712-ws67228712:d890fdc32f3a833d9a8e91b3ab5a8c54224c8d0c7ec730e771c6fdd4&path=//tmp HTTP/1.1" 200 12268 kaminibeauty.com "https://kaminibeauty.com/shop/item/clerkly15884910500?path=//tmp" "Mozilla/5.0 AppleWebKit/537.36 (KHTML, like Gecko; compatible; GPTBot/1.3; +https://openai.com/gptbot)" "-"
40.77.167.0 - - [31/Mar/2026:00:02:46 +0000] "GET /shop/item/assamar15261369966 HTTP/1.1" 200 73358 kaminibeauty.com "-" "Mozilla/5.0 AppleWebKit/537.36 (KHTML, like Gecko; compatible; bingbot/2.0; +http://www.bing.com/bingbot.htm) Chrome/116.0.1938.76 Safari/537.36" "-"
40.77.167.0 - - [31/Mar/2026:00:02:47 +0000] "GET /shop/item/peremption16382364270 HTTP/1.1" 200 73358 kaminibeauty.com "-" "Mozilla/5.0 AppleWebKit/537.36 (KHTML, like Gecko; compatible; bingbot/2.0; +http://www.bing.com/bingbot.htm) Chrome/116.0.1938.76 Safari/537.36" "-"
100.27.153.0 - - [31/Mar/2026:00:02:47 +0000] "GET /wp-admin/js/index.php?fileloc=//lib/locale/ur_PK/LC_CTYPE&path=//lib/locale/ur_PK HTTP/1.1" 200 12288 www.kaminibeauty.com "-" "Mozilla/5.0 AppleWebKit/537.36 (KHTML, like Gecko; compatible; Amazonbot/0.1; +https://developer.amazon.com/support/amazonbot) Chrome/119.0.6045.214 Safari/537.36" "-"
40.77.167.0 - - [31/Mar/2026:00:02:47 +0000] "GET /shop/item/siroc12387977211 HTTP/1.1" 200 73358 kaminibeauty.com "-" "Mozilla/5.0 AppleWebKit/537.36 (KHTML, like Gecko; compatible; bingbot/2.0; +http://www.bing.com/bingbot.htm) Chrome/116.0.1938.76 Safari/537.36" "-"
2a03:2880:f800:: - - [31/Mar/2026:00:02:49 +0000] "GET /shop/item/granella15196818364?path=/homepages/4/d4297730999 HTTP/1.1" 200 19739 kaminibeauty.com "-" "meta-externalagent/1.1 (+https://developers.facebook.com/docs/sharing/webmasters/crawler)" "-"
40.77.167.0 - - [31/Mar/2026:00:02:50 +0000] "GET /shop/item/cyanocitta162534157354 HTTP/1.1" 200 73358 kaminibeauty.com "-" "Mozilla/5.0 AppleWebKit/537.36 (KHTML, like Gecko; compatible; bingbot/2.0; +http://www.bing.com/bingbot.htm) Chrome/116.0.1938.76 Safari/537.36" "-"
40.77.167.0 - - [31/Mar/2026:00:02:51 +0000] "GET /shop/item/velox13282817921 HTTP/1.1" 200 73358 kaminibeauty.com "-" "Mozilla/5.0 AppleWebKit/537.36 (KHTML, like Gecko; compatible; bingbot/2.0; +http://www.bing.com/bingbot.htm) Chrome/116.0.1938.76 Safari/537.36" "-"
52.70.209.0 - - [31/Mar/2026:00:02:51 +0000] "GET /?fileloc=//etc/ssl/certs/Buypass_Class_2_Root_CA.pem&path=//etc/ssl/certs HTTP/1.1" 429 267 kaminibeauty.com "-" "Mozilla/5.0 AppleWebKit/537.36 (KHTML, like Gecko; compatible; Amazonbot/0.1; +https://developer.amazon.com/support/amazonbot) Chrome/119.0.6045.214 Safari/537.36" "-"
40.77.167.0 - - [31/Mar/2026:00:02:51 +0000] "GET /shop/item/papyracea161303487251 HTTP/1.1" 200 73358 kaminibeauty.com "-" "Mozilla/5.0 AppleWebKit/537.36 (KHTML, like Gecko; compatible; bingbot/2.0; +http://www.bing.com/bingbot.htm) Chrome/116.0.1938.76 Safari/537.36" "-"
40.77.167.0 - - [31/Mar/2026:00:02:52 +0000] "GET /shop/item/obese111052432919 HTTP/1.1" 200 73358 kaminibeauty.com "-" "Mozilla/5.0 AppleWebKit/537.36 (KHTML, like Gecko; compatible; bingbot/2.0; +http://www.bing.com/bingbot.htm) Chrome/116.0.1938.76 Safari/537.36" "-"
40.77.167.0 - - [31/Mar/2026:00:02:52 +0000] "GET /shop/item/sleeves163467409431 HTTP/1.1" 200 73358 kaminibeauty.com "-" "Mozilla/5.0 AppleWebKit/537.36 (KHTML, like Gecko; compatible; bingbot/2.0; +http://www.bing.com/bingbot.htm) Chrome/116.0.1938.76 Safari/537.36" "-"
66.249.76.0 - - [31/Mar/2026:00:02:53 +0000] "GET /shop/item/overspeak153870463628 HTTP/1.1" 200 73358 kaminibeauty.com "-" "Mozilla/5.0 (Linux; Android 6.0.1; Nexus 5X Build/MMB29P) AppleWebKit/537.36 (KHTML, like Gecko) Chrome/146.0.7680.153 Mobile Safari/537.36 (compatible; Googlebot/2.1; +http://www.google.com/bot.html)" "-"
40.77.167.0 - - [31/Mar/2026:00:02:53 +0000] "GET /shop/item/accompany17528022268 HTTP/1.1" 200 73358 kaminibeauty.com "-" "Mozilla/5.0 AppleWebKit/537.36 (KHTML, like Gecko; compatible; bingbot/2.0; +http://www.bing.com/bingbot.htm) Chrome/116.0.1938.76 Safari/537.36" "-"
40.77.167.0 - - [31/Mar/2026:00:02:53 +0000] "GET /shop/item/ivory162865278830 HTTP/1.1" 200 73358 kaminibeauty.com "-" "Mozilla/5.0 AppleWebKit/537.36 (KHTML, like Gecko; compatible; bingbot/2.0; +http://www.bing.com/bingbot.htm) Chrome/116.0.1938.76 Safari/537.36" "-"
40.77.167.0 - - [31/Mar/2026:00:02:54 +0000] "GET /shop/item/aquarian174105814791 HTTP/1.1" 200 73358 kaminibeauty.com "-" "Mozilla/5.0 AppleWebKit/537.36 (KHTML, like Gecko; compatible; bingbot/2.0; +http://www.bing.com/bingbot.htm) Chrome/116.0.1938.76 Safari/537.36" "-"
2a03:2880:f800:: - - [31/Mar/2026:00:02:54 +0000] "GET /shop/item/misseek161364819026?fileloc=/homepages/4/d4297730999/htdocs/wordpress/b8ccf/index.php&path=/homepages/4/d4297730999/htdocs/wordpress/b8ccf HTTP/1.1" 200 12541 kaminibeauty.com "-" "meta-externalagent/1.1 (+https://developers.facebook.com/docs/sharing/webmasters/crawler)" "-"
40.77.167.0 - - [31/Mar/2026:00:02:54 +0000] "GET /shop/item/soubise123907274403 HTTP/1.1" 200 73358 kaminibeauty.com "-" "Mozilla/5.0 AppleWebKit/537.36 (KHTML, like Gecko; compatible; bingbot/2.0; +http://www.bing.com/bingbot.htm) Chrome/116.0.1938.76 Safari/537.36" "-"
40.77.167.0 - - [31/Mar/2026:00:02:54 +0000] "GET /shop/item/purfling14275153137 HTTP/1.1" 200 73358 kaminibeauty.com "-" "Mozilla/5.0 AppleWebKit/537.36 (KHTML, like Gecko; compatible; bingbot/2.0; +http://www.bing.com/bingbot.htm) Chrome/116.0.1938.76 Safari/537.36" "-"
40.77.167.0 - - [31/Mar/2026:00:02:55 +0000] "GET /shop/item/emptional123662471574 HTTP/1.1" 200 73358 kaminibeauty.com "-" "Mozilla/5.0 AppleWebKit/537.36 (KHTML, like Gecko; compatible; bingbot/2.0; +http://www.bing.com/bingbot.htm) Chrome/116.0.1938.76 Safari/537.36" "-"
40.77.167.0 - - [31/Mar/2026:00:02:55 +0000] "GET /shop/item/extendedly16520167892 HTTP/1.1" 200 73358 kaminibeauty.com "-" "Mozilla/5.0 AppleWebKit/537.36 (KHTML, like Gecko; compatible; bingbot/2.0; +http://www.bing.com/bingbot.htm) Chrome/116.0.1938.76 Safari/537.36" "-"
40.77.167.0 - - [31/Mar/2026:00:02:56 +0000] "GET /shop/item/subchanter121437611095 HTTP/1.1" 200 73358 kaminibeauty.com "-" "Mozilla/5.0 AppleWebKit/537.36 (KHTML, like Gecko; compatible; bingbot/2.0; +http://www.bing.com/bingbot.htm) Chrome/116.0.1938.76 Safari/537.36" "-"
44.215.210.0 - - [31/Mar/2026:00:02:56 +0000] "GET /?fileloc=//kunden/usr/lib/locale/shs_CA/LC_TIME&path=//kunden/usr/lib/locale/shs_CA HTTP/1.1" 200 12407 www.kaminibeauty.com "-" "Mozilla/5.0 AppleWebKit/537.36 (KHTML, like Gecko; compatible; Amazonbot/0.1; +https://developer.amazon.com/support/amazonbot) Chrome/119.0.6045.214 Safari/537.36" "-"
2a03:2880:f800:: - - [31/Mar/2026:00:02:58 +0000] "GET /shop/item/aligned16403021627?fileloc=/homepages/4/d4297730999/htdocs/wordpress/d72d6/index.php&path=/homepages/4/d4297730999/htdocs/wordpress/d72d6 HTTP/1.1" 429 267 kaminibeauty.com "-" "meta-externalagent/1.1 (+https://developers.facebook.com/docs/sharing/webmasters/crawler)" "-"
74.7.242.0 - - [31/Mar/2026:00:03:00 +0000] "GET /shop/item/clerkly15884910500?fileloc=//tmp/runlock-ws67387798-ws67387798:f4227c33295429c2f76b2e7df5eb28ee9b71f928a783d769b0c9d3cb&path=//tmp HTTP/1.1" 200 12268 kaminibeauty.com "https://kaminibeauty.com/shop/item/clerkly15884910500?path=//tmp" "Mozilla/5.0 AppleWebKit/537.36 (KHTML, like Gecko; compatible; GPTBot/1.3; +https://openai.com/gptbot)" "-"
2a03:2880:f800:: - - [31/Mar/2026:00:03:01 +0000] "GET /shop/item/misseek161364819026?fileloc=/homepages/4/d4297730999/htdocs/wordpress/.opcache/.htaccess&path=/homepages/4/d4297730999/htdocs/wordpress/.opcache HTTP/1.1" 429 267 kaminibeauty.com "-" "meta-externalagent/1.1 (+https://developers.facebook.com/docs/sharing/webmasters/crawler)" "-"
52.167.144.0 - - [31/Mar/2026:00:03:01 +0000] "GET /pw/?path=//etc/libpaper.d HTTP/1.1" 200 12653 www.kaminibeauty.com "-" "Mozilla/5.0 AppleWebKit/537.36 (KHTML, like Gecko; compatible; bingbot/2.0; +http://www.bing.com/bingbot.htm) Chrome/116.0.1938.76 Safari/537.36" "-"
74.7.241.0 - - [31/Mar/2026:00:03:02 +0000] "GET /?fileloc=//kunden/kunden/kunden/kunden/kunden/kunden/proc/thread-self/root/kunden/kunden/kunden/kunden/kunden/kunden/kunden/kunden/kunden/kunden/kunden/kunden/kunden/kunden/kunden/lib/cgi-bin/redirect.cgi&path=//kunden/kunden/kunden/kunden/kunden/kunden/proc/thread-self/root/kunden/kunden/kunden/kunden/kunden/kunden/kunden/kunden/kunden/kunden/kunden/kunden/kunden/kunden/kunden/lib/cgi-bin HTTP/1.1" 200 15565 www.kaminibeauty.com "http://www.kaminibeauty.com/?path=//kunden/kunden/kunden/kunden/kunden/kunden/proc/thread-self/root/kunden/kunden/kunden/kunden/kunden/kunden/kunden/kunden/kunden/kunden/kunden/kunden/kunden/kunden/kunden/lib/cgi-bin" "Mozilla/5.0 AppleWebKit/537.36 (KHTML, like Gecko; compatible; GPTBot/1.3; +https://openai.com/gptbot)" "-"
2a03:2880:f800:: - - [31/Mar/2026:00:03:02 +0000] "GET /shop/item/aligned16403021627?path=/homepages/4/d4297730999/htdocs/wordpress/wp-admin/includes HTTP/1.1" 429 267 kaminibeauty.com "-" "meta-externalagent/1.1 (+https://developers.facebook.com/docs/sharing/webmasters/crawler)" "-"
52.204.174.0 - - [31/Mar/2026:00:03:03 +0000] "GET /?fileloc=//kunden/kunden/lib/locale/ks_IN@devanagari/LC_MEASUREMENT&path=//kunden/kunden/lib/locale/ks_IN@devanagari HTTP/1.1" 200 12485 www.kaminibeauty.com "-" "Mozilla/5.0 AppleWebKit/537.36 (KHTML, like Gecko; compatible; Amazonbot/0.1; +https://developer.amazon.com/support/amazonbot) Chrome/119.0.6045.214 Safari/537.36" "-"
142.44.220.0 - - [31/Mar/2026:00:03:03 +0000] "GET /robots.txt HTTP/1.1" 200 382 www.kaminibeauty.com "-" "Mozilla/5.0 (compatible; AhrefsBot/7.0; +http://ahrefs.com/robot/)" "-"
54.92.171.0 - - [31/Mar/2026:00:03:03 +0000] "GET /?path=//proc/self/root/lib/locale/an_ES.utf8 HTTP/1.1" 200 31024 www.kaminibeauty.com "-" "Mozilla/5.0 AppleWebKit/537.36 (KHTML, like Gecko; compatible; Amazonbot/0.1; +https://developer.amazon.com/support/amazonbot) Chrome/119.0.6045.214 Safari/537.36" "-"
40.77.167.0 - - [31/Mar/2026:00:03:03 +0000] "GET /shop/item/acceptilation112324413658 HTTP/1.1" 200 73358 kaminibeauty.com "-" "Mozilla/5.0 AppleWebKit/537.36 (KHTML, like Gecko; compatible; bingbot/2.0; +http://www.bing.com/bingbot.htm) Chrome/116.0.1938.76 Safari/537.36" "-"
40.77.167.0 - - [31/Mar/2026:00:03:04 +0000] "GET /shop/item/yttria162590034908 HTTP/1.1" 200 73358 kaminibeauty.com "-" "Mozilla/5.0 AppleWebKit/537.36 (KHTML, like Gecko; compatible; bingbot/2.0; +http://www.bing.com/bingbot.htm) Chrome/116.0.1938.76 Safari/537.36" "-"
40.77.167.0 - - [31/Mar/2026:00:03:04 +0000] "GET /shop/item/paraphrast123263704136 HTTP/1.1" 200 73358 kaminibeauty.com "-" "Mozilla/5.0 AppleWebKit/537.36 (KHTML, like Gecko; compatible; bingbot/2.0; +http://www.bing.com/bingbot.htm) Chrome/116.0.1938.76 Safari/537.36" "-"
51.89.129.0 - - [31/Mar/2026:00:03:04 +0000] "GET / HTTP/1.1" 200 73358 www.kaminibeauty.com "-" "Mozilla/5.0 (compatible; AhrefsBot/7.0; +http://ahrefs.com/robot/)" "-"
40.77.167.0 - - [31/Mar/2026:00:03:05 +0000] "GET /shop/item/thyro15499935079 HTTP/1.1" 200 73358 kaminibeauty.com "-" "Mozilla/5.0 AppleWebKit/537.36 (KHTML, like Gecko; compatible; bingbot/2.0; +http://www.bing.com/bingbot.htm) Chrome/116.0.1938.76 Safari/537.36" "-"
40.77.167.0 - - [31/Mar/2026:00:03:05 +0000] "GET /shop/item/postfacto121983313322 HTTP/1.1" 200 73358 kaminibeauty.com "-" "Mozilla/5.0 AppleWebKit/537.36 (KHTML, like Gecko; compatible; bingbot/2.0; +http://www.bing.com/bingbot.htm) Chrome/116.0.1938.76 Safari/537.36" "-"
40.77.167.0 - - [31/Mar/2026:00:03:05 +0000] "GET /shop/item/climatizing112545407539 HTTP/1.1" 200 73358 kaminibeauty.com "-" "Mozilla/5.0 AppleWebKit/537.36 (KHTML, like Gecko; compatible; bingbot/2.0; +http://www.bing.com/bingbot.htm) Chrome/116.0.1938.76 Safari/537.36" "-"
40.77.167.0 - - [31/Mar/2026:00:03:06 +0000] "GET /shop/item/muriform161213877727 HTTP/1.1" 200 73358 kaminibeauty.com "-" "Mozilla/5.0 AppleWebKit/537.36 (KHTML, like Gecko; compatible; bingbot/2.0; +http://www.bing.com/bingbot.htm) Chrome/116.0.1938.76 Safari/537.36" "-"
2a03:2880:f800:: - - [31/Mar/2026:00:03:06 +0000] "GET /shop/item/illwill161967701373?path=/homepages/4/d4297730999/htdocs/wordpress/ALFA%20TEAM HTTP/1.1" 429 267 kaminibeauty.com "-" "meta-externalagent/1.1 (+https://developers.facebook.com/docs/sharing/webmasters/crawler)" "-"
18.209.137.0 - - [31/Mar/2026:00:03:08 +0000] "GET /wp-admin/js/index.php?fileloc=//lib/locale/lg_UG.utf8/LC_CTYPE&path=//lib/locale/lg_UG.utf8 HTTP/1.1" 200 12303 www.kaminibeauty.com "-" "Mozilla/5.0 AppleWebKit/537.36 (KHTML, like Gecko; compatible; Amazonbot/0.1; +https://developer.amazon.com/support/amazonbot) Chrome/119.0.6045.214 Safari/537.36" "-"
2a03:2880:f800:: - - [31/Mar/2026:00:03:08 +0000] "GET /shop/item/diverted173121019112?path=/homepages/4/d4297730999/htdocs/wordpress/ALFA%20TEAM HTTP/1.1" 429 267 kaminibeauty.com "-" "meta-externalagent/1.1 (+https://developers.facebook.com/docs/sharing/webmasters/crawler)" "-"
2a03:2880:f800:: - - [31/Mar/2026:00:03:09 +0000] "GET /shop/item/aligned16403021627?fileloc=/homepages/4/d4297730999/htdocs/wordpress/wp-admin/admin-footer.php&path=/homepages/4/d4297730999/htdocs/wordpress/wp-admin HTTP/1.1" 429 267 kaminibeauty.com "-" "meta-externalagent/1.1 (+https://developers.facebook.com/docs/sharing/webmasters/crawler)" "-"
145.239.89.0 - - [31/Mar/2026:00:03:09 +0000] "GET /?fileloc=/homepages/4/d4297730999/htdocs/wordpress/wp-admin/js/widgets.js&path=/homepages/4/d4297730999/htdocs/wordpress/wp-admin/js HTTP/1.1" 200 35990 kaminibeauty.com "-" "Mozilla/5.0 (Windows NT 10.0; Win64; x64) AppleWebKit/537.36 (KHTML, like Gecko) Chrome/139.0.0.0 Safari/537.36" "-"
40.77.167.0 - - [31/Mar/2026:00:03:10 +0000] "GET /shop/item/garble12617542437 HTTP/1.1" 200 73358 kaminibeauty.com "-" "Mozilla/5.0 AppleWebKit/537.36 (KHTML, like Gecko; compatible; bingbot/2.0; +http://www.bing.com/bingbot.htm) Chrome/116.0.1938.76 Safari/537.36" "-"
2001:41d0:400:: - - [31/Mar/2026:00:03:11 +0000] "GET /?fileloc=/homepages/4/d4297730999/htdocs/wordpress/wp-admin/js/inline-edit-tax.min.js&path=/homepages/4/d4297730999/htdocs/wordpress/wp-admin/js HTTP/1.1" 200 16573 kaminibeauty.com "-" "Mozilla/5.0 (Windows NT 10.0; Win64; x64) AppleWebKit/537.36 (KHTML, like Gecko) Chrome/139.0.0.0 Safari/537.36" "-"
40.77.167.0 - - [31/Mar/2026:00:03:11 +0000] "GET /shop/item/resolutely162430029932 HTTP/1.1" 200 73358 kaminibeauty.com "-" "Mozilla/5.0 AppleWebKit/537.36 (KHTML, like Gecko; compatible; bingbot/2.0; +http://www.bing.com/bingbot.htm) Chrome/116.0.1938.76 Safari/537.36" "-"
40.77.167.0 - - [31/Mar/2026:00:03:11 +0000] "GET /shop/item/bilabial153072635802 HTTP/1.1" 200 73358 kaminibeauty.com "-" "Mozilla/5.0 AppleWebKit/537.36 (KHTML, like Gecko; compatible; bingbot/2.0; +http://www.bing.com/bingbot.htm) Chrome/116.0.1938.76 Safari/537.36" "-"
40.77.167.0 - - [31/Mar/2026:00:03:12 +0000] "GET /shop/item/microtasimeter1545206913 HTTP/1.1" 200 73358 kaminibeauty.com "-" "Mozilla/5.0 AppleWebKit/537.36 (KHTML, like Gecko; compatible; bingbot/2.0; +http://www.bing.com/bingbot.htm) Chrome/116.0.1938.76 Safari/537.36" "-"
40.77.167.0 - - [31/Mar/2026:00:03:12 +0000] "GET /shop/item/burglarproof153232979496 HTTP/1.1" 200 73358 kaminibeauty.com "-" "Mozilla/5.0 AppleWebKit/537.36 (KHTML, like Gecko; compatible; bingbot/2.0; +http://www.bing.com/bingbot.htm) Chrome/116.0.1938.76 Safari/537.36" "-"
40.77.167.0 - - [31/Mar/2026:00:03:12 +0000] "GET /shop/item/maori153774627973 HTTP/1.1" 200 73358 kaminibeauty.com "-" "Mozilla/5.0 AppleWebKit/537.36 (KHTML, like Gecko; compatible; bingbot/2.0; +http://www.bing.com/bingbot.htm) Chrome/116.0.1938.76 Safari/537.36" "-"
3.212.205.0 - - [31/Mar/2026:00:03:13 +0000] "GET /?fileloc=//lib/python3/dist-packages/mercurial/interfaces/__init__.py&path=//lib/python3/dist-packages/mercurial/interfaces HTTP/1.1" 200 12488 www.kaminibeauty.com "-" "Mozilla/5.0 AppleWebKit/537.36 (KHTML, like Gecko; compatible; Amazonbot/0.1; +https://developer.amazon.com/support/amazonbot) Chrome/119.0.6045.214 Safari/537.36" "-"
40.77.167.0 - - [31/Mar/2026:00:03:13 +0000] "GET /shop/item/viminaria15275031425 HTTP/1.1" 200 73358 kaminibeauty.com "-" "Mozilla/5.0 AppleWebKit/537.36 (KHTML, like Gecko; compatible; bingbot/2.0; +http://www.bing.com/bingbot.htm) Chrome/116.0.1938.76 Safari/537.36" "-"
40.77.167.0 - - [31/Mar/2026:00:03:13 +0000] "GET /shop/item/checkered161627946470 HTTP/1.1" 200 73358 kaminibeauty.com "-" "Mozilla/5.0 AppleWebKit/537.36 (KHTML, like Gecko; compatible; bingbot/2.0; +http://www.bing.com/bingbot.htm) Chrome/116.0.1938.76 Safari/537.36" "-"
74.7.242.0 - - [31/Mar/2026:00:03:13 +0000] "GET /shop/item/clerkly15884910500?fileloc=//tmp/runlock-ws67361661-ws67361661:4ee47275a6825d8789babb0f40a0877692fd6aae9ba94d0c9c1c59f3&path=//tmp HTTP/1.1" 200 12268 kaminibeauty.com "https://kaminibeauty.com/shop/item/clerkly15884910500?path=//tmp" "Mozilla/5.0 AppleWebKit/537.36 (KHTML, like Gecko; compatible; GPTBot/1.3; +https://openai.com/gptbot)" "-"
40.77.167.0 - - [31/Mar/2026:00:03:14 +0000] "GET /shop/item/magnesia142552478839 HTTP/1.1" 200 73358 kaminibeauty.com "-" "Mozilla/5.0 AppleWebKit/537.36 (KHTML, like Gecko; compatible; bingbot/2.0; +http://www.bing.com/bingbot.htm) Chrome/116.0.1938.76 Safari/537.36" "-"
2a03:2880:f800:: - - [31/Mar/2026:00:03:14 +0000] "GET /shop/item/aligned16403021627?fileloc=/homepages/4/d4297730999/htdocs/wordpress/wp-admin/custom-background.php&path=/homepages/4/d4297730999/htdocs/wordpress/wp-admin HTTP/1.1" 429 267 kaminibeauty.com "-" "meta-externalagent/1.1 (+https://developers.facebook.com/docs/sharing/webmasters/crawler)" "-"
40.77.167.0 - - [31/Mar/2026:00:03:14 +0000] "GET /shop/item/undersaturated151421723776 HTTP/1.1" 200 73358 kaminibeauty.com "-" "Mozilla/5.0 AppleWebKit/537.36 (KHTML, like Gecko; compatible; bingbot/2.0; +http://www.bing.com/bingbot.htm) Chrome/116.0.1938.76 Safari/537.36" "-"
2a03:2880:f800:: - - [31/Mar/2026:00:03:16 +0000] "GET /shop/item/aligned16403021627?fileloc=/homepages/4/d4297730999/htdocs/wordpress/wp-admin/erase-personal-data.php&path=/homepages/4/d4297730999/htdocs/wordpress/wp-admin HTTP/1.1" 429 267 kaminibeauty.com "-" "meta-externalagent/1.1 (+https://developers.facebook.com/docs/sharing/webmasters/crawler)" "-"
66.249.76.0 - - [31/Mar/2026:00:03:16 +0000] "GET /shop/item/palpable151836025290 HTTP/1.1" 200 73358 kaminibeauty.com "-" "Mozilla/5.0 (Linux; Android 6.0.1; Nexus 5X Build/MMB29P) AppleWebKit/537.36 (KHTML, like Gecko) Chrome/146.0.7680.153 Mobile Safari/537.36 (compatible; Googlebot/2.1; +http://www.google.com/bot.html)" "-"
52.3.156.0 - - [31/Mar/2026:00:03:17 +0000] "GET /?fileloc=//lib/python3/dist-packages/hgext/convert/filemap.py&path=//lib/python3/dist-packages/hgext/convert HTTP/1.1" 200 30710 www.kaminibeauty.com "-" "Mozilla/5.0 AppleWebKit/537.36 (KHTML, like Gecko; compatible; Amazonbot/0.1; +https://developer.amazon.com/support/amazonbot) Chrome/119.0.6045.214 Safari/537.36" "-"
98.71.65.0 - - [31/Mar/2026:00:03:18 +0000] "GET /wp-content/plugins/hellopress/wp_filemanager.php HTTP/1.1" 200 73358 www.kaminibeauty.com "-" "-" "-"
98.71.65.0 - - [31/Mar/2026:00:03:18 +0000] "GET /sw.php HTTP/1.1" 403 239 www.kaminibeauty.com "-" "-" "-"
98.71.65.0 - - [31/Mar/2026:00:03:18 +0000] "GET /fsgdjkl.php HTTP/1.1" 403 239 www.kaminibeauty.com "-" "-" "-"
98.71.65.0 - - [31/Mar/2026:00:03:18 +0000] "GET /ahutr.php HTTP/1.1" 403 239 www.kaminibeauty.com "-" "-" "-"
98.71.65.0 - - [31/Mar/2026:00:03:19 +0000] "GET /byrgo.php HTTP/1.1" 403 239 www.kaminibeauty.com "-" "-" "-"
98.71.65.0 - - [31/Mar/2026:00:03:19 +0000] "GET /abouta.php HTTP/1.1" 403 239 www.kaminibeauty.com "-" "-" "-"
98.71.65.0 - - [31/Mar/2026:00:03:19 +0000] "GET /zfe.php HTTP/1.1" 403 239 www.kaminibeauty.com "-" "-" "-"
98.71.65.0 - - [31/Mar/2026:00:03:19 +0000] "GET /by.php HTTP/1.1" 403 239 www.kaminibeauty.com "-" "-" "-"
98.71.65.0 - - [31/Mar/2026:00:03:19 +0000] "GET /Cap.php HTTP/1.1" 403 239 www.kaminibeauty.com "-" "-" "-"
98.71.65.0 - - [31/Mar/2026:00:03:19 +0000] "GET /wp-asudo.php HTTP/1.1" 403 239 www.kaminibeauty.com "-" "-" "-"
98.71.65.0 - - [31/Mar/2026:00:03:19 +0000] "GET /wp-temp.php HTTP/1.1" 403 239 www.kaminibeauty.com "-" "-" "-"
98.71.65.0 - - [31/Mar/2026:00:03:19 +0000] "GET /wp-moonka.php HTTP/1.1" 403 239 www.kaminibeauty.com "-" "-" "-"
98.71.65.0 - - [31/Mar/2026:00:03:19 +0000] "GET /CDX2.php HTTP/1.1" 403 239 www.kaminibeauty.com "-" "-" "-"
98.71.65.0 - - [31/Mar/2026:00:03:19 +0000] "GET /CDX1.php HTTP/1.1" 403 239 www.kaminibeauty.com "-" "-" "-"
98.71.65.0 - - [31/Mar/2026:00:03:19 +0000] "GET /000.php HTTP/1.1" 403 239 www.kaminibeauty.com "-" "-" "-"
52.45.15.0 - - [31/Mar/2026:00:03:19 +0000] "GET /postnews.php?path=//homepages/22/d4298115806/htdocs HTTP/1.1" 200 12775 www.kaminibeauty.com "-" "Mozilla/5.0 AppleWebKit/537.36 (KHTML, like Gecko; compatible; Amazonbot/0.1; +https://developer.amazon.com/support/amazonbot) Chrome/119.0.6045.214 Safari/537.36" "-"
98.71.65.0 - - [31/Mar/2026:00:03:20 +0000] "GET /zlnckdxn.php HTTP/1.1" 403 239 www.kaminibeauty.com "-" "-" "-"
98.71.65.0 - - [31/Mar/2026:00:03:20 +0000] "GET /wp-thi.php HTTP/1.1" 403 239 www.kaminibeauty.com "-" "-" "-"
98.71.65.0 - - [31/Mar/2026:00:03:20 +0000] "GET /press.php HTTP/1.1" 403 239 www.kaminibeauty.com "-" "-" "-"
98.71.65.0 - - [31/Mar/2026:00:03:20 +0000] "GET /aa.php HTTP/1.1" 403 239 www.kaminibeauty.com "-" "-" "-"
98.71.65.0 - - [31/Mar/2026:00:03:20 +0000] "GET /Geforce.php HTTP/1.1" 403 239 www.kaminibeauty.com "-" "-" "-"
98.71.65.0 - - [31/Mar/2026:00:03:20 +0000] "GET /jlex.php HTTP/1.1" 403 239 www.kaminibeauty.com "-" "-" "-"
98.71.65.0 - - [31/Mar/2026:00:03:20 +0000] "GET /dichku.php HTTP/1.1" 403 239 www.kaminibeauty.com "-" "-" "-"
98.71.65.0 - - [31/Mar/2026:00:03:20 +0000] "GET /t00l.php HTTP/1.1" 403 239 www.kaminibeauty.com "-" "-" "-"
98.71.65.0 - - [31/Mar/2026:00:03:20 +0000] "GET /vvedr.php HTTP/1.1" 403 239 www.kaminibeauty.com "-" "-" "-"
98.71.65.0 - - [31/Mar/2026:00:03:20 +0000] "GET /2.php HTTP/1.1" 403 239 www.kaminibeauty.com "-" "-" "-"
98.71.65.0 - - [31/Mar/2026:00:03:20 +0000] "GET /gptsh.php HTTP/1.1" 403 239 www.kaminibeauty.com "-" "-" "-"
98.71.65.0 - - [31/Mar/2026:00:03:20 +0000] "GET /albin.php HTTP/1.1" 403 239 www.kaminibeauty.com "-" "-" "-"
98.71.65.0 - - [31/Mar/2026:00:03:20 +0000] "GET /htto.php HTTP/1.1" 403 239 www.kaminibeauty.com "-" "-" "-"
98.71.65.0 - - [31/Mar/2026:00:03:20 +0000] "GET /xhejulap.php HTTP/1.1" 403 239 www.kaminibeauty.com "-" "-" "-"
98.71.65.0 - - [31/Mar/2026:00:03:20 +0000] "GET /66.php HTTP/1.1" 403 239 www.kaminibeauty.com "-" "-" "-"
